{"id":8706,"date":"2021-05-18T18:23:32","date_gmt":"2021-05-18T18:23:32","guid":{"rendered":"https:\/\/amedis.es\/tienda\/?post_type=product&#038;p=8706"},"modified":"2025-04-11T20:01:09","modified_gmt":"2025-04-11T20:01:09","slug":"relyx-unicem-aplicap-50-capsulas","status":"publish","type":"product","link":"https:\/\/amedis.es\/tienda\/producto\/relyx-unicem-aplicap-50-capsulas\/","title":{"rendered":"RELYX UNICEM APLICAP 50 CAPSULAS"},"content":{"rendered":"<p>Relyx unicem aplicap. Cemento universal auto adhesivo. El Cemento RelyX Unicem es fuerte vers\u00e1til f\u00e1cil de usar y ha prove\u00eddo exitosos estudios cl\u00ednicos gan\u00e1ndose la distinci\u00f3n de ser el \u00fanico producto que usted necesita para pr\u00e1cticamente todas sus necesidades de cementaci\u00f3n. Dise\u00f1ado para pr\u00e1cticamente todas las aplicaciones de cemento eliminando la necesidad de almacenar diferentes tipos de cementos en su consultorio Especialmente formulado para ser auto adherente y tolerante a la humedad eliminando la necesidad de grabar acondicionar y aplicar adhesivo para ahorrar tiempo y disminuir de manera considerable la posibilidad de sensibilidad post operatoria en los pacientes C\u00e1psulas unid\u00f3sis que proveen de una mezcla f\u00e1cil y reproducible con un dispensado directo en la restauraci\u00f3n.<\/p>\n","protected":false},"excerpt":{"rendered":"<p>CONTENIDO: 50 c\u00e1psulas<\/p>\n","protected":false},"featured_media":8711,"template":"","meta":[],"pwb-brand":[2358],"product_brand":[],"product_cat":[56,70],"product_tag":[],"class_list":{"0":"post-8706","1":"product","2":"type-product","3":"status-publish","4":"has-post-thumbnail","6":"pwb-brand-solventum-3m","7":"product_cat-cementos","8":"product_cat-cementos-definitivos-de-resina","10":"first","11":"instock","12":"sale","13":"taxable","14":"shipping-taxable","15":"purchasable","16":"product-type-variable"},"yoast_head":"<!-- This site is optimized with the Yoast SEO plugin v27.4 - https:\/\/yoast.com\/product\/yoast-seo-wordpress\/ -->\n<title>RELYX UNICEM APLICAP 50 CAPSULAS | Amedis | 3M<\/title>\n<meta name=\"description\" content=\"Relyx unicem aplicap. Cemento universal auto adhesivo. El Cemento RelyX Unicem es fuerte vers\u00e1til f\u00e1cil de usar y ha prove\u00eddo exitosos\" \/>\n<meta name=\"robots\" content=\"index, follow, max-snippet:-1, max-image-preview:large, max-video-preview:-1\" \/>\n<link rel=\"canonical\" href=\"https:\/\/amedis.es\/tienda\/producto\/relyx-unicem-aplicap-50-capsulas\/\" \/>\n<meta property=\"og:locale\" content=\"es_ES\" \/>\n<meta property=\"og:type\" content=\"article\" \/>\n<meta property=\"og:title\" content=\"RELYX UNICEM APLICAP 50 CAPSULAS | Amedis | 3M\" \/>\n<meta property=\"og:description\" content=\"Relyx unicem aplicap. Cemento universal auto adhesivo. El Cemento RelyX Unicem es fuerte vers\u00e1til f\u00e1cil de usar y ha prove\u00eddo exitosos\" \/>\n<meta property=\"og:url\" content=\"https:\/\/amedis.es\/tienda\/producto\/relyx-unicem-aplicap-50-capsulas\/\" \/>\n<meta property=\"og:site_name\" content=\"Amedis\" \/>\n<meta property=\"article:modified_time\" content=\"2025-04-11T20:01:09+00:00\" \/>\n<meta property=\"og:image\" content=\"https:\/\/amedis.es\/tienda\/wp-content\/uploads\/2021\/05\/RELYX-UNICEM-APLICAP-50-CAPSULAS.jpg\" \/>\n\t<meta property=\"og:image:width\" content=\"600\" \/>\n\t<meta property=\"og:image:height\" content=\"600\" \/>\n\t<meta property=\"og:image:type\" content=\"image\/jpeg\" \/>\n<meta name=\"twitter:card\" content=\"summary_large_image\" \/>\n<meta name=\"twitter:label1\" content=\"Tiempo de lectura\" \/>\n\t<meta name=\"twitter:data1\" content=\"1 minuto\" \/>\n<script type=\"application\/ld+json\" class=\"yoast-schema-graph\">{\"@context\":\"https:\\\/\\\/schema.org\",\"@graph\":[{\"@type\":\"WebPage\",\"@id\":\"https:\\\/\\\/amedis.es\\\/tienda\\\/producto\\\/relyx-unicem-aplicap-50-capsulas\\\/\",\"url\":\"https:\\\/\\\/amedis.es\\\/tienda\\\/producto\\\/relyx-unicem-aplicap-50-capsulas\\\/\",\"name\":\"RELYX UNICEM APLICAP 50 CAPSULAS | Amedis | 3M\",\"isPartOf\":{\"@id\":\"https:\\\/\\\/amedis.es\\\/tienda\\\/#website\"},\"primaryImageOfPage\":{\"@id\":\"https:\\\/\\\/amedis.es\\\/tienda\\\/producto\\\/relyx-unicem-aplicap-50-capsulas\\\/#primaryimage\"},\"image\":{\"@id\":\"https:\\\/\\\/amedis.es\\\/tienda\\\/producto\\\/relyx-unicem-aplicap-50-capsulas\\\/#primaryimage\"},\"thumbnailUrl\":\"https:\\\/\\\/amedis.es\\\/tienda\\\/wp-content\\\/uploads\\\/2021\\\/05\\\/RELYX-UNICEM-APLICAP-50-CAPSULAS.jpg\",\"datePublished\":\"2021-05-18T18:23:32+00:00\",\"dateModified\":\"2025-04-11T20:01:09+00:00\",\"description\":\"Relyx unicem aplicap. Cemento universal auto adhesivo. El Cemento RelyX Unicem es fuerte vers\u00e1til f\u00e1cil de usar y ha prove\u00eddo exitosos\",\"breadcrumb\":{\"@id\":\"https:\\\/\\\/amedis.es\\\/tienda\\\/producto\\\/relyx-unicem-aplicap-50-capsulas\\\/#breadcrumb\"},\"inLanguage\":\"es\",\"potentialAction\":[{\"@type\":\"ReadAction\",\"target\":[\"https:\\\/\\\/amedis.es\\\/tienda\\\/producto\\\/relyx-unicem-aplicap-50-capsulas\\\/\"]}]},{\"@type\":\"ImageObject\",\"inLanguage\":\"es\",\"@id\":\"https:\\\/\\\/amedis.es\\\/tienda\\\/producto\\\/relyx-unicem-aplicap-50-capsulas\\\/#primaryimage\",\"url\":\"https:\\\/\\\/amedis.es\\\/tienda\\\/wp-content\\\/uploads\\\/2021\\\/05\\\/RELYX-UNICEM-APLICAP-50-CAPSULAS.jpg\",\"contentUrl\":\"https:\\\/\\\/amedis.es\\\/tienda\\\/wp-content\\\/uploads\\\/2021\\\/05\\\/RELYX-UNICEM-APLICAP-50-CAPSULAS.jpg\",\"width\":600,\"height\":600,\"caption\":\"Amedis RELYX UNICEM APLICAP 50 CAPSULAS\"},{\"@type\":\"BreadcrumbList\",\"@id\":\"https:\\\/\\\/amedis.es\\\/tienda\\\/producto\\\/relyx-unicem-aplicap-50-capsulas\\\/#breadcrumb\",\"itemListElement\":[{\"@type\":\"ListItem\",\"position\":1,\"name\":\"Portada\",\"item\":\"https:\\\/\\\/amedis.es\\\/tienda\\\/\"},{\"@type\":\"ListItem\",\"position\":2,\"name\":\"Amedis | Suministros M\u00e9dicos y Dentales | Tienda\",\"item\":\"https:\\\/\\\/amedis.es\\\/tienda\\\/suministros-medicos-y-dentales\\\/\"},{\"@type\":\"ListItem\",\"position\":3,\"name\":\"RELYX UNICEM APLICAP 50 CAPSULAS\"}]},{\"@type\":\"WebSite\",\"@id\":\"https:\\\/\\\/amedis.es\\\/tienda\\\/#website\",\"url\":\"https:\\\/\\\/amedis.es\\\/tienda\\\/\",\"name\":\"Amedis\",\"description\":\"Suministros M\u00e9dicos y Dentales\",\"publisher\":{\"@id\":\"https:\\\/\\\/amedis.es\\\/tienda\\\/#organization\"},\"potentialAction\":[{\"@type\":\"SearchAction\",\"target\":{\"@type\":\"EntryPoint\",\"urlTemplate\":\"https:\\\/\\\/amedis.es\\\/tienda\\\/?s={search_term_string}\"},\"query-input\":{\"@type\":\"PropertyValueSpecification\",\"valueRequired\":true,\"valueName\":\"search_term_string\"}}],\"inLanguage\":\"es\"},{\"@type\":\"Organization\",\"@id\":\"https:\\\/\\\/amedis.es\\\/tienda\\\/#organization\",\"name\":\"Amedis | Suministros M\u00e9dicos y Dentales\",\"url\":\"https:\\\/\\\/amedis.es\\\/tienda\\\/\",\"logo\":{\"@type\":\"ImageObject\",\"inLanguage\":\"es\",\"@id\":\"https:\\\/\\\/amedis.es\\\/tienda\\\/#\\\/schema\\\/logo\\\/image\\\/\",\"url\":\"https:\\\/\\\/amedis.es\\\/tienda\\\/wp-content\\\/uploads\\\/2020\\\/05\\\/logo-1.png\",\"contentUrl\":\"https:\\\/\\\/amedis.es\\\/tienda\\\/wp-content\\\/uploads\\\/2020\\\/05\\\/logo-1.png\",\"width\":191,\"height\":80,\"caption\":\"Amedis | Suministros M\u00e9dicos y Dentales\"},\"image\":{\"@id\":\"https:\\\/\\\/amedis.es\\\/tienda\\\/#\\\/schema\\\/logo\\\/image\\\/\"}}]}<\/script>\n<!-- \/ Yoast SEO plugin. -->","yoast_head_json":{"title":"RELYX UNICEM APLICAP 50 CAPSULAS | Amedis | 3M","description":"Relyx unicem aplicap. Cemento universal auto adhesivo. El Cemento RelyX Unicem es fuerte vers\u00e1til f\u00e1cil de usar y ha prove\u00eddo exitosos","robots":{"index":"index","follow":"follow","max-snippet":"max-snippet:-1","max-image-preview":"max-image-preview:large","max-video-preview":"max-video-preview:-1"},"canonical":"https:\/\/amedis.es\/tienda\/producto\/relyx-unicem-aplicap-50-capsulas\/","og_locale":"es_ES","og_type":"article","og_title":"RELYX UNICEM APLICAP 50 CAPSULAS | Amedis | 3M","og_description":"Relyx unicem aplicap. Cemento universal auto adhesivo. El Cemento RelyX Unicem es fuerte vers\u00e1til f\u00e1cil de usar y ha prove\u00eddo exitosos","og_url":"https:\/\/amedis.es\/tienda\/producto\/relyx-unicem-aplicap-50-capsulas\/","og_site_name":"Amedis","article_modified_time":"2025-04-11T20:01:09+00:00","og_image":[{"width":600,"height":600,"url":"https:\/\/amedis.es\/tienda\/wp-content\/uploads\/2021\/05\/RELYX-UNICEM-APLICAP-50-CAPSULAS.jpg","type":"image\/jpeg"}],"twitter_card":"summary_large_image","twitter_misc":{"Tiempo de lectura":"1 minuto"},"schema":{"@context":"https:\/\/schema.org","@graph":[{"@type":"WebPage","@id":"https:\/\/amedis.es\/tienda\/producto\/relyx-unicem-aplicap-50-capsulas\/","url":"https:\/\/amedis.es\/tienda\/producto\/relyx-unicem-aplicap-50-capsulas\/","name":"RELYX UNICEM APLICAP 50 CAPSULAS | Amedis | 3M","isPartOf":{"@id":"https:\/\/amedis.es\/tienda\/#website"},"primaryImageOfPage":{"@id":"https:\/\/amedis.es\/tienda\/producto\/relyx-unicem-aplicap-50-capsulas\/#primaryimage"},"image":{"@id":"https:\/\/amedis.es\/tienda\/producto\/relyx-unicem-aplicap-50-capsulas\/#primaryimage"},"thumbnailUrl":"https:\/\/amedis.es\/tienda\/wp-content\/uploads\/2021\/05\/RELYX-UNICEM-APLICAP-50-CAPSULAS.jpg","datePublished":"2021-05-18T18:23:32+00:00","dateModified":"2025-04-11T20:01:09+00:00","description":"Relyx unicem aplicap. Cemento universal auto adhesivo. El Cemento RelyX Unicem es fuerte vers\u00e1til f\u00e1cil de usar y ha prove\u00eddo exitosos","breadcrumb":{"@id":"https:\/\/amedis.es\/tienda\/producto\/relyx-unicem-aplicap-50-capsulas\/#breadcrumb"},"inLanguage":"es","potentialAction":[{"@type":"ReadAction","target":["https:\/\/amedis.es\/tienda\/producto\/relyx-unicem-aplicap-50-capsulas\/"]}]},{"@type":"ImageObject","inLanguage":"es","@id":"https:\/\/amedis.es\/tienda\/producto\/relyx-unicem-aplicap-50-capsulas\/#primaryimage","url":"https:\/\/amedis.es\/tienda\/wp-content\/uploads\/2021\/05\/RELYX-UNICEM-APLICAP-50-CAPSULAS.jpg","contentUrl":"https:\/\/amedis.es\/tienda\/wp-content\/uploads\/2021\/05\/RELYX-UNICEM-APLICAP-50-CAPSULAS.jpg","width":600,"height":600,"caption":"Amedis RELYX UNICEM APLICAP 50 CAPSULAS"},{"@type":"BreadcrumbList","@id":"https:\/\/amedis.es\/tienda\/producto\/relyx-unicem-aplicap-50-capsulas\/#breadcrumb","itemListElement":[{"@type":"ListItem","position":1,"name":"Portada","item":"https:\/\/amedis.es\/tienda\/"},{"@type":"ListItem","position":2,"name":"Amedis | Suministros M\u00e9dicos y Dentales | Tienda","item":"https:\/\/amedis.es\/tienda\/suministros-medicos-y-dentales\/"},{"@type":"ListItem","position":3,"name":"RELYX UNICEM APLICAP 50 CAPSULAS"}]},{"@type":"WebSite","@id":"https:\/\/amedis.es\/tienda\/#website","url":"https:\/\/amedis.es\/tienda\/","name":"Amedis","description":"Suministros M\u00e9dicos y Dentales","publisher":{"@id":"https:\/\/amedis.es\/tienda\/#organization"},"potentialAction":[{"@type":"SearchAction","target":{"@type":"EntryPoint","urlTemplate":"https:\/\/amedis.es\/tienda\/?s={search_term_string}"},"query-input":{"@type":"PropertyValueSpecification","valueRequired":true,"valueName":"search_term_string"}}],"inLanguage":"es"},{"@type":"Organization","@id":"https:\/\/amedis.es\/tienda\/#organization","name":"Amedis | Suministros M\u00e9dicos y Dentales","url":"https:\/\/amedis.es\/tienda\/","logo":{"@type":"ImageObject","inLanguage":"es","@id":"https:\/\/amedis.es\/tienda\/#\/schema\/logo\/image\/","url":"https:\/\/amedis.es\/tienda\/wp-content\/uploads\/2020\/05\/logo-1.png","contentUrl":"https:\/\/amedis.es\/tienda\/wp-content\/uploads\/2020\/05\/logo-1.png","width":191,"height":80,"caption":"Amedis | Suministros M\u00e9dicos y Dentales"},"image":{"@id":"https:\/\/amedis.es\/tienda\/#\/schema\/logo\/image\/"}}]}},"brands":[{"id":2358,"name":"SOLVENTUM (3M)","slug":"solventum-3m"}],"_links":{"self":[{"href":"https:\/\/amedis.es\/tienda\/wp-json\/wp\/v2\/product\/8706","targetHints":{"allow":["GET"]}}],"collection":[{"href":"https:\/\/amedis.es\/tienda\/wp-json\/wp\/v2\/product"}],"about":[{"href":"https:\/\/amedis.es\/tienda\/wp-json\/wp\/v2\/types\/product"}],"wp:featuredmedia":[{"embeddable":true,"href":"https:\/\/amedis.es\/tienda\/wp-json\/wp\/v2\/media\/8711"}],"wp:attachment":[{"href":"https:\/\/amedis.es\/tienda\/wp-json\/wp\/v2\/media?parent=8706"}],"wp:term":[{"taxonomy":"pwb-brand","embeddable":true,"href":"https:\/\/amedis.es\/tienda\/wp-json\/wp\/v2\/pwb-brand?post=8706"},{"taxonomy":"product_brand","embeddable":true,"href":"https:\/\/amedis.es\/tienda\/wp-json\/wp\/v2\/product_brand?post=8706"},{"taxonomy":"product_cat","embeddable":true,"href":"https:\/\/amedis.es\/tienda\/wp-json\/wp\/v2\/product_cat?post=8706"},{"taxonomy":"product_tag","embeddable":true,"href":"https:\/\/amedis.es\/tienda\/wp-json\/wp\/v2\/product_tag?post=8706"}],"curies":[{"name":"wp","href":"https:\/\/api.w.org\/{rel}","templated":true}]}}