{"id":8402,"date":"2021-05-13T19:36:40","date_gmt":"2021-05-13T19:36:40","guid":{"rendered":"https:\/\/amedis.es\/tienda\/?post_type=product&#038;p=8402"},"modified":"2025-11-11T18:38:47","modified_gmt":"2025-11-11T18:38:47","slug":"icem-self-adhesive-syringue","status":"publish","type":"product","link":"https:\/\/amedis.es\/tienda\/producto\/icem-self-adhesive-syringue\/","title":{"rendered":"ICEM SELF ADHESIVE SYRINGUE"},"content":{"rendered":"<p>Icem self adhesive syringue. Cemento de fijaci\u00f3n universal a base de resina que combina una resistencia fiable de adhesi\u00f3n y una aplicaci\u00f3n r\u00e1pida sencilla y practica con un reducido riesgo de sensibilidad postoperatoria.<\/p>\n<p>INDICACIONES: Cementaciones de coronas y puentes onlays postes radiculares retenci\u00f3n de materiales de nylon para ferulizaciones&#8230;<\/p>\n","protected":false},"excerpt":{"rendered":"<p>CONTENIDO: 1 jeringa mezcla automix x 5 ml. + 15 boquillas de mezcla.<\/p>\n","protected":false},"featured_media":8403,"template":"","meta":[],"pwb-brand":[2357],"product_brand":[],"product_cat":[56,70],"product_tag":[],"class_list":{"0":"post-8402","1":"product","2":"type-product","3":"status-publish","4":"has-post-thumbnail","6":"pwb-brand-kulzer","7":"product_cat-cementos","8":"product_cat-cementos-definitivos-de-resina","10":"first","11":"onbackorder","12":"sale","13":"taxable","14":"shipping-taxable","15":"purchasable","16":"product-type-simple"},"yoast_head":"<!-- This site is optimized with the Yoast SEO plugin v27.4 - https:\/\/yoast.com\/product\/yoast-seo-wordpress\/ -->\n<title>ICEM SELF ADHESIVE SYRINGUE | Amedis | KULZER<\/title>\n<meta name=\"description\" content=\"Icem self adhesive syringue. Cemento de fijaci\u00f3n universal a base de resina que combina una resistencia fiable de adhesi\u00f3n.\" \/>\n<meta name=\"robots\" content=\"index, follow, max-snippet:-1, max-image-preview:large, max-video-preview:-1\" \/>\n<link rel=\"canonical\" href=\"https:\/\/amedis.es\/tienda\/producto\/icem-self-adhesive-syringue\/\" \/>\n<meta property=\"og:locale\" content=\"es_ES\" \/>\n<meta property=\"og:type\" content=\"article\" \/>\n<meta property=\"og:title\" content=\"ICEM SELF ADHESIVE SYRINGUE | Amedis | KULZER\" \/>\n<meta property=\"og:description\" content=\"Icem self adhesive syringue. Cemento de fijaci\u00f3n universal a base de resina que combina una resistencia fiable de adhesi\u00f3n.\" \/>\n<meta property=\"og:url\" content=\"https:\/\/amedis.es\/tienda\/producto\/icem-self-adhesive-syringue\/\" \/>\n<meta property=\"og:site_name\" content=\"Amedis\" \/>\n<meta property=\"article:modified_time\" content=\"2025-11-11T18:38:47+00:00\" \/>\n<meta property=\"og:image\" content=\"https:\/\/amedis.es\/tienda\/wp-content\/uploads\/2021\/05\/ICEM-SELF-ADHESIVE-SYRINGUE.jpg\" \/>\n\t<meta property=\"og:image:width\" content=\"600\" \/>\n\t<meta property=\"og:image:height\" content=\"600\" \/>\n\t<meta property=\"og:image:type\" content=\"image\/jpeg\" \/>\n<meta name=\"twitter:card\" content=\"summary_large_image\" \/>\n<meta name=\"twitter:label1\" content=\"Tiempo de lectura\" \/>\n\t<meta name=\"twitter:data1\" content=\"1 minuto\" \/>\n<script type=\"application\/ld+json\" class=\"yoast-schema-graph\">{\"@context\":\"https:\\\/\\\/schema.org\",\"@graph\":[{\"@type\":\"WebPage\",\"@id\":\"https:\\\/\\\/amedis.es\\\/tienda\\\/producto\\\/icem-self-adhesive-syringue\\\/\",\"url\":\"https:\\\/\\\/amedis.es\\\/tienda\\\/producto\\\/icem-self-adhesive-syringue\\\/\",\"name\":\"ICEM SELF ADHESIVE SYRINGUE | Amedis | KULZER\",\"isPartOf\":{\"@id\":\"https:\\\/\\\/amedis.es\\\/tienda\\\/#website\"},\"primaryImageOfPage\":{\"@id\":\"https:\\\/\\\/amedis.es\\\/tienda\\\/producto\\\/icem-self-adhesive-syringue\\\/#primaryimage\"},\"image\":{\"@id\":\"https:\\\/\\\/amedis.es\\\/tienda\\\/producto\\\/icem-self-adhesive-syringue\\\/#primaryimage\"},\"thumbnailUrl\":\"https:\\\/\\\/amedis.es\\\/tienda\\\/wp-content\\\/uploads\\\/2021\\\/05\\\/ICEM-SELF-ADHESIVE-SYRINGUE.jpg\",\"datePublished\":\"2021-05-13T19:36:40+00:00\",\"dateModified\":\"2025-11-11T18:38:47+00:00\",\"description\":\"Icem self adhesive syringue. Cemento de fijaci\u00f3n universal a base de resina que combina una resistencia fiable de adhesi\u00f3n.\",\"breadcrumb\":{\"@id\":\"https:\\\/\\\/amedis.es\\\/tienda\\\/producto\\\/icem-self-adhesive-syringue\\\/#breadcrumb\"},\"inLanguage\":\"es\",\"potentialAction\":[{\"@type\":\"ReadAction\",\"target\":[\"https:\\\/\\\/amedis.es\\\/tienda\\\/producto\\\/icem-self-adhesive-syringue\\\/\"]}]},{\"@type\":\"ImageObject\",\"inLanguage\":\"es\",\"@id\":\"https:\\\/\\\/amedis.es\\\/tienda\\\/producto\\\/icem-self-adhesive-syringue\\\/#primaryimage\",\"url\":\"https:\\\/\\\/amedis.es\\\/tienda\\\/wp-content\\\/uploads\\\/2021\\\/05\\\/ICEM-SELF-ADHESIVE-SYRINGUE.jpg\",\"contentUrl\":\"https:\\\/\\\/amedis.es\\\/tienda\\\/wp-content\\\/uploads\\\/2021\\\/05\\\/ICEM-SELF-ADHESIVE-SYRINGUE.jpg\",\"width\":600,\"height\":600,\"caption\":\"Amedis ICEM SELF ADHESIVE SYRINGUE\"},{\"@type\":\"BreadcrumbList\",\"@id\":\"https:\\\/\\\/amedis.es\\\/tienda\\\/producto\\\/icem-self-adhesive-syringue\\\/#breadcrumb\",\"itemListElement\":[{\"@type\":\"ListItem\",\"position\":1,\"name\":\"Portada\",\"item\":\"https:\\\/\\\/amedis.es\\\/tienda\\\/\"},{\"@type\":\"ListItem\",\"position\":2,\"name\":\"Amedis | Suministros M\u00e9dicos y Dentales | Tienda\",\"item\":\"https:\\\/\\\/amedis.es\\\/tienda\\\/suministros-medicos-y-dentales\\\/\"},{\"@type\":\"ListItem\",\"position\":3,\"name\":\"ICEM SELF ADHESIVE SYRINGUE\"}]},{\"@type\":\"WebSite\",\"@id\":\"https:\\\/\\\/amedis.es\\\/tienda\\\/#website\",\"url\":\"https:\\\/\\\/amedis.es\\\/tienda\\\/\",\"name\":\"Amedis\",\"description\":\"Suministros M\u00e9dicos y Dentales\",\"publisher\":{\"@id\":\"https:\\\/\\\/amedis.es\\\/tienda\\\/#organization\"},\"potentialAction\":[{\"@type\":\"SearchAction\",\"target\":{\"@type\":\"EntryPoint\",\"urlTemplate\":\"https:\\\/\\\/amedis.es\\\/tienda\\\/?s={search_term_string}\"},\"query-input\":{\"@type\":\"PropertyValueSpecification\",\"valueRequired\":true,\"valueName\":\"search_term_string\"}}],\"inLanguage\":\"es\"},{\"@type\":\"Organization\",\"@id\":\"https:\\\/\\\/amedis.es\\\/tienda\\\/#organization\",\"name\":\"Amedis | Suministros M\u00e9dicos y Dentales\",\"url\":\"https:\\\/\\\/amedis.es\\\/tienda\\\/\",\"logo\":{\"@type\":\"ImageObject\",\"inLanguage\":\"es\",\"@id\":\"https:\\\/\\\/amedis.es\\\/tienda\\\/#\\\/schema\\\/logo\\\/image\\\/\",\"url\":\"https:\\\/\\\/amedis.es\\\/tienda\\\/wp-content\\\/uploads\\\/2020\\\/05\\\/logo-1.png\",\"contentUrl\":\"https:\\\/\\\/amedis.es\\\/tienda\\\/wp-content\\\/uploads\\\/2020\\\/05\\\/logo-1.png\",\"width\":191,\"height\":80,\"caption\":\"Amedis | Suministros M\u00e9dicos y Dentales\"},\"image\":{\"@id\":\"https:\\\/\\\/amedis.es\\\/tienda\\\/#\\\/schema\\\/logo\\\/image\\\/\"}}]}<\/script>\n<!-- \/ Yoast SEO plugin. -->","yoast_head_json":{"title":"ICEM SELF ADHESIVE SYRINGUE | Amedis | KULZER","description":"Icem self adhesive syringue. Cemento de fijaci\u00f3n universal a base de resina que combina una resistencia fiable de adhesi\u00f3n.","robots":{"index":"index","follow":"follow","max-snippet":"max-snippet:-1","max-image-preview":"max-image-preview:large","max-video-preview":"max-video-preview:-1"},"canonical":"https:\/\/amedis.es\/tienda\/producto\/icem-self-adhesive-syringue\/","og_locale":"es_ES","og_type":"article","og_title":"ICEM SELF ADHESIVE SYRINGUE | Amedis | KULZER","og_description":"Icem self adhesive syringue. Cemento de fijaci\u00f3n universal a base de resina que combina una resistencia fiable de adhesi\u00f3n.","og_url":"https:\/\/amedis.es\/tienda\/producto\/icem-self-adhesive-syringue\/","og_site_name":"Amedis","article_modified_time":"2025-11-11T18:38:47+00:00","og_image":[{"width":600,"height":600,"url":"https:\/\/amedis.es\/tienda\/wp-content\/uploads\/2021\/05\/ICEM-SELF-ADHESIVE-SYRINGUE.jpg","type":"image\/jpeg"}],"twitter_card":"summary_large_image","twitter_misc":{"Tiempo de lectura":"1 minuto"},"schema":{"@context":"https:\/\/schema.org","@graph":[{"@type":"WebPage","@id":"https:\/\/amedis.es\/tienda\/producto\/icem-self-adhesive-syringue\/","url":"https:\/\/amedis.es\/tienda\/producto\/icem-self-adhesive-syringue\/","name":"ICEM SELF ADHESIVE SYRINGUE | Amedis | KULZER","isPartOf":{"@id":"https:\/\/amedis.es\/tienda\/#website"},"primaryImageOfPage":{"@id":"https:\/\/amedis.es\/tienda\/producto\/icem-self-adhesive-syringue\/#primaryimage"},"image":{"@id":"https:\/\/amedis.es\/tienda\/producto\/icem-self-adhesive-syringue\/#primaryimage"},"thumbnailUrl":"https:\/\/amedis.es\/tienda\/wp-content\/uploads\/2021\/05\/ICEM-SELF-ADHESIVE-SYRINGUE.jpg","datePublished":"2021-05-13T19:36:40+00:00","dateModified":"2025-11-11T18:38:47+00:00","description":"Icem self adhesive syringue. Cemento de fijaci\u00f3n universal a base de resina que combina una resistencia fiable de adhesi\u00f3n.","breadcrumb":{"@id":"https:\/\/amedis.es\/tienda\/producto\/icem-self-adhesive-syringue\/#breadcrumb"},"inLanguage":"es","potentialAction":[{"@type":"ReadAction","target":["https:\/\/amedis.es\/tienda\/producto\/icem-self-adhesive-syringue\/"]}]},{"@type":"ImageObject","inLanguage":"es","@id":"https:\/\/amedis.es\/tienda\/producto\/icem-self-adhesive-syringue\/#primaryimage","url":"https:\/\/amedis.es\/tienda\/wp-content\/uploads\/2021\/05\/ICEM-SELF-ADHESIVE-SYRINGUE.jpg","contentUrl":"https:\/\/amedis.es\/tienda\/wp-content\/uploads\/2021\/05\/ICEM-SELF-ADHESIVE-SYRINGUE.jpg","width":600,"height":600,"caption":"Amedis ICEM SELF ADHESIVE SYRINGUE"},{"@type":"BreadcrumbList","@id":"https:\/\/amedis.es\/tienda\/producto\/icem-self-adhesive-syringue\/#breadcrumb","itemListElement":[{"@type":"ListItem","position":1,"name":"Portada","item":"https:\/\/amedis.es\/tienda\/"},{"@type":"ListItem","position":2,"name":"Amedis | Suministros M\u00e9dicos y Dentales | Tienda","item":"https:\/\/amedis.es\/tienda\/suministros-medicos-y-dentales\/"},{"@type":"ListItem","position":3,"name":"ICEM SELF ADHESIVE SYRINGUE"}]},{"@type":"WebSite","@id":"https:\/\/amedis.es\/tienda\/#website","url":"https:\/\/amedis.es\/tienda\/","name":"Amedis","description":"Suministros M\u00e9dicos y Dentales","publisher":{"@id":"https:\/\/amedis.es\/tienda\/#organization"},"potentialAction":[{"@type":"SearchAction","target":{"@type":"EntryPoint","urlTemplate":"https:\/\/amedis.es\/tienda\/?s={search_term_string}"},"query-input":{"@type":"PropertyValueSpecification","valueRequired":true,"valueName":"search_term_string"}}],"inLanguage":"es"},{"@type":"Organization","@id":"https:\/\/amedis.es\/tienda\/#organization","name":"Amedis | Suministros M\u00e9dicos y Dentales","url":"https:\/\/amedis.es\/tienda\/","logo":{"@type":"ImageObject","inLanguage":"es","@id":"https:\/\/amedis.es\/tienda\/#\/schema\/logo\/image\/","url":"https:\/\/amedis.es\/tienda\/wp-content\/uploads\/2020\/05\/logo-1.png","contentUrl":"https:\/\/amedis.es\/tienda\/wp-content\/uploads\/2020\/05\/logo-1.png","width":191,"height":80,"caption":"Amedis | Suministros M\u00e9dicos y Dentales"},"image":{"@id":"https:\/\/amedis.es\/tienda\/#\/schema\/logo\/image\/"}}]}},"brands":[{"id":2357,"name":"KULZER","slug":"kulzer"}],"_links":{"self":[{"href":"https:\/\/amedis.es\/tienda\/wp-json\/wp\/v2\/product\/8402","targetHints":{"allow":["GET"]}}],"collection":[{"href":"https:\/\/amedis.es\/tienda\/wp-json\/wp\/v2\/product"}],"about":[{"href":"https:\/\/amedis.es\/tienda\/wp-json\/wp\/v2\/types\/product"}],"wp:featuredmedia":[{"embeddable":true,"href":"https:\/\/amedis.es\/tienda\/wp-json\/wp\/v2\/media\/8403"}],"wp:attachment":[{"href":"https:\/\/amedis.es\/tienda\/wp-json\/wp\/v2\/media?parent=8402"}],"wp:term":[{"taxonomy":"pwb-brand","embeddable":true,"href":"https:\/\/amedis.es\/tienda\/wp-json\/wp\/v2\/pwb-brand?post=8402"},{"taxonomy":"product_brand","embeddable":true,"href":"https:\/\/amedis.es\/tienda\/wp-json\/wp\/v2\/product_brand?post=8402"},{"taxonomy":"product_cat","embeddable":true,"href":"https:\/\/amedis.es\/tienda\/wp-json\/wp\/v2\/product_cat?post=8402"},{"taxonomy":"product_tag","embeddable":true,"href":"https:\/\/amedis.es\/tienda\/wp-json\/wp\/v2\/product_tag?post=8402"}],"curies":[{"name":"wp","href":"https:\/\/api.w.org\/{rel}","templated":true}]}}