{"id":8374,"date":"2021-05-13T18:07:20","date_gmt":"2021-05-13T18:07:20","guid":{"rendered":"https:\/\/amedis.es\/tienda\/?post_type=product&#038;p=8374"},"modified":"2025-01-16T08:55:42","modified_gmt":"2025-01-16T08:55:42","slug":"suturas-no-absorbibles-arago-seda-trenzada-negra","status":"publish","type":"product","link":"https:\/\/amedis.es\/tienda\/producto\/suturas-no-absorbibles-arago-seda-trenzada-negra\/","title":{"rendered":"SUTURAS NO ABSORBIBLES ARAGO SEDA"},"content":{"rendered":"<p>Suturas no absorbibles Arago seda trenzada negra, las suturas quir\u00fargicas no absorbibles est\u00e1n constituidas por material no biodegradable, por lo que no pueden ser digeridas por las enzimas ni hidrolizarse en los tejidos. La uni\u00f3n hilo-aguja es de gran resistencia, ofreciendo una seguridad absoluta, adem\u00e1s de un equilibrio adecuado en su uni\u00f3n, evitando fugas, traumatismos e infecciones.<\/p>\n<p>Tecnolog\u00eda l\u00e1ser que garantiza el equilibrio del calibre del hilo con el di\u00e1metro de la aguja, ofreciendo un m\u00ednimo trauma tisular. Alta resistencia a la deformaci\u00f3n y rotura.<\/p>\n","protected":false},"excerpt":{"rendered":"<p>CONTENIDO: 12 unidades.<\/p>\n","protected":false},"featured_media":1453,"template":"","meta":[],"pwb-brand":[2394],"product_brand":[],"product_cat":[51,27,52],"product_tag":[],"class_list":{"0":"post-8374","1":"product","2":"type-product","3":"status-publish","4":"has-post-thumbnail","6":"pwb-brand-arago","7":"product_cat-biomateriales-y-suturas","8":"product_cat-clinica","9":"product_cat-suturas-no-absorbibles","11":"first","12":"instock","13":"sale","14":"taxable","15":"shipping-taxable","16":"purchasable","17":"product-type-variable"},"yoast_head":"<!-- This site is optimized with the Yoast SEO plugin v27.4 - https:\/\/yoast.com\/product\/yoast-seo-wordpress\/ -->\n<title>SUTURAS NO ABSORBIBLES ARAGO SEDA | Amedis<\/title>\n<meta name=\"description\" content=\"uturas no absorbibles Arago seda trenzada negra, las suturas quir\u00fargicas no absorbibles est\u00e1n constituidas por material no biodegradable.\" \/>\n<meta name=\"robots\" content=\"index, follow, max-snippet:-1, max-image-preview:large, max-video-preview:-1\" \/>\n<link rel=\"canonical\" href=\"https:\/\/amedis.es\/tienda\/producto\/suturas-no-absorbibles-arago-seda-trenzada-negra\/\" \/>\n<meta property=\"og:locale\" content=\"es_ES\" \/>\n<meta property=\"og:type\" content=\"article\" \/>\n<meta property=\"og:title\" content=\"SUTURAS NO ABSORBIBLES ARAGO SEDA | Amedis\" \/>\n<meta property=\"og:description\" content=\"uturas no absorbibles Arago seda trenzada negra, las suturas quir\u00fargicas no absorbibles est\u00e1n constituidas por material no biodegradable.\" \/>\n<meta property=\"og:url\" content=\"https:\/\/amedis.es\/tienda\/producto\/suturas-no-absorbibles-arago-seda-trenzada-negra\/\" \/>\n<meta property=\"og:site_name\" content=\"Amedis\" \/>\n<meta property=\"article:modified_time\" content=\"2025-01-16T08:55:42+00:00\" \/>\n<meta property=\"og:image\" content=\"https:\/\/amedis.es\/tienda\/wp-content\/uploads\/2020\/08\/SUTURA-SEDA-ARAGO.jpg\" \/>\n\t<meta property=\"og:image:width\" content=\"600\" \/>\n\t<meta property=\"og:image:height\" content=\"500\" \/>\n\t<meta property=\"og:image:type\" content=\"image\/jpeg\" \/>\n<meta name=\"twitter:card\" content=\"summary_large_image\" \/>\n<meta name=\"twitter:label1\" content=\"Tiempo de lectura\" \/>\n\t<meta name=\"twitter:data1\" content=\"1 minuto\" \/>\n<script type=\"application\/ld+json\" class=\"yoast-schema-graph\">{\"@context\":\"https:\\\/\\\/schema.org\",\"@graph\":[{\"@type\":\"WebPage\",\"@id\":\"https:\\\/\\\/amedis.es\\\/tienda\\\/producto\\\/suturas-no-absorbibles-arago-seda-trenzada-negra\\\/\",\"url\":\"https:\\\/\\\/amedis.es\\\/tienda\\\/producto\\\/suturas-no-absorbibles-arago-seda-trenzada-negra\\\/\",\"name\":\"SUTURAS NO ABSORBIBLES ARAGO SEDA | Amedis\",\"isPartOf\":{\"@id\":\"https:\\\/\\\/amedis.es\\\/tienda\\\/#website\"},\"primaryImageOfPage\":{\"@id\":\"https:\\\/\\\/amedis.es\\\/tienda\\\/producto\\\/suturas-no-absorbibles-arago-seda-trenzada-negra\\\/#primaryimage\"},\"image\":{\"@id\":\"https:\\\/\\\/amedis.es\\\/tienda\\\/producto\\\/suturas-no-absorbibles-arago-seda-trenzada-negra\\\/#primaryimage\"},\"thumbnailUrl\":\"https:\\\/\\\/amedis.es\\\/tienda\\\/wp-content\\\/uploads\\\/2020\\\/08\\\/SUTURA-SEDA-ARAGO.jpg\",\"datePublished\":\"2021-05-13T18:07:20+00:00\",\"dateModified\":\"2025-01-16T08:55:42+00:00\",\"description\":\"uturas no absorbibles Arago seda trenzada negra, las suturas quir\u00fargicas no absorbibles est\u00e1n constituidas por material no biodegradable.\",\"breadcrumb\":{\"@id\":\"https:\\\/\\\/amedis.es\\\/tienda\\\/producto\\\/suturas-no-absorbibles-arago-seda-trenzada-negra\\\/#breadcrumb\"},\"inLanguage\":\"es\",\"potentialAction\":[{\"@type\":\"ReadAction\",\"target\":[\"https:\\\/\\\/amedis.es\\\/tienda\\\/producto\\\/suturas-no-absorbibles-arago-seda-trenzada-negra\\\/\"]}]},{\"@type\":\"ImageObject\",\"inLanguage\":\"es\",\"@id\":\"https:\\\/\\\/amedis.es\\\/tienda\\\/producto\\\/suturas-no-absorbibles-arago-seda-trenzada-negra\\\/#primaryimage\",\"url\":\"https:\\\/\\\/amedis.es\\\/tienda\\\/wp-content\\\/uploads\\\/2020\\\/08\\\/SUTURA-SEDA-ARAGO.jpg\",\"contentUrl\":\"https:\\\/\\\/amedis.es\\\/tienda\\\/wp-content\\\/uploads\\\/2020\\\/08\\\/SUTURA-SEDA-ARAGO.jpg\",\"width\":600,\"height\":500,\"caption\":\"Amedis SUTURA SEDA ARAGO\"},{\"@type\":\"BreadcrumbList\",\"@id\":\"https:\\\/\\\/amedis.es\\\/tienda\\\/producto\\\/suturas-no-absorbibles-arago-seda-trenzada-negra\\\/#breadcrumb\",\"itemListElement\":[{\"@type\":\"ListItem\",\"position\":1,\"name\":\"Portada\",\"item\":\"https:\\\/\\\/amedis.es\\\/tienda\\\/\"},{\"@type\":\"ListItem\",\"position\":2,\"name\":\"Amedis | Suministros M\u00e9dicos y Dentales | Tienda\",\"item\":\"https:\\\/\\\/amedis.es\\\/tienda\\\/suministros-medicos-y-dentales\\\/\"},{\"@type\":\"ListItem\",\"position\":3,\"name\":\"SUTURAS NO ABSORBIBLES ARAGO SEDA\"}]},{\"@type\":\"WebSite\",\"@id\":\"https:\\\/\\\/amedis.es\\\/tienda\\\/#website\",\"url\":\"https:\\\/\\\/amedis.es\\\/tienda\\\/\",\"name\":\"Amedis\",\"description\":\"Suministros M\u00e9dicos y Dentales\",\"publisher\":{\"@id\":\"https:\\\/\\\/amedis.es\\\/tienda\\\/#organization\"},\"potentialAction\":[{\"@type\":\"SearchAction\",\"target\":{\"@type\":\"EntryPoint\",\"urlTemplate\":\"https:\\\/\\\/amedis.es\\\/tienda\\\/?s={search_term_string}\"},\"query-input\":{\"@type\":\"PropertyValueSpecification\",\"valueRequired\":true,\"valueName\":\"search_term_string\"}}],\"inLanguage\":\"es\"},{\"@type\":\"Organization\",\"@id\":\"https:\\\/\\\/amedis.es\\\/tienda\\\/#organization\",\"name\":\"Amedis | Suministros M\u00e9dicos y Dentales\",\"url\":\"https:\\\/\\\/amedis.es\\\/tienda\\\/\",\"logo\":{\"@type\":\"ImageObject\",\"inLanguage\":\"es\",\"@id\":\"https:\\\/\\\/amedis.es\\\/tienda\\\/#\\\/schema\\\/logo\\\/image\\\/\",\"url\":\"https:\\\/\\\/amedis.es\\\/tienda\\\/wp-content\\\/uploads\\\/2020\\\/05\\\/logo-1.png\",\"contentUrl\":\"https:\\\/\\\/amedis.es\\\/tienda\\\/wp-content\\\/uploads\\\/2020\\\/05\\\/logo-1.png\",\"width\":191,\"height\":80,\"caption\":\"Amedis | Suministros M\u00e9dicos y Dentales\"},\"image\":{\"@id\":\"https:\\\/\\\/amedis.es\\\/tienda\\\/#\\\/schema\\\/logo\\\/image\\\/\"}}]}<\/script>\n<!-- \/ Yoast SEO plugin. -->","yoast_head_json":{"title":"SUTURAS NO ABSORBIBLES ARAGO SEDA | Amedis","description":"uturas no absorbibles Arago seda trenzada negra, las suturas quir\u00fargicas no absorbibles est\u00e1n constituidas por material no biodegradable.","robots":{"index":"index","follow":"follow","max-snippet":"max-snippet:-1","max-image-preview":"max-image-preview:large","max-video-preview":"max-video-preview:-1"},"canonical":"https:\/\/amedis.es\/tienda\/producto\/suturas-no-absorbibles-arago-seda-trenzada-negra\/","og_locale":"es_ES","og_type":"article","og_title":"SUTURAS NO ABSORBIBLES ARAGO SEDA | Amedis","og_description":"uturas no absorbibles Arago seda trenzada negra, las suturas quir\u00fargicas no absorbibles est\u00e1n constituidas por material no biodegradable.","og_url":"https:\/\/amedis.es\/tienda\/producto\/suturas-no-absorbibles-arago-seda-trenzada-negra\/","og_site_name":"Amedis","article_modified_time":"2025-01-16T08:55:42+00:00","og_image":[{"width":600,"height":500,"url":"https:\/\/amedis.es\/tienda\/wp-content\/uploads\/2020\/08\/SUTURA-SEDA-ARAGO.jpg","type":"image\/jpeg"}],"twitter_card":"summary_large_image","twitter_misc":{"Tiempo de lectura":"1 minuto"},"schema":{"@context":"https:\/\/schema.org","@graph":[{"@type":"WebPage","@id":"https:\/\/amedis.es\/tienda\/producto\/suturas-no-absorbibles-arago-seda-trenzada-negra\/","url":"https:\/\/amedis.es\/tienda\/producto\/suturas-no-absorbibles-arago-seda-trenzada-negra\/","name":"SUTURAS NO ABSORBIBLES ARAGO SEDA | Amedis","isPartOf":{"@id":"https:\/\/amedis.es\/tienda\/#website"},"primaryImageOfPage":{"@id":"https:\/\/amedis.es\/tienda\/producto\/suturas-no-absorbibles-arago-seda-trenzada-negra\/#primaryimage"},"image":{"@id":"https:\/\/amedis.es\/tienda\/producto\/suturas-no-absorbibles-arago-seda-trenzada-negra\/#primaryimage"},"thumbnailUrl":"https:\/\/amedis.es\/tienda\/wp-content\/uploads\/2020\/08\/SUTURA-SEDA-ARAGO.jpg","datePublished":"2021-05-13T18:07:20+00:00","dateModified":"2025-01-16T08:55:42+00:00","description":"uturas no absorbibles Arago seda trenzada negra, las suturas quir\u00fargicas no absorbibles est\u00e1n constituidas por material no biodegradable.","breadcrumb":{"@id":"https:\/\/amedis.es\/tienda\/producto\/suturas-no-absorbibles-arago-seda-trenzada-negra\/#breadcrumb"},"inLanguage":"es","potentialAction":[{"@type":"ReadAction","target":["https:\/\/amedis.es\/tienda\/producto\/suturas-no-absorbibles-arago-seda-trenzada-negra\/"]}]},{"@type":"ImageObject","inLanguage":"es","@id":"https:\/\/amedis.es\/tienda\/producto\/suturas-no-absorbibles-arago-seda-trenzada-negra\/#primaryimage","url":"https:\/\/amedis.es\/tienda\/wp-content\/uploads\/2020\/08\/SUTURA-SEDA-ARAGO.jpg","contentUrl":"https:\/\/amedis.es\/tienda\/wp-content\/uploads\/2020\/08\/SUTURA-SEDA-ARAGO.jpg","width":600,"height":500,"caption":"Amedis SUTURA SEDA ARAGO"},{"@type":"BreadcrumbList","@id":"https:\/\/amedis.es\/tienda\/producto\/suturas-no-absorbibles-arago-seda-trenzada-negra\/#breadcrumb","itemListElement":[{"@type":"ListItem","position":1,"name":"Portada","item":"https:\/\/amedis.es\/tienda\/"},{"@type":"ListItem","position":2,"name":"Amedis | Suministros M\u00e9dicos y Dentales | Tienda","item":"https:\/\/amedis.es\/tienda\/suministros-medicos-y-dentales\/"},{"@type":"ListItem","position":3,"name":"SUTURAS NO ABSORBIBLES ARAGO SEDA"}]},{"@type":"WebSite","@id":"https:\/\/amedis.es\/tienda\/#website","url":"https:\/\/amedis.es\/tienda\/","name":"Amedis","description":"Suministros M\u00e9dicos y Dentales","publisher":{"@id":"https:\/\/amedis.es\/tienda\/#organization"},"potentialAction":[{"@type":"SearchAction","target":{"@type":"EntryPoint","urlTemplate":"https:\/\/amedis.es\/tienda\/?s={search_term_string}"},"query-input":{"@type":"PropertyValueSpecification","valueRequired":true,"valueName":"search_term_string"}}],"inLanguage":"es"},{"@type":"Organization","@id":"https:\/\/amedis.es\/tienda\/#organization","name":"Amedis | Suministros M\u00e9dicos y Dentales","url":"https:\/\/amedis.es\/tienda\/","logo":{"@type":"ImageObject","inLanguage":"es","@id":"https:\/\/amedis.es\/tienda\/#\/schema\/logo\/image\/","url":"https:\/\/amedis.es\/tienda\/wp-content\/uploads\/2020\/05\/logo-1.png","contentUrl":"https:\/\/amedis.es\/tienda\/wp-content\/uploads\/2020\/05\/logo-1.png","width":191,"height":80,"caption":"Amedis | Suministros M\u00e9dicos y Dentales"},"image":{"@id":"https:\/\/amedis.es\/tienda\/#\/schema\/logo\/image\/"}}]}},"brands":[{"id":2394,"name":"ARAGO","slug":"arago"}],"_links":{"self":[{"href":"https:\/\/amedis.es\/tienda\/wp-json\/wp\/v2\/product\/8374","targetHints":{"allow":["GET"]}}],"collection":[{"href":"https:\/\/amedis.es\/tienda\/wp-json\/wp\/v2\/product"}],"about":[{"href":"https:\/\/amedis.es\/tienda\/wp-json\/wp\/v2\/types\/product"}],"wp:featuredmedia":[{"embeddable":true,"href":"https:\/\/amedis.es\/tienda\/wp-json\/wp\/v2\/media\/1453"}],"wp:attachment":[{"href":"https:\/\/amedis.es\/tienda\/wp-json\/wp\/v2\/media?parent=8374"}],"wp:term":[{"taxonomy":"pwb-brand","embeddable":true,"href":"https:\/\/amedis.es\/tienda\/wp-json\/wp\/v2\/pwb-brand?post=8374"},{"taxonomy":"product_brand","embeddable":true,"href":"https:\/\/amedis.es\/tienda\/wp-json\/wp\/v2\/product_brand?post=8374"},{"taxonomy":"product_cat","embeddable":true,"href":"https:\/\/amedis.es\/tienda\/wp-json\/wp\/v2\/product_cat?post=8374"},{"taxonomy":"product_tag","embeddable":true,"href":"https:\/\/amedis.es\/tienda\/wp-json\/wp\/v2\/product_tag?post=8374"}],"curies":[{"name":"wp","href":"https:\/\/api.w.org\/{rel}","templated":true}]}}