{"id":8204,"date":"2021-05-06T18:16:43","date_gmt":"2021-05-06T18:16:43","guid":{"rendered":"https:\/\/amedis.es\/tienda\/?post_type=product&#038;p=8204"},"modified":"2025-06-17T11:04:21","modified_gmt":"2025-06-17T11:04:21","slug":"provicol-base-activador","status":"publish","type":"product","link":"https:\/\/amedis.es\/tienda\/producto\/provicol-base-activador\/","title":{"rendered":"PROVICOL BASE + ACTIVADOR"},"content":{"rendered":"<p>Provicol. Sin eugenol, a base de hidr\u00f3xido c\u00e1lcico. Cemento provisional sin eugenol con el hidr\u00f3xido de calcio Supra. Provicol, para la f\u00e1cil aplicaci\u00f3n provisional de coronas, puentes e inlays as\u00ed como para servir de obturaci\u00f3n provisional. Como cemento sin eugenol, Provicol excluye alergias de eugenol y asegura la adhesi\u00f3n al cemento definitivo. Provicol contiene el hidr\u00f3xido de calcio que fomenta la vitalidad de dientes. Provicol se queda el\u00e1stico, adhiere bien pero es f\u00e1cil de eliminar. Provicol est\u00e1 disponible en tubos en el sistema pasta-pasta que se puede mezclar excelentemente.<\/p>\n","protected":false},"excerpt":{"rendered":"<p>CONTENIDO: 25 gr. base + 25 gr. activador.<\/p>\n","protected":false},"featured_media":8205,"template":"","meta":[],"pwb-brand":[2353],"product_brand":[],"product_cat":[56,57],"product_tag":[],"class_list":{"0":"post-8204","1":"product","2":"type-product","3":"status-publish","4":"has-post-thumbnail","6":"pwb-brand-voco","7":"product_cat-cementos","8":"product_cat-cementos-de-pegado-provisional","10":"first","11":"instock","12":"sale","13":"taxable","14":"shipping-taxable","15":"purchasable","16":"product-type-simple"},"yoast_head":"<!-- This site is optimized with the Yoast SEO plugin v27.4 - https:\/\/yoast.com\/product\/yoast-seo-wordpress\/ -->\n<title>PROVICOL BASE + ACTIVADOR | Amedis | SIN EUGENOL VOCO<\/title>\n<meta name=\"description\" content=\"Provicol. Sin eugenol, a base de hidr\u00f3xido c\u00e1lcico. Cemento provisional sin eugenol con el hidr\u00f3xido de calcio Supra. Provicol.\" \/>\n<meta name=\"robots\" content=\"index, follow, max-snippet:-1, max-image-preview:large, max-video-preview:-1\" \/>\n<link rel=\"canonical\" href=\"https:\/\/amedis.es\/tienda\/producto\/provicol-base-activador\/\" \/>\n<meta property=\"og:locale\" content=\"es_ES\" \/>\n<meta property=\"og:type\" content=\"article\" \/>\n<meta property=\"og:title\" content=\"PROVICOL BASE + ACTIVADOR | Amedis | SIN EUGENOL VOCO\" \/>\n<meta property=\"og:description\" content=\"Provicol. Sin eugenol, a base de hidr\u00f3xido c\u00e1lcico. Cemento provisional sin eugenol con el hidr\u00f3xido de calcio Supra. Provicol.\" \/>\n<meta property=\"og:url\" content=\"https:\/\/amedis.es\/tienda\/producto\/provicol-base-activador\/\" \/>\n<meta property=\"og:site_name\" content=\"Amedis\" \/>\n<meta property=\"article:modified_time\" content=\"2025-06-17T11:04:21+00:00\" \/>\n<meta property=\"og:image\" content=\"https:\/\/amedis.es\/tienda\/wp-content\/uploads\/2021\/05\/PROVICOL-BASE-ACTIVADOR.jpg\" \/>\n\t<meta property=\"og:image:width\" content=\"600\" \/>\n\t<meta property=\"og:image:height\" content=\"600\" \/>\n\t<meta property=\"og:image:type\" content=\"image\/jpeg\" \/>\n<meta name=\"twitter:card\" content=\"summary_large_image\" \/>\n<meta name=\"twitter:label1\" content=\"Tiempo de lectura\" \/>\n\t<meta name=\"twitter:data1\" content=\"1 minuto\" \/>\n<script type=\"application\/ld+json\" class=\"yoast-schema-graph\">{\"@context\":\"https:\\\/\\\/schema.org\",\"@graph\":[{\"@type\":\"WebPage\",\"@id\":\"https:\\\/\\\/amedis.es\\\/tienda\\\/producto\\\/provicol-base-activador\\\/\",\"url\":\"https:\\\/\\\/amedis.es\\\/tienda\\\/producto\\\/provicol-base-activador\\\/\",\"name\":\"PROVICOL BASE + ACTIVADOR | Amedis | SIN EUGENOL VOCO\",\"isPartOf\":{\"@id\":\"https:\\\/\\\/amedis.es\\\/tienda\\\/#website\"},\"primaryImageOfPage\":{\"@id\":\"https:\\\/\\\/amedis.es\\\/tienda\\\/producto\\\/provicol-base-activador\\\/#primaryimage\"},\"image\":{\"@id\":\"https:\\\/\\\/amedis.es\\\/tienda\\\/producto\\\/provicol-base-activador\\\/#primaryimage\"},\"thumbnailUrl\":\"https:\\\/\\\/amedis.es\\\/tienda\\\/wp-content\\\/uploads\\\/2021\\\/05\\\/PROVICOL-BASE-ACTIVADOR.jpg\",\"datePublished\":\"2021-05-06T18:16:43+00:00\",\"dateModified\":\"2025-06-17T11:04:21+00:00\",\"description\":\"Provicol. Sin eugenol, a base de hidr\u00f3xido c\u00e1lcico. Cemento provisional sin eugenol con el hidr\u00f3xido de calcio Supra. Provicol.\",\"breadcrumb\":{\"@id\":\"https:\\\/\\\/amedis.es\\\/tienda\\\/producto\\\/provicol-base-activador\\\/#breadcrumb\"},\"inLanguage\":\"es\",\"potentialAction\":[{\"@type\":\"ReadAction\",\"target\":[\"https:\\\/\\\/amedis.es\\\/tienda\\\/producto\\\/provicol-base-activador\\\/\"]}]},{\"@type\":\"ImageObject\",\"inLanguage\":\"es\",\"@id\":\"https:\\\/\\\/amedis.es\\\/tienda\\\/producto\\\/provicol-base-activador\\\/#primaryimage\",\"url\":\"https:\\\/\\\/amedis.es\\\/tienda\\\/wp-content\\\/uploads\\\/2021\\\/05\\\/PROVICOL-BASE-ACTIVADOR.jpg\",\"contentUrl\":\"https:\\\/\\\/amedis.es\\\/tienda\\\/wp-content\\\/uploads\\\/2021\\\/05\\\/PROVICOL-BASE-ACTIVADOR.jpg\",\"width\":600,\"height\":600,\"caption\":\"Amedis PROVICOL BASE + ACTIVADOR\"},{\"@type\":\"BreadcrumbList\",\"@id\":\"https:\\\/\\\/amedis.es\\\/tienda\\\/producto\\\/provicol-base-activador\\\/#breadcrumb\",\"itemListElement\":[{\"@type\":\"ListItem\",\"position\":1,\"name\":\"Portada\",\"item\":\"https:\\\/\\\/amedis.es\\\/tienda\\\/\"},{\"@type\":\"ListItem\",\"position\":2,\"name\":\"Amedis | Suministros M\u00e9dicos y Dentales | Tienda\",\"item\":\"https:\\\/\\\/amedis.es\\\/tienda\\\/suministros-medicos-y-dentales\\\/\"},{\"@type\":\"ListItem\",\"position\":3,\"name\":\"PROVICOL BASE + ACTIVADOR\"}]},{\"@type\":\"WebSite\",\"@id\":\"https:\\\/\\\/amedis.es\\\/tienda\\\/#website\",\"url\":\"https:\\\/\\\/amedis.es\\\/tienda\\\/\",\"name\":\"Amedis\",\"description\":\"Suministros M\u00e9dicos y Dentales\",\"publisher\":{\"@id\":\"https:\\\/\\\/amedis.es\\\/tienda\\\/#organization\"},\"potentialAction\":[{\"@type\":\"SearchAction\",\"target\":{\"@type\":\"EntryPoint\",\"urlTemplate\":\"https:\\\/\\\/amedis.es\\\/tienda\\\/?s={search_term_string}\"},\"query-input\":{\"@type\":\"PropertyValueSpecification\",\"valueRequired\":true,\"valueName\":\"search_term_string\"}}],\"inLanguage\":\"es\"},{\"@type\":\"Organization\",\"@id\":\"https:\\\/\\\/amedis.es\\\/tienda\\\/#organization\",\"name\":\"Amedis | Suministros M\u00e9dicos y Dentales\",\"url\":\"https:\\\/\\\/amedis.es\\\/tienda\\\/\",\"logo\":{\"@type\":\"ImageObject\",\"inLanguage\":\"es\",\"@id\":\"https:\\\/\\\/amedis.es\\\/tienda\\\/#\\\/schema\\\/logo\\\/image\\\/\",\"url\":\"https:\\\/\\\/amedis.es\\\/tienda\\\/wp-content\\\/uploads\\\/2020\\\/05\\\/logo-1.png\",\"contentUrl\":\"https:\\\/\\\/amedis.es\\\/tienda\\\/wp-content\\\/uploads\\\/2020\\\/05\\\/logo-1.png\",\"width\":191,\"height\":80,\"caption\":\"Amedis | Suministros M\u00e9dicos y Dentales\"},\"image\":{\"@id\":\"https:\\\/\\\/amedis.es\\\/tienda\\\/#\\\/schema\\\/logo\\\/image\\\/\"}}]}<\/script>\n<!-- \/ Yoast SEO plugin. -->","yoast_head_json":{"title":"PROVICOL BASE + ACTIVADOR | Amedis | SIN EUGENOL VOCO","description":"Provicol. Sin eugenol, a base de hidr\u00f3xido c\u00e1lcico. Cemento provisional sin eugenol con el hidr\u00f3xido de calcio Supra. Provicol.","robots":{"index":"index","follow":"follow","max-snippet":"max-snippet:-1","max-image-preview":"max-image-preview:large","max-video-preview":"max-video-preview:-1"},"canonical":"https:\/\/amedis.es\/tienda\/producto\/provicol-base-activador\/","og_locale":"es_ES","og_type":"article","og_title":"PROVICOL BASE + ACTIVADOR | Amedis | SIN EUGENOL VOCO","og_description":"Provicol. Sin eugenol, a base de hidr\u00f3xido c\u00e1lcico. Cemento provisional sin eugenol con el hidr\u00f3xido de calcio Supra. Provicol.","og_url":"https:\/\/amedis.es\/tienda\/producto\/provicol-base-activador\/","og_site_name":"Amedis","article_modified_time":"2025-06-17T11:04:21+00:00","og_image":[{"width":600,"height":600,"url":"https:\/\/amedis.es\/tienda\/wp-content\/uploads\/2021\/05\/PROVICOL-BASE-ACTIVADOR.jpg","type":"image\/jpeg"}],"twitter_card":"summary_large_image","twitter_misc":{"Tiempo de lectura":"1 minuto"},"schema":{"@context":"https:\/\/schema.org","@graph":[{"@type":"WebPage","@id":"https:\/\/amedis.es\/tienda\/producto\/provicol-base-activador\/","url":"https:\/\/amedis.es\/tienda\/producto\/provicol-base-activador\/","name":"PROVICOL BASE + ACTIVADOR | Amedis | SIN EUGENOL VOCO","isPartOf":{"@id":"https:\/\/amedis.es\/tienda\/#website"},"primaryImageOfPage":{"@id":"https:\/\/amedis.es\/tienda\/producto\/provicol-base-activador\/#primaryimage"},"image":{"@id":"https:\/\/amedis.es\/tienda\/producto\/provicol-base-activador\/#primaryimage"},"thumbnailUrl":"https:\/\/amedis.es\/tienda\/wp-content\/uploads\/2021\/05\/PROVICOL-BASE-ACTIVADOR.jpg","datePublished":"2021-05-06T18:16:43+00:00","dateModified":"2025-06-17T11:04:21+00:00","description":"Provicol. Sin eugenol, a base de hidr\u00f3xido c\u00e1lcico. Cemento provisional sin eugenol con el hidr\u00f3xido de calcio Supra. Provicol.","breadcrumb":{"@id":"https:\/\/amedis.es\/tienda\/producto\/provicol-base-activador\/#breadcrumb"},"inLanguage":"es","potentialAction":[{"@type":"ReadAction","target":["https:\/\/amedis.es\/tienda\/producto\/provicol-base-activador\/"]}]},{"@type":"ImageObject","inLanguage":"es","@id":"https:\/\/amedis.es\/tienda\/producto\/provicol-base-activador\/#primaryimage","url":"https:\/\/amedis.es\/tienda\/wp-content\/uploads\/2021\/05\/PROVICOL-BASE-ACTIVADOR.jpg","contentUrl":"https:\/\/amedis.es\/tienda\/wp-content\/uploads\/2021\/05\/PROVICOL-BASE-ACTIVADOR.jpg","width":600,"height":600,"caption":"Amedis PROVICOL BASE + ACTIVADOR"},{"@type":"BreadcrumbList","@id":"https:\/\/amedis.es\/tienda\/producto\/provicol-base-activador\/#breadcrumb","itemListElement":[{"@type":"ListItem","position":1,"name":"Portada","item":"https:\/\/amedis.es\/tienda\/"},{"@type":"ListItem","position":2,"name":"Amedis | Suministros M\u00e9dicos y Dentales | Tienda","item":"https:\/\/amedis.es\/tienda\/suministros-medicos-y-dentales\/"},{"@type":"ListItem","position":3,"name":"PROVICOL BASE + ACTIVADOR"}]},{"@type":"WebSite","@id":"https:\/\/amedis.es\/tienda\/#website","url":"https:\/\/amedis.es\/tienda\/","name":"Amedis","description":"Suministros M\u00e9dicos y Dentales","publisher":{"@id":"https:\/\/amedis.es\/tienda\/#organization"},"potentialAction":[{"@type":"SearchAction","target":{"@type":"EntryPoint","urlTemplate":"https:\/\/amedis.es\/tienda\/?s={search_term_string}"},"query-input":{"@type":"PropertyValueSpecification","valueRequired":true,"valueName":"search_term_string"}}],"inLanguage":"es"},{"@type":"Organization","@id":"https:\/\/amedis.es\/tienda\/#organization","name":"Amedis | Suministros M\u00e9dicos y Dentales","url":"https:\/\/amedis.es\/tienda\/","logo":{"@type":"ImageObject","inLanguage":"es","@id":"https:\/\/amedis.es\/tienda\/#\/schema\/logo\/image\/","url":"https:\/\/amedis.es\/tienda\/wp-content\/uploads\/2020\/05\/logo-1.png","contentUrl":"https:\/\/amedis.es\/tienda\/wp-content\/uploads\/2020\/05\/logo-1.png","width":191,"height":80,"caption":"Amedis | Suministros M\u00e9dicos y Dentales"},"image":{"@id":"https:\/\/amedis.es\/tienda\/#\/schema\/logo\/image\/"}}]}},"brands":[{"id":2353,"name":"VOCO","slug":"voco"}],"_links":{"self":[{"href":"https:\/\/amedis.es\/tienda\/wp-json\/wp\/v2\/product\/8204","targetHints":{"allow":["GET"]}}],"collection":[{"href":"https:\/\/amedis.es\/tienda\/wp-json\/wp\/v2\/product"}],"about":[{"href":"https:\/\/amedis.es\/tienda\/wp-json\/wp\/v2\/types\/product"}],"wp:featuredmedia":[{"embeddable":true,"href":"https:\/\/amedis.es\/tienda\/wp-json\/wp\/v2\/media\/8205"}],"wp:attachment":[{"href":"https:\/\/amedis.es\/tienda\/wp-json\/wp\/v2\/media?parent=8204"}],"wp:term":[{"taxonomy":"pwb-brand","embeddable":true,"href":"https:\/\/amedis.es\/tienda\/wp-json\/wp\/v2\/pwb-brand?post=8204"},{"taxonomy":"product_brand","embeddable":true,"href":"https:\/\/amedis.es\/tienda\/wp-json\/wp\/v2\/product_brand?post=8204"},{"taxonomy":"product_cat","embeddable":true,"href":"https:\/\/amedis.es\/tienda\/wp-json\/wp\/v2\/product_cat?post=8204"},{"taxonomy":"product_tag","embeddable":true,"href":"https:\/\/amedis.es\/tienda\/wp-json\/wp\/v2\/product_tag?post=8204"}],"curies":[{"name":"wp","href":"https:\/\/api.w.org\/{rel}","templated":true}]}}