{"id":7227,"date":"2021-04-07T21:07:57","date_gmt":"2021-04-07T21:07:57","guid":{"rendered":"https:\/\/amedis.es\/tienda\/?post_type=product&#038;p=7227"},"modified":"2026-01-26T16:41:14","modified_gmt":"2026-01-26T16:41:14","slug":"reposicion-sof-lex-pulido-spiral-lila","status":"publish","type":"product","link":"https:\/\/amedis.es\/tienda\/producto\/reposicion-sof-lex-pulido-spiral-lila\/","title":{"rendered":"REPOSICI\u00d3N SOF-LEX PULIDO SPIRAL LILA"},"content":{"rendered":"<p>Reposici\u00f3n Sof-Lex pulido spiral lila. El Sistema de pulido de diamante Sof-Lex est\u00e1 dise\u00f1ado para maximizar los resultados est\u00e9ticos sin necesidad de usar pasta de pulido, consiguiendo los mismos resultados que con un sistema de gomas en un menor tiempo. No se incluyen mandriles. La reposici\u00f3n de mandriles es la ref: 135043<\/p>\n","protected":false},"excerpt":{"rendered":"<p>CONTENIDO: 15 discos.<\/p>\n","protected":false},"featured_media":36302,"template":"","meta":[],"pwb-brand":[2358],"product_brand":[],"product_cat":[245,249],"product_tag":[],"class_list":{"0":"post-7227","1":"product","2":"type-product","3":"status-publish","4":"has-post-thumbnail","6":"pwb-brand-solventum-3m","7":"product_cat-pulidores","8":"product_cat-pulidores-para-composite","10":"first","11":"instock","12":"sale","13":"taxable","14":"shipping-taxable","15":"purchasable","16":"product-type-simple"},"yoast_head":"<!-- This site is optimized with the Yoast SEO plugin v27.3 - https:\/\/yoast.com\/product\/yoast-seo-wordpress\/ -->\n<title>REPOSICI\u00d3N SOF-LEX PULIDO SPIRAL LILA | Amedis<\/title>\n<meta name=\"description\" content=\"Reposici\u00f3n Sof-Lex pulido spiral lila. El Sistema de pulido de diamante Sof-Lex est\u00e1 dise\u00f1ado para maximizar los resultados est\u00e9ticos.\" \/>\n<meta name=\"robots\" content=\"index, follow, max-snippet:-1, max-image-preview:large, max-video-preview:-1\" \/>\n<link rel=\"canonical\" href=\"https:\/\/amedis.es\/tienda\/producto\/reposicion-sof-lex-pulido-spiral-lila\/\" \/>\n<meta property=\"og:locale\" content=\"es_ES\" \/>\n<meta property=\"og:type\" content=\"article\" \/>\n<meta property=\"og:title\" content=\"REPOSICI\u00d3N SOF-LEX PULIDO SPIRAL LILA | Amedis\" \/>\n<meta property=\"og:description\" content=\"Reposici\u00f3n Sof-Lex pulido spiral lila. El Sistema de pulido de diamante Sof-Lex est\u00e1 dise\u00f1ado para maximizar los resultados est\u00e9ticos.\" \/>\n<meta property=\"og:url\" content=\"https:\/\/amedis.es\/tienda\/producto\/reposicion-sof-lex-pulido-spiral-lila\/\" \/>\n<meta property=\"og:site_name\" content=\"Amedis\" \/>\n<meta property=\"article:modified_time\" content=\"2026-01-26T16:41:14+00:00\" \/>\n<meta property=\"og:image\" content=\"https:\/\/amedis.es\/tienda\/wp-content\/uploads\/2021\/04\/REPOSICION-SOF-LEX-PULIDO-SPIRAL-LILA-1.jpg\" \/>\n\t<meta property=\"og:image:width\" content=\"600\" \/>\n\t<meta property=\"og:image:height\" content=\"600\" \/>\n\t<meta property=\"og:image:type\" content=\"image\/jpeg\" \/>\n<meta name=\"twitter:card\" content=\"summary_large_image\" \/>\n<meta name=\"twitter:label1\" content=\"Tiempo de lectura\" \/>\n\t<meta name=\"twitter:data1\" content=\"1 minuto\" \/>\n<script type=\"application\/ld+json\" class=\"yoast-schema-graph\">{\"@context\":\"https:\\\/\\\/schema.org\",\"@graph\":[{\"@type\":\"WebPage\",\"@id\":\"https:\\\/\\\/amedis.es\\\/tienda\\\/producto\\\/reposicion-sof-lex-pulido-spiral-lila\\\/\",\"url\":\"https:\\\/\\\/amedis.es\\\/tienda\\\/producto\\\/reposicion-sof-lex-pulido-spiral-lila\\\/\",\"name\":\"REPOSICI\u00d3N SOF-LEX PULIDO SPIRAL LILA | Amedis\",\"isPartOf\":{\"@id\":\"https:\\\/\\\/amedis.es\\\/tienda\\\/#website\"},\"primaryImageOfPage\":{\"@id\":\"https:\\\/\\\/amedis.es\\\/tienda\\\/producto\\\/reposicion-sof-lex-pulido-spiral-lila\\\/#primaryimage\"},\"image\":{\"@id\":\"https:\\\/\\\/amedis.es\\\/tienda\\\/producto\\\/reposicion-sof-lex-pulido-spiral-lila\\\/#primaryimage\"},\"thumbnailUrl\":\"https:\\\/\\\/amedis.es\\\/tienda\\\/wp-content\\\/uploads\\\/2021\\\/04\\\/REPOSICION-SOF-LEX-PULIDO-SPIRAL-LILA-1.jpg\",\"datePublished\":\"2021-04-07T21:07:57+00:00\",\"dateModified\":\"2026-01-26T16:41:14+00:00\",\"description\":\"Reposici\u00f3n Sof-Lex pulido spiral lila. El Sistema de pulido de diamante Sof-Lex est\u00e1 dise\u00f1ado para maximizar los resultados est\u00e9ticos.\",\"breadcrumb\":{\"@id\":\"https:\\\/\\\/amedis.es\\\/tienda\\\/producto\\\/reposicion-sof-lex-pulido-spiral-lila\\\/#breadcrumb\"},\"inLanguage\":\"es\",\"potentialAction\":[{\"@type\":\"ReadAction\",\"target\":[\"https:\\\/\\\/amedis.es\\\/tienda\\\/producto\\\/reposicion-sof-lex-pulido-spiral-lila\\\/\"]}]},{\"@type\":\"ImageObject\",\"inLanguage\":\"es\",\"@id\":\"https:\\\/\\\/amedis.es\\\/tienda\\\/producto\\\/reposicion-sof-lex-pulido-spiral-lila\\\/#primaryimage\",\"url\":\"https:\\\/\\\/amedis.es\\\/tienda\\\/wp-content\\\/uploads\\\/2021\\\/04\\\/REPOSICION-SOF-LEX-PULIDO-SPIRAL-LILA-1.jpg\",\"contentUrl\":\"https:\\\/\\\/amedis.es\\\/tienda\\\/wp-content\\\/uploads\\\/2021\\\/04\\\/REPOSICION-SOF-LEX-PULIDO-SPIRAL-LILA-1.jpg\",\"width\":600,\"height\":600,\"caption\":\"Amedis REPOSICI\u00d3N SOF-LEX PULIDO SPIRAL LILA\"},{\"@type\":\"BreadcrumbList\",\"@id\":\"https:\\\/\\\/amedis.es\\\/tienda\\\/producto\\\/reposicion-sof-lex-pulido-spiral-lila\\\/#breadcrumb\",\"itemListElement\":[{\"@type\":\"ListItem\",\"position\":1,\"name\":\"Portada\",\"item\":\"https:\\\/\\\/amedis.es\\\/tienda\\\/\"},{\"@type\":\"ListItem\",\"position\":2,\"name\":\"Amedis | Suministros M\u00e9dicos y Dentales | Tienda\",\"item\":\"https:\\\/\\\/amedis.es\\\/tienda\\\/suministros-medicos-y-dentales\\\/\"},{\"@type\":\"ListItem\",\"position\":3,\"name\":\"REPOSICI\u00d3N SOF-LEX PULIDO SPIRAL LILA\"}]},{\"@type\":\"WebSite\",\"@id\":\"https:\\\/\\\/amedis.es\\\/tienda\\\/#website\",\"url\":\"https:\\\/\\\/amedis.es\\\/tienda\\\/\",\"name\":\"Amedis\",\"description\":\"Suministros M\u00e9dicos y Dentales\",\"publisher\":{\"@id\":\"https:\\\/\\\/amedis.es\\\/tienda\\\/#organization\"},\"potentialAction\":[{\"@type\":\"SearchAction\",\"target\":{\"@type\":\"EntryPoint\",\"urlTemplate\":\"https:\\\/\\\/amedis.es\\\/tienda\\\/?s={search_term_string}\"},\"query-input\":{\"@type\":\"PropertyValueSpecification\",\"valueRequired\":true,\"valueName\":\"search_term_string\"}}],\"inLanguage\":\"es\"},{\"@type\":\"Organization\",\"@id\":\"https:\\\/\\\/amedis.es\\\/tienda\\\/#organization\",\"name\":\"Amedis | Suministros M\u00e9dicos y Dentales\",\"url\":\"https:\\\/\\\/amedis.es\\\/tienda\\\/\",\"logo\":{\"@type\":\"ImageObject\",\"inLanguage\":\"es\",\"@id\":\"https:\\\/\\\/amedis.es\\\/tienda\\\/#\\\/schema\\\/logo\\\/image\\\/\",\"url\":\"https:\\\/\\\/amedis.es\\\/tienda\\\/wp-content\\\/uploads\\\/2020\\\/05\\\/logo-1.png\",\"contentUrl\":\"https:\\\/\\\/amedis.es\\\/tienda\\\/wp-content\\\/uploads\\\/2020\\\/05\\\/logo-1.png\",\"width\":191,\"height\":80,\"caption\":\"Amedis | Suministros M\u00e9dicos y Dentales\"},\"image\":{\"@id\":\"https:\\\/\\\/amedis.es\\\/tienda\\\/#\\\/schema\\\/logo\\\/image\\\/\"}}]}<\/script>\n<!-- \/ Yoast SEO plugin. -->","yoast_head_json":{"title":"REPOSICI\u00d3N SOF-LEX PULIDO SPIRAL LILA | Amedis","description":"Reposici\u00f3n Sof-Lex pulido spiral lila. El Sistema de pulido de diamante Sof-Lex est\u00e1 dise\u00f1ado para maximizar los resultados est\u00e9ticos.","robots":{"index":"index","follow":"follow","max-snippet":"max-snippet:-1","max-image-preview":"max-image-preview:large","max-video-preview":"max-video-preview:-1"},"canonical":"https:\/\/amedis.es\/tienda\/producto\/reposicion-sof-lex-pulido-spiral-lila\/","og_locale":"es_ES","og_type":"article","og_title":"REPOSICI\u00d3N SOF-LEX PULIDO SPIRAL LILA | Amedis","og_description":"Reposici\u00f3n Sof-Lex pulido spiral lila. El Sistema de pulido de diamante Sof-Lex est\u00e1 dise\u00f1ado para maximizar los resultados est\u00e9ticos.","og_url":"https:\/\/amedis.es\/tienda\/producto\/reposicion-sof-lex-pulido-spiral-lila\/","og_site_name":"Amedis","article_modified_time":"2026-01-26T16:41:14+00:00","og_image":[{"width":600,"height":600,"url":"https:\/\/amedis.es\/tienda\/wp-content\/uploads\/2021\/04\/REPOSICION-SOF-LEX-PULIDO-SPIRAL-LILA-1.jpg","type":"image\/jpeg"}],"twitter_card":"summary_large_image","twitter_misc":{"Tiempo de lectura":"1 minuto"},"schema":{"@context":"https:\/\/schema.org","@graph":[{"@type":"WebPage","@id":"https:\/\/amedis.es\/tienda\/producto\/reposicion-sof-lex-pulido-spiral-lila\/","url":"https:\/\/amedis.es\/tienda\/producto\/reposicion-sof-lex-pulido-spiral-lila\/","name":"REPOSICI\u00d3N SOF-LEX PULIDO SPIRAL LILA | Amedis","isPartOf":{"@id":"https:\/\/amedis.es\/tienda\/#website"},"primaryImageOfPage":{"@id":"https:\/\/amedis.es\/tienda\/producto\/reposicion-sof-lex-pulido-spiral-lila\/#primaryimage"},"image":{"@id":"https:\/\/amedis.es\/tienda\/producto\/reposicion-sof-lex-pulido-spiral-lila\/#primaryimage"},"thumbnailUrl":"https:\/\/amedis.es\/tienda\/wp-content\/uploads\/2021\/04\/REPOSICION-SOF-LEX-PULIDO-SPIRAL-LILA-1.jpg","datePublished":"2021-04-07T21:07:57+00:00","dateModified":"2026-01-26T16:41:14+00:00","description":"Reposici\u00f3n Sof-Lex pulido spiral lila. El Sistema de pulido de diamante Sof-Lex est\u00e1 dise\u00f1ado para maximizar los resultados est\u00e9ticos.","breadcrumb":{"@id":"https:\/\/amedis.es\/tienda\/producto\/reposicion-sof-lex-pulido-spiral-lila\/#breadcrumb"},"inLanguage":"es","potentialAction":[{"@type":"ReadAction","target":["https:\/\/amedis.es\/tienda\/producto\/reposicion-sof-lex-pulido-spiral-lila\/"]}]},{"@type":"ImageObject","inLanguage":"es","@id":"https:\/\/amedis.es\/tienda\/producto\/reposicion-sof-lex-pulido-spiral-lila\/#primaryimage","url":"https:\/\/amedis.es\/tienda\/wp-content\/uploads\/2021\/04\/REPOSICION-SOF-LEX-PULIDO-SPIRAL-LILA-1.jpg","contentUrl":"https:\/\/amedis.es\/tienda\/wp-content\/uploads\/2021\/04\/REPOSICION-SOF-LEX-PULIDO-SPIRAL-LILA-1.jpg","width":600,"height":600,"caption":"Amedis REPOSICI\u00d3N SOF-LEX PULIDO SPIRAL LILA"},{"@type":"BreadcrumbList","@id":"https:\/\/amedis.es\/tienda\/producto\/reposicion-sof-lex-pulido-spiral-lila\/#breadcrumb","itemListElement":[{"@type":"ListItem","position":1,"name":"Portada","item":"https:\/\/amedis.es\/tienda\/"},{"@type":"ListItem","position":2,"name":"Amedis | Suministros M\u00e9dicos y Dentales | Tienda","item":"https:\/\/amedis.es\/tienda\/suministros-medicos-y-dentales\/"},{"@type":"ListItem","position":3,"name":"REPOSICI\u00d3N SOF-LEX PULIDO SPIRAL LILA"}]},{"@type":"WebSite","@id":"https:\/\/amedis.es\/tienda\/#website","url":"https:\/\/amedis.es\/tienda\/","name":"Amedis","description":"Suministros M\u00e9dicos y Dentales","publisher":{"@id":"https:\/\/amedis.es\/tienda\/#organization"},"potentialAction":[{"@type":"SearchAction","target":{"@type":"EntryPoint","urlTemplate":"https:\/\/amedis.es\/tienda\/?s={search_term_string}"},"query-input":{"@type":"PropertyValueSpecification","valueRequired":true,"valueName":"search_term_string"}}],"inLanguage":"es"},{"@type":"Organization","@id":"https:\/\/amedis.es\/tienda\/#organization","name":"Amedis | Suministros M\u00e9dicos y Dentales","url":"https:\/\/amedis.es\/tienda\/","logo":{"@type":"ImageObject","inLanguage":"es","@id":"https:\/\/amedis.es\/tienda\/#\/schema\/logo\/image\/","url":"https:\/\/amedis.es\/tienda\/wp-content\/uploads\/2020\/05\/logo-1.png","contentUrl":"https:\/\/amedis.es\/tienda\/wp-content\/uploads\/2020\/05\/logo-1.png","width":191,"height":80,"caption":"Amedis | Suministros M\u00e9dicos y Dentales"},"image":{"@id":"https:\/\/amedis.es\/tienda\/#\/schema\/logo\/image\/"}}]}},"brands":[{"id":2358,"name":"SOLVENTUM (3M)","slug":"solventum-3m"}],"_links":{"self":[{"href":"https:\/\/amedis.es\/tienda\/wp-json\/wp\/v2\/product\/7227","targetHints":{"allow":["GET"]}}],"collection":[{"href":"https:\/\/amedis.es\/tienda\/wp-json\/wp\/v2\/product"}],"about":[{"href":"https:\/\/amedis.es\/tienda\/wp-json\/wp\/v2\/types\/product"}],"wp:featuredmedia":[{"embeddable":true,"href":"https:\/\/amedis.es\/tienda\/wp-json\/wp\/v2\/media\/36302"}],"wp:attachment":[{"href":"https:\/\/amedis.es\/tienda\/wp-json\/wp\/v2\/media?parent=7227"}],"wp:term":[{"taxonomy":"pwb-brand","embeddable":true,"href":"https:\/\/amedis.es\/tienda\/wp-json\/wp\/v2\/pwb-brand?post=7227"},{"taxonomy":"product_brand","embeddable":true,"href":"https:\/\/amedis.es\/tienda\/wp-json\/wp\/v2\/product_brand?post=7227"},{"taxonomy":"product_cat","embeddable":true,"href":"https:\/\/amedis.es\/tienda\/wp-json\/wp\/v2\/product_cat?post=7227"},{"taxonomy":"product_tag","embeddable":true,"href":"https:\/\/amedis.es\/tienda\/wp-json\/wp\/v2\/product_tag?post=7227"}],"curies":[{"name":"wp","href":"https:\/\/api.w.org\/{rel}","templated":true}]}}