{"id":6586,"date":"2021-03-28T20:26:42","date_gmt":"2021-03-28T20:26:42","guid":{"rendered":"https:\/\/amedis.es\/tienda\/?post_type=product&#038;p=6586"},"modified":"2025-05-05T17:25:56","modified_gmt":"2025-05-05T17:25:56","slug":"vivastyle-paint-on-plus","status":"publish","type":"product","link":"https:\/\/amedis.es\/tienda\/producto\/vivastyle-paint-on-plus\/","title":{"rendered":"VIVASTYLE PAINT ON PLUS"},"content":{"rendered":"<p>VivaStyle paint on Plus. VivaStyle Paint On Plus con un contenido del 6% de per\u00f3xido de hidrogeno se aplica directamente a los dientes con un cepillo. El barniz no se disuelve en la saliva y hace efecto a los pocos minutos de ser aplicado. El producto puede ser utilizado para blanquear dientes individuales as\u00ed como dentaduras completas. Se puede realizar un tratamiento intensivo en la cl\u00ednica. VivaStyle Paint On Plus se aplica varias veces durante una sesi\u00f3n del tratamiento.<\/p>\n<p>VENTA EXCLUSIVA A ODONT\u00d3LOGOS<\/p>\n","protected":false},"excerpt":{"rendered":"<p>CONTENIDO: 1 Tubo 20 ml. + 14 pinceles desechables + 25 bandejas desechables + Instrucciones de Uso + Flow chart.<\/p>\n","protected":false},"featured_media":6587,"template":"","meta":[],"pwb-brand":[2359],"product_brand":[],"product_cat":[1538,214],"product_tag":[],"class_list":{"0":"post-6586","1":"product","2":"type-product","3":"status-publish","4":"has-post-thumbnail","6":"pwb-brand-ivoclar","7":"product_cat-blanqueamiento-para-clinica","8":"product_cat-prevencion-y-profilaxis","10":"first","11":"onbackorder","12":"sale","13":"taxable","14":"shipping-taxable","15":"purchasable","16":"product-type-simple"},"yoast_head":"<!-- This site is optimized with the Yoast SEO plugin v27.4 - https:\/\/yoast.com\/product\/yoast-seo-wordpress\/ -->\n<title>VivaStyle paint on Plus | Amedis<\/title>\n<meta name=\"description\" content=\"VivaStyle paint on Plus. VivaStyle Paint On Plus con un contenido del 6% de per\u00f3xido de hidrogeno se aplica directamente a los dientes.\" \/>\n<meta name=\"robots\" content=\"index, follow, max-snippet:-1, max-image-preview:large, max-video-preview:-1\" \/>\n<link rel=\"canonical\" href=\"https:\/\/amedis.es\/tienda\/?product=vivastyle-paint-on-plus\" \/>\n<meta property=\"og:locale\" content=\"es_ES\" \/>\n<meta property=\"og:type\" content=\"article\" \/>\n<meta property=\"og:title\" content=\"VivaStyle paint on Plus | Amedis\" \/>\n<meta property=\"og:description\" content=\"VivaStyle paint on Plus. VivaStyle Paint On Plus con un contenido del 6% de per\u00f3xido de hidrogeno se aplica directamente a los dientes.\" \/>\n<meta property=\"og:url\" content=\"https:\/\/amedis.es\/tienda\/?product=vivastyle-paint-on-plus\" \/>\n<meta property=\"og:site_name\" content=\"Amedis\" \/>\n<meta property=\"article:modified_time\" content=\"2025-05-05T17:25:56+00:00\" \/>\n<meta property=\"og:image\" content=\"https:\/\/amedis.es\/tienda\/wp-content\/uploads\/2021\/03\/VIVASTYLE-PAINT-ON-PLUS.jpg\" \/>\n\t<meta property=\"og:image:width\" content=\"600\" \/>\n\t<meta property=\"og:image:height\" content=\"600\" \/>\n\t<meta property=\"og:image:type\" content=\"image\/jpeg\" \/>\n<meta name=\"twitter:card\" content=\"summary_large_image\" \/>\n<meta name=\"twitter:label1\" content=\"Tiempo de lectura\" \/>\n\t<meta name=\"twitter:data1\" content=\"1 minuto\" \/>\n<script type=\"application\/ld+json\" class=\"yoast-schema-graph\">{\"@context\":\"https:\\\/\\\/schema.org\",\"@graph\":[{\"@type\":\"WebPage\",\"@id\":\"https:\\\/\\\/amedis.es\\\/tienda\\\/?product=vivastyle-paint-on-plus\",\"url\":\"https:\\\/\\\/amedis.es\\\/tienda\\\/?product=vivastyle-paint-on-plus\",\"name\":\"VivaStyle paint on Plus | Amedis\",\"isPartOf\":{\"@id\":\"https:\\\/\\\/amedis.es\\\/tienda\\\/#website\"},\"primaryImageOfPage\":{\"@id\":\"https:\\\/\\\/amedis.es\\\/tienda\\\/?product=vivastyle-paint-on-plus#primaryimage\"},\"image\":{\"@id\":\"https:\\\/\\\/amedis.es\\\/tienda\\\/?product=vivastyle-paint-on-plus#primaryimage\"},\"thumbnailUrl\":\"https:\\\/\\\/amedis.es\\\/tienda\\\/wp-content\\\/uploads\\\/2021\\\/03\\\/VIVASTYLE-PAINT-ON-PLUS.jpg\",\"datePublished\":\"2021-03-28T20:26:42+00:00\",\"dateModified\":\"2025-05-05T17:25:56+00:00\",\"description\":\"VivaStyle paint on Plus. VivaStyle Paint On Plus con un contenido del 6% de per\u00f3xido de hidrogeno se aplica directamente a los dientes.\",\"breadcrumb\":{\"@id\":\"https:\\\/\\\/amedis.es\\\/tienda\\\/?product=vivastyle-paint-on-plus#breadcrumb\"},\"inLanguage\":\"es\",\"potentialAction\":[{\"@type\":\"ReadAction\",\"target\":[\"https:\\\/\\\/amedis.es\\\/tienda\\\/?product=vivastyle-paint-on-plus\"]}]},{\"@type\":\"ImageObject\",\"inLanguage\":\"es\",\"@id\":\"https:\\\/\\\/amedis.es\\\/tienda\\\/?product=vivastyle-paint-on-plus#primaryimage\",\"url\":\"https:\\\/\\\/amedis.es\\\/tienda\\\/wp-content\\\/uploads\\\/2021\\\/03\\\/VIVASTYLE-PAINT-ON-PLUS.jpg\",\"contentUrl\":\"https:\\\/\\\/amedis.es\\\/tienda\\\/wp-content\\\/uploads\\\/2021\\\/03\\\/VIVASTYLE-PAINT-ON-PLUS.jpg\",\"width\":600,\"height\":600,\"caption\":\"Amedis VIVASTYLE PAINT ON PLUS\"},{\"@type\":\"BreadcrumbList\",\"@id\":\"https:\\\/\\\/amedis.es\\\/tienda\\\/?product=vivastyle-paint-on-plus#breadcrumb\",\"itemListElement\":[{\"@type\":\"ListItem\",\"position\":1,\"name\":\"Portada\",\"item\":\"https:\\\/\\\/amedis.es\\\/tienda\\\/\"},{\"@type\":\"ListItem\",\"position\":2,\"name\":\"Amedis | Suministros M\u00e9dicos y Dentales | Tienda\",\"item\":\"https:\\\/\\\/amedis.es\\\/tienda\\\/suministros-medicos-y-dentales\\\/\"},{\"@type\":\"ListItem\",\"position\":3,\"name\":\"VIVASTYLE PAINT ON PLUS\"}]},{\"@type\":\"WebSite\",\"@id\":\"https:\\\/\\\/amedis.es\\\/tienda\\\/#website\",\"url\":\"https:\\\/\\\/amedis.es\\\/tienda\\\/\",\"name\":\"Amedis\",\"description\":\"Suministros M\u00e9dicos y Dentales\",\"publisher\":{\"@id\":\"https:\\\/\\\/amedis.es\\\/tienda\\\/#organization\"},\"potentialAction\":[{\"@type\":\"SearchAction\",\"target\":{\"@type\":\"EntryPoint\",\"urlTemplate\":\"https:\\\/\\\/amedis.es\\\/tienda\\\/?s={search_term_string}\"},\"query-input\":{\"@type\":\"PropertyValueSpecification\",\"valueRequired\":true,\"valueName\":\"search_term_string\"}}],\"inLanguage\":\"es\"},{\"@type\":\"Organization\",\"@id\":\"https:\\\/\\\/amedis.es\\\/tienda\\\/#organization\",\"name\":\"Amedis | Suministros M\u00e9dicos y Dentales\",\"url\":\"https:\\\/\\\/amedis.es\\\/tienda\\\/\",\"logo\":{\"@type\":\"ImageObject\",\"inLanguage\":\"es\",\"@id\":\"https:\\\/\\\/amedis.es\\\/tienda\\\/#\\\/schema\\\/logo\\\/image\\\/\",\"url\":\"https:\\\/\\\/amedis.es\\\/tienda\\\/wp-content\\\/uploads\\\/2020\\\/05\\\/logo-1.png\",\"contentUrl\":\"https:\\\/\\\/amedis.es\\\/tienda\\\/wp-content\\\/uploads\\\/2020\\\/05\\\/logo-1.png\",\"width\":191,\"height\":80,\"caption\":\"Amedis | Suministros M\u00e9dicos y Dentales\"},\"image\":{\"@id\":\"https:\\\/\\\/amedis.es\\\/tienda\\\/#\\\/schema\\\/logo\\\/image\\\/\"}}]}<\/script>\n<!-- \/ Yoast SEO plugin. -->","yoast_head_json":{"title":"VivaStyle paint on Plus | Amedis","description":"VivaStyle paint on Plus. VivaStyle Paint On Plus con un contenido del 6% de per\u00f3xido de hidrogeno se aplica directamente a los dientes.","robots":{"index":"index","follow":"follow","max-snippet":"max-snippet:-1","max-image-preview":"max-image-preview:large","max-video-preview":"max-video-preview:-1"},"canonical":"https:\/\/amedis.es\/tienda\/?product=vivastyle-paint-on-plus","og_locale":"es_ES","og_type":"article","og_title":"VivaStyle paint on Plus | Amedis","og_description":"VivaStyle paint on Plus. VivaStyle Paint On Plus con un contenido del 6% de per\u00f3xido de hidrogeno se aplica directamente a los dientes.","og_url":"https:\/\/amedis.es\/tienda\/?product=vivastyle-paint-on-plus","og_site_name":"Amedis","article_modified_time":"2025-05-05T17:25:56+00:00","og_image":[{"width":600,"height":600,"url":"https:\/\/amedis.es\/tienda\/wp-content\/uploads\/2021\/03\/VIVASTYLE-PAINT-ON-PLUS.jpg","type":"image\/jpeg"}],"twitter_card":"summary_large_image","twitter_misc":{"Tiempo de lectura":"1 minuto"},"schema":{"@context":"https:\/\/schema.org","@graph":[{"@type":"WebPage","@id":"https:\/\/amedis.es\/tienda\/?product=vivastyle-paint-on-plus","url":"https:\/\/amedis.es\/tienda\/?product=vivastyle-paint-on-plus","name":"VivaStyle paint on Plus | Amedis","isPartOf":{"@id":"https:\/\/amedis.es\/tienda\/#website"},"primaryImageOfPage":{"@id":"https:\/\/amedis.es\/tienda\/?product=vivastyle-paint-on-plus#primaryimage"},"image":{"@id":"https:\/\/amedis.es\/tienda\/?product=vivastyle-paint-on-plus#primaryimage"},"thumbnailUrl":"https:\/\/amedis.es\/tienda\/wp-content\/uploads\/2021\/03\/VIVASTYLE-PAINT-ON-PLUS.jpg","datePublished":"2021-03-28T20:26:42+00:00","dateModified":"2025-05-05T17:25:56+00:00","description":"VivaStyle paint on Plus. VivaStyle Paint On Plus con un contenido del 6% de per\u00f3xido de hidrogeno se aplica directamente a los dientes.","breadcrumb":{"@id":"https:\/\/amedis.es\/tienda\/?product=vivastyle-paint-on-plus#breadcrumb"},"inLanguage":"es","potentialAction":[{"@type":"ReadAction","target":["https:\/\/amedis.es\/tienda\/?product=vivastyle-paint-on-plus"]}]},{"@type":"ImageObject","inLanguage":"es","@id":"https:\/\/amedis.es\/tienda\/?product=vivastyle-paint-on-plus#primaryimage","url":"https:\/\/amedis.es\/tienda\/wp-content\/uploads\/2021\/03\/VIVASTYLE-PAINT-ON-PLUS.jpg","contentUrl":"https:\/\/amedis.es\/tienda\/wp-content\/uploads\/2021\/03\/VIVASTYLE-PAINT-ON-PLUS.jpg","width":600,"height":600,"caption":"Amedis VIVASTYLE PAINT ON PLUS"},{"@type":"BreadcrumbList","@id":"https:\/\/amedis.es\/tienda\/?product=vivastyle-paint-on-plus#breadcrumb","itemListElement":[{"@type":"ListItem","position":1,"name":"Portada","item":"https:\/\/amedis.es\/tienda\/"},{"@type":"ListItem","position":2,"name":"Amedis | Suministros M\u00e9dicos y Dentales | Tienda","item":"https:\/\/amedis.es\/tienda\/suministros-medicos-y-dentales\/"},{"@type":"ListItem","position":3,"name":"VIVASTYLE PAINT ON PLUS"}]},{"@type":"WebSite","@id":"https:\/\/amedis.es\/tienda\/#website","url":"https:\/\/amedis.es\/tienda\/","name":"Amedis","description":"Suministros M\u00e9dicos y Dentales","publisher":{"@id":"https:\/\/amedis.es\/tienda\/#organization"},"potentialAction":[{"@type":"SearchAction","target":{"@type":"EntryPoint","urlTemplate":"https:\/\/amedis.es\/tienda\/?s={search_term_string}"},"query-input":{"@type":"PropertyValueSpecification","valueRequired":true,"valueName":"search_term_string"}}],"inLanguage":"es"},{"@type":"Organization","@id":"https:\/\/amedis.es\/tienda\/#organization","name":"Amedis | Suministros M\u00e9dicos y Dentales","url":"https:\/\/amedis.es\/tienda\/","logo":{"@type":"ImageObject","inLanguage":"es","@id":"https:\/\/amedis.es\/tienda\/#\/schema\/logo\/image\/","url":"https:\/\/amedis.es\/tienda\/wp-content\/uploads\/2020\/05\/logo-1.png","contentUrl":"https:\/\/amedis.es\/tienda\/wp-content\/uploads\/2020\/05\/logo-1.png","width":191,"height":80,"caption":"Amedis | Suministros M\u00e9dicos y Dentales"},"image":{"@id":"https:\/\/amedis.es\/tienda\/#\/schema\/logo\/image\/"}}]}},"brands":[{"id":2359,"name":"IVOCLAR","slug":"ivoclar"}],"_links":{"self":[{"href":"https:\/\/amedis.es\/tienda\/wp-json\/wp\/v2\/product\/6586","targetHints":{"allow":["GET"]}}],"collection":[{"href":"https:\/\/amedis.es\/tienda\/wp-json\/wp\/v2\/product"}],"about":[{"href":"https:\/\/amedis.es\/tienda\/wp-json\/wp\/v2\/types\/product"}],"wp:featuredmedia":[{"embeddable":true,"href":"https:\/\/amedis.es\/tienda\/wp-json\/wp\/v2\/media\/6587"}],"wp:attachment":[{"href":"https:\/\/amedis.es\/tienda\/wp-json\/wp\/v2\/media?parent=6586"}],"wp:term":[{"taxonomy":"pwb-brand","embeddable":true,"href":"https:\/\/amedis.es\/tienda\/wp-json\/wp\/v2\/pwb-brand?post=6586"},{"taxonomy":"product_brand","embeddable":true,"href":"https:\/\/amedis.es\/tienda\/wp-json\/wp\/v2\/product_brand?post=6586"},{"taxonomy":"product_cat","embeddable":true,"href":"https:\/\/amedis.es\/tienda\/wp-json\/wp\/v2\/product_cat?post=6586"},{"taxonomy":"product_tag","embeddable":true,"href":"https:\/\/amedis.es\/tienda\/wp-json\/wp\/v2\/product_tag?post=6586"}],"curies":[{"name":"wp","href":"https:\/\/api.w.org\/{rel}","templated":true}]}}