{"id":6338,"date":"2021-03-23T16:22:20","date_gmt":"2021-03-23T16:22:20","guid":{"rendered":"https:\/\/amedis.es\/tienda\/?post_type=product&#038;p=6338"},"modified":"2025-04-22T14:27:24","modified_gmt":"2025-04-22T14:27:24","slug":"carbopost-reposicion","status":"publish","type":"product","link":"https:\/\/amedis.es\/tienda\/producto\/carbopost-reposicion\/","title":{"rendered":"CARBOPOST REPOSICION"},"content":{"rendered":"<p>Carbopost reposici\u00f3n. Los Carbopost de Abrasive Technology son postes de fibra reforzada. Estos postes est\u00e1n compuestos 60% de fibra de carbono reforzadas con un 40% de resina epoxi. Indicados para la reconstrucci\u00f3n de dientes tras una endodoncia. Es la opci\u00f3n ideal para restauraciones libres de metal. Estos postes han demostrado tener el mismo comportamiento mec\u00e1nico que los postes de metal. Tan resistentes como ellos pero a la vez reducen el esfuerzo ya que transmiten el estr\u00e9s de una manera progresiva y regular a toda la superficie recubierta. Con forma anat\u00f3mica, codificados por colores.<\/p>\n<p>Los postes Carbopost absorben los impactos y tienen una alta resistencia a la fatiga. Biocompatible y libre de corrosi\u00f3n. Radiopaco. Esterilizables en autoclave hasta 135\u00baC. Carbopost posee unas cualidades adhesivas superiores, provocando una uni\u00f3n real entre el poste, el diente y el producto.<\/p>\n<p>CARACTERISTICAS<\/p>\n<p>&#8211; Postes de fibra de carbono reforzada.<br \/>\n&#8211; 60% fibra de carbono + 40% resina epoxi.<br \/>\n&#8211; Para la reconstrucci\u00f3n de dientes tras una endodoncia.<br \/>\n&#8211; Transmite el estr\u00e9s de forma progresiva y regular.<br \/>\n&#8211; Forma anat\u00f3mica.<br \/>\n&#8211; Codificados por colores.<br \/>\n&#8211; Absorben los impactos.<br \/>\n&#8211; Alta resistencia a la fatiga.<br \/>\n&#8211; Biocompatible y libre de corrosi\u00f3n.<br \/>\n&#8211; Radiopaco.<br \/>\n&#8211; Autoclavable hasta 135\u00baC.<br \/>\n&#8211; Cualidades adhesivas superiores.<\/p>\n","protected":false},"excerpt":{"rendered":"<p>CONTENIDO: 10 postes.<\/p>\n","protected":false},"featured_media":6339,"template":"","meta":[],"pwb-brand":[2404],"product_brand":[],"product_cat":[207,212],"product_tag":[],"class_list":{"0":"post-6338","1":"product","2":"type-product","3":"status-publish","4":"has-post-thumbnail","6":"pwb-brand-carbotech","7":"product_cat-postes","8":"product_cat-postes-de-carbono","10":"first","11":"instock","12":"sale","13":"taxable","14":"shipping-taxable","15":"purchasable","16":"product-type-variable"},"yoast_head":"<!-- This site is optimized with the Yoast SEO plugin v27.4 - https:\/\/yoast.com\/product\/yoast-seo-wordpress\/ -->\n<title>CARBOPOST REPOSICION | Amedis<\/title>\n<meta name=\"description\" content=\"Carbopost reposicion. Los Carbopost de Abrasive Technology son postes de fibra reforzada. Compuestos 60% de fibra de carbono reforzadas.\" \/>\n<meta name=\"robots\" content=\"index, follow, max-snippet:-1, max-image-preview:large, max-video-preview:-1\" \/>\n<link rel=\"canonical\" href=\"https:\/\/amedis.es\/tienda\/?product=carbopost-reposicion\" \/>\n<meta property=\"og:locale\" content=\"es_ES\" \/>\n<meta property=\"og:type\" content=\"article\" \/>\n<meta property=\"og:title\" content=\"CARBOPOST REPOSICION | Amedis\" \/>\n<meta property=\"og:description\" content=\"Carbopost reposicion. Los Carbopost de Abrasive Technology son postes de fibra reforzada. Compuestos 60% de fibra de carbono reforzadas.\" \/>\n<meta property=\"og:url\" content=\"https:\/\/amedis.es\/tienda\/?product=carbopost-reposicion\" \/>\n<meta property=\"og:site_name\" content=\"Amedis\" \/>\n<meta property=\"article:modified_time\" content=\"2025-04-22T14:27:24+00:00\" \/>\n<meta property=\"og:image\" content=\"https:\/\/amedis.es\/tienda\/wp-content\/uploads\/2021\/03\/CARBOPOST-REPOSICION.jpg\" \/>\n\t<meta property=\"og:image:width\" content=\"600\" \/>\n\t<meta property=\"og:image:height\" content=\"600\" \/>\n\t<meta property=\"og:image:type\" content=\"image\/jpeg\" \/>\n<meta name=\"twitter:card\" content=\"summary_large_image\" \/>\n<meta name=\"twitter:label1\" content=\"Tiempo de lectura\" \/>\n\t<meta name=\"twitter:data1\" content=\"2 minutos\" \/>\n<script type=\"application\/ld+json\" class=\"yoast-schema-graph\">{\"@context\":\"https:\\\/\\\/schema.org\",\"@graph\":[{\"@type\":\"WebPage\",\"@id\":\"https:\\\/\\\/amedis.es\\\/tienda\\\/?product=carbopost-reposicion\",\"url\":\"https:\\\/\\\/amedis.es\\\/tienda\\\/?product=carbopost-reposicion\",\"name\":\"CARBOPOST REPOSICION | Amedis\",\"isPartOf\":{\"@id\":\"https:\\\/\\\/amedis.es\\\/tienda\\\/#website\"},\"primaryImageOfPage\":{\"@id\":\"https:\\\/\\\/amedis.es\\\/tienda\\\/?product=carbopost-reposicion#primaryimage\"},\"image\":{\"@id\":\"https:\\\/\\\/amedis.es\\\/tienda\\\/?product=carbopost-reposicion#primaryimage\"},\"thumbnailUrl\":\"https:\\\/\\\/amedis.es\\\/tienda\\\/wp-content\\\/uploads\\\/2021\\\/03\\\/CARBOPOST-REPOSICION.jpg\",\"datePublished\":\"2021-03-23T16:22:20+00:00\",\"dateModified\":\"2025-04-22T14:27:24+00:00\",\"description\":\"Carbopost reposicion. Los Carbopost de Abrasive Technology son postes de fibra reforzada. Compuestos 60% de fibra de carbono reforzadas.\",\"breadcrumb\":{\"@id\":\"https:\\\/\\\/amedis.es\\\/tienda\\\/?product=carbopost-reposicion#breadcrumb\"},\"inLanguage\":\"es\",\"potentialAction\":[{\"@type\":\"ReadAction\",\"target\":[\"https:\\\/\\\/amedis.es\\\/tienda\\\/?product=carbopost-reposicion\"]}]},{\"@type\":\"ImageObject\",\"inLanguage\":\"es\",\"@id\":\"https:\\\/\\\/amedis.es\\\/tienda\\\/?product=carbopost-reposicion#primaryimage\",\"url\":\"https:\\\/\\\/amedis.es\\\/tienda\\\/wp-content\\\/uploads\\\/2021\\\/03\\\/CARBOPOST-REPOSICION.jpg\",\"contentUrl\":\"https:\\\/\\\/amedis.es\\\/tienda\\\/wp-content\\\/uploads\\\/2021\\\/03\\\/CARBOPOST-REPOSICION.jpg\",\"width\":600,\"height\":600,\"caption\":\"Amedis CARBOPOST REPOSICION\"},{\"@type\":\"BreadcrumbList\",\"@id\":\"https:\\\/\\\/amedis.es\\\/tienda\\\/?product=carbopost-reposicion#breadcrumb\",\"itemListElement\":[{\"@type\":\"ListItem\",\"position\":1,\"name\":\"Portada\",\"item\":\"https:\\\/\\\/amedis.es\\\/tienda\\\/\"},{\"@type\":\"ListItem\",\"position\":2,\"name\":\"Amedis | Suministros M\u00e9dicos y Dentales | Tienda\",\"item\":\"https:\\\/\\\/amedis.es\\\/tienda\\\/suministros-medicos-y-dentales\\\/\"},{\"@type\":\"ListItem\",\"position\":3,\"name\":\"CARBOPOST REPOSICION\"}]},{\"@type\":\"WebSite\",\"@id\":\"https:\\\/\\\/amedis.es\\\/tienda\\\/#website\",\"url\":\"https:\\\/\\\/amedis.es\\\/tienda\\\/\",\"name\":\"Amedis\",\"description\":\"Suministros M\u00e9dicos y Dentales\",\"publisher\":{\"@id\":\"https:\\\/\\\/amedis.es\\\/tienda\\\/#organization\"},\"potentialAction\":[{\"@type\":\"SearchAction\",\"target\":{\"@type\":\"EntryPoint\",\"urlTemplate\":\"https:\\\/\\\/amedis.es\\\/tienda\\\/?s={search_term_string}\"},\"query-input\":{\"@type\":\"PropertyValueSpecification\",\"valueRequired\":true,\"valueName\":\"search_term_string\"}}],\"inLanguage\":\"es\"},{\"@type\":\"Organization\",\"@id\":\"https:\\\/\\\/amedis.es\\\/tienda\\\/#organization\",\"name\":\"Amedis | Suministros M\u00e9dicos y Dentales\",\"url\":\"https:\\\/\\\/amedis.es\\\/tienda\\\/\",\"logo\":{\"@type\":\"ImageObject\",\"inLanguage\":\"es\",\"@id\":\"https:\\\/\\\/amedis.es\\\/tienda\\\/#\\\/schema\\\/logo\\\/image\\\/\",\"url\":\"https:\\\/\\\/amedis.es\\\/tienda\\\/wp-content\\\/uploads\\\/2020\\\/05\\\/logo-1.png\",\"contentUrl\":\"https:\\\/\\\/amedis.es\\\/tienda\\\/wp-content\\\/uploads\\\/2020\\\/05\\\/logo-1.png\",\"width\":191,\"height\":80,\"caption\":\"Amedis | Suministros M\u00e9dicos y Dentales\"},\"image\":{\"@id\":\"https:\\\/\\\/amedis.es\\\/tienda\\\/#\\\/schema\\\/logo\\\/image\\\/\"}}]}<\/script>\n<!-- \/ Yoast SEO plugin. -->","yoast_head_json":{"title":"CARBOPOST REPOSICION | Amedis","description":"Carbopost reposicion. Los Carbopost de Abrasive Technology son postes de fibra reforzada. Compuestos 60% de fibra de carbono reforzadas.","robots":{"index":"index","follow":"follow","max-snippet":"max-snippet:-1","max-image-preview":"max-image-preview:large","max-video-preview":"max-video-preview:-1"},"canonical":"https:\/\/amedis.es\/tienda\/?product=carbopost-reposicion","og_locale":"es_ES","og_type":"article","og_title":"CARBOPOST REPOSICION | Amedis","og_description":"Carbopost reposicion. Los Carbopost de Abrasive Technology son postes de fibra reforzada. Compuestos 60% de fibra de carbono reforzadas.","og_url":"https:\/\/amedis.es\/tienda\/?product=carbopost-reposicion","og_site_name":"Amedis","article_modified_time":"2025-04-22T14:27:24+00:00","og_image":[{"width":600,"height":600,"url":"https:\/\/amedis.es\/tienda\/wp-content\/uploads\/2021\/03\/CARBOPOST-REPOSICION.jpg","type":"image\/jpeg"}],"twitter_card":"summary_large_image","twitter_misc":{"Tiempo de lectura":"2 minutos"},"schema":{"@context":"https:\/\/schema.org","@graph":[{"@type":"WebPage","@id":"https:\/\/amedis.es\/tienda\/?product=carbopost-reposicion","url":"https:\/\/amedis.es\/tienda\/?product=carbopost-reposicion","name":"CARBOPOST REPOSICION | Amedis","isPartOf":{"@id":"https:\/\/amedis.es\/tienda\/#website"},"primaryImageOfPage":{"@id":"https:\/\/amedis.es\/tienda\/?product=carbopost-reposicion#primaryimage"},"image":{"@id":"https:\/\/amedis.es\/tienda\/?product=carbopost-reposicion#primaryimage"},"thumbnailUrl":"https:\/\/amedis.es\/tienda\/wp-content\/uploads\/2021\/03\/CARBOPOST-REPOSICION.jpg","datePublished":"2021-03-23T16:22:20+00:00","dateModified":"2025-04-22T14:27:24+00:00","description":"Carbopost reposicion. Los Carbopost de Abrasive Technology son postes de fibra reforzada. Compuestos 60% de fibra de carbono reforzadas.","breadcrumb":{"@id":"https:\/\/amedis.es\/tienda\/?product=carbopost-reposicion#breadcrumb"},"inLanguage":"es","potentialAction":[{"@type":"ReadAction","target":["https:\/\/amedis.es\/tienda\/?product=carbopost-reposicion"]}]},{"@type":"ImageObject","inLanguage":"es","@id":"https:\/\/amedis.es\/tienda\/?product=carbopost-reposicion#primaryimage","url":"https:\/\/amedis.es\/tienda\/wp-content\/uploads\/2021\/03\/CARBOPOST-REPOSICION.jpg","contentUrl":"https:\/\/amedis.es\/tienda\/wp-content\/uploads\/2021\/03\/CARBOPOST-REPOSICION.jpg","width":600,"height":600,"caption":"Amedis CARBOPOST REPOSICION"},{"@type":"BreadcrumbList","@id":"https:\/\/amedis.es\/tienda\/?product=carbopost-reposicion#breadcrumb","itemListElement":[{"@type":"ListItem","position":1,"name":"Portada","item":"https:\/\/amedis.es\/tienda\/"},{"@type":"ListItem","position":2,"name":"Amedis | Suministros M\u00e9dicos y Dentales | Tienda","item":"https:\/\/amedis.es\/tienda\/suministros-medicos-y-dentales\/"},{"@type":"ListItem","position":3,"name":"CARBOPOST REPOSICION"}]},{"@type":"WebSite","@id":"https:\/\/amedis.es\/tienda\/#website","url":"https:\/\/amedis.es\/tienda\/","name":"Amedis","description":"Suministros M\u00e9dicos y Dentales","publisher":{"@id":"https:\/\/amedis.es\/tienda\/#organization"},"potentialAction":[{"@type":"SearchAction","target":{"@type":"EntryPoint","urlTemplate":"https:\/\/amedis.es\/tienda\/?s={search_term_string}"},"query-input":{"@type":"PropertyValueSpecification","valueRequired":true,"valueName":"search_term_string"}}],"inLanguage":"es"},{"@type":"Organization","@id":"https:\/\/amedis.es\/tienda\/#organization","name":"Amedis | Suministros M\u00e9dicos y Dentales","url":"https:\/\/amedis.es\/tienda\/","logo":{"@type":"ImageObject","inLanguage":"es","@id":"https:\/\/amedis.es\/tienda\/#\/schema\/logo\/image\/","url":"https:\/\/amedis.es\/tienda\/wp-content\/uploads\/2020\/05\/logo-1.png","contentUrl":"https:\/\/amedis.es\/tienda\/wp-content\/uploads\/2020\/05\/logo-1.png","width":191,"height":80,"caption":"Amedis | Suministros M\u00e9dicos y Dentales"},"image":{"@id":"https:\/\/amedis.es\/tienda\/#\/schema\/logo\/image\/"}}]}},"brands":[{"id":2404,"name":"CARBOTECH","slug":"carbotech"}],"_links":{"self":[{"href":"https:\/\/amedis.es\/tienda\/wp-json\/wp\/v2\/product\/6338","targetHints":{"allow":["GET"]}}],"collection":[{"href":"https:\/\/amedis.es\/tienda\/wp-json\/wp\/v2\/product"}],"about":[{"href":"https:\/\/amedis.es\/tienda\/wp-json\/wp\/v2\/types\/product"}],"wp:featuredmedia":[{"embeddable":true,"href":"https:\/\/amedis.es\/tienda\/wp-json\/wp\/v2\/media\/6339"}],"wp:attachment":[{"href":"https:\/\/amedis.es\/tienda\/wp-json\/wp\/v2\/media?parent=6338"}],"wp:term":[{"taxonomy":"pwb-brand","embeddable":true,"href":"https:\/\/amedis.es\/tienda\/wp-json\/wp\/v2\/pwb-brand?post=6338"},{"taxonomy":"product_brand","embeddable":true,"href":"https:\/\/amedis.es\/tienda\/wp-json\/wp\/v2\/product_brand?post=6338"},{"taxonomy":"product_cat","embeddable":true,"href":"https:\/\/amedis.es\/tienda\/wp-json\/wp\/v2\/product_cat?post=6338"},{"taxonomy":"product_tag","embeddable":true,"href":"https:\/\/amedis.es\/tienda\/wp-json\/wp\/v2\/product_tag?post=6338"}],"curies":[{"name":"wp","href":"https:\/\/api.w.org\/{rel}","templated":true}]}}