{"id":5682,"date":"2021-03-07T11:02:31","date_gmt":"2021-03-07T11:02:31","guid":{"rendered":"https:\/\/amedis.es\/tienda\/?post_type=product&#038;p=5682"},"modified":"2024-09-16T15:01:02","modified_gmt":"2024-09-16T15:01:02","slug":"zetaplus-putty","status":"publish","type":"product","link":"https:\/\/amedis.es\/tienda\/producto\/zetaplus-putty\/","title":{"rendered":"ZETAPLUS PUTTY"},"content":{"rendered":"<p>Zetaplus putty. Silicona de condensaci\u00f3n. F\u00e1ciles de mezclar. Tiempo de fraguado constante. Se quita de la boca sin dejar residuos. Excelentes propiedades para la t\u00e9cnica de doble impresi\u00f3n Para la t\u00e9cnica de doble impresi\u00f3n o impresi\u00f3n simult\u00e1nea con dos viscosidades.. Activador gel necesario. Putty &#8211; Zetaplus: Extra soft y adaptable en las fases de trabajo. Excelente rigidez una vez endurecido (72\u00ba shore-A para Zetaplus). Evita las posibles distorsiones y desarrolla perfectamente la funci\u00f3n de cubeta individual. Gusto menta verde.<\/p>\n<p>ENVASE: 1 bote de 900 ml.<\/p>\n<p>REFERENCIA 120373<\/p>\n","protected":false},"excerpt":{"rendered":"<p>ZHERMACK<\/p>\n","protected":false},"featured_media":5684,"template":"","meta":[],"pwb-brand":[2426],"product_brand":[],"product_cat":[176,181],"product_tag":[],"class_list":{"0":"post-5682","1":"product","2":"type-product","3":"status-publish","4":"has-post-thumbnail","6":"pwb-brand-zhermack","7":"product_cat-impresion","8":"product_cat-siliconas-de-condensacion","10":"first","11":"instock","12":"sale","13":"taxable","14":"shipping-taxable","15":"purchasable","16":"product-type-simple"},"yoast_head":"<!-- This site is optimized with the Yoast SEO plugin v27.4 - https:\/\/yoast.com\/product\/yoast-seo-wordpress\/ -->\n<title>Amedis | ZETAPLUS PUTTY | ZHERMACK<\/title>\n<meta name=\"description\" content=\"Zetaplus putty. Silicona de condensaci\u00f3n. F\u00e1ciles de mezclar. Tiempo de fraguado constante. Se quita de la boca sin dejar residuos.\" \/>\n<meta name=\"robots\" content=\"index, follow, max-snippet:-1, max-image-preview:large, max-video-preview:-1\" \/>\n<link rel=\"canonical\" href=\"https:\/\/amedis.es\/tienda\/producto\/zetaplus-putty\/\" \/>\n<meta property=\"og:locale\" content=\"es_ES\" \/>\n<meta property=\"og:type\" content=\"article\" \/>\n<meta property=\"og:title\" content=\"Amedis | ZETAPLUS PUTTY | ZHERMACK\" \/>\n<meta property=\"og:description\" content=\"Zetaplus putty. Silicona de condensaci\u00f3n. F\u00e1ciles de mezclar. Tiempo de fraguado constante. Se quita de la boca sin dejar residuos.\" \/>\n<meta property=\"og:url\" content=\"https:\/\/amedis.es\/tienda\/producto\/zetaplus-putty\/\" \/>\n<meta property=\"og:site_name\" content=\"Amedis\" \/>\n<meta property=\"article:modified_time\" content=\"2024-09-16T15:01:02+00:00\" \/>\n<meta property=\"og:image\" content=\"https:\/\/amedis.es\/tienda\/wp-content\/uploads\/2021\/03\/ZETAPLUS-PUTTY-900-ml_.jpg\" \/>\n\t<meta property=\"og:image:width\" content=\"600\" \/>\n\t<meta property=\"og:image:height\" content=\"600\" \/>\n\t<meta property=\"og:image:type\" content=\"image\/jpeg\" \/>\n<meta name=\"twitter:card\" content=\"summary_large_image\" \/>\n<script type=\"application\/ld+json\" class=\"yoast-schema-graph\">{\"@context\":\"https:\\\/\\\/schema.org\",\"@graph\":[{\"@type\":\"WebPage\",\"@id\":\"https:\\\/\\\/amedis.es\\\/tienda\\\/producto\\\/zetaplus-putty\\\/\",\"url\":\"https:\\\/\\\/amedis.es\\\/tienda\\\/producto\\\/zetaplus-putty\\\/\",\"name\":\"Amedis | ZETAPLUS PUTTY | ZHERMACK\",\"isPartOf\":{\"@id\":\"https:\\\/\\\/amedis.es\\\/tienda\\\/#website\"},\"primaryImageOfPage\":{\"@id\":\"https:\\\/\\\/amedis.es\\\/tienda\\\/producto\\\/zetaplus-putty\\\/#primaryimage\"},\"image\":{\"@id\":\"https:\\\/\\\/amedis.es\\\/tienda\\\/producto\\\/zetaplus-putty\\\/#primaryimage\"},\"thumbnailUrl\":\"https:\\\/\\\/amedis.es\\\/tienda\\\/wp-content\\\/uploads\\\/2021\\\/03\\\/ZETAPLUS-PUTTY-900-ml_.jpg\",\"datePublished\":\"2021-03-07T11:02:31+00:00\",\"dateModified\":\"2024-09-16T15:01:02+00:00\",\"description\":\"Zetaplus putty. Silicona de condensaci\u00f3n. F\u00e1ciles de mezclar. Tiempo de fraguado constante. Se quita de la boca sin dejar residuos.\",\"breadcrumb\":{\"@id\":\"https:\\\/\\\/amedis.es\\\/tienda\\\/producto\\\/zetaplus-putty\\\/#breadcrumb\"},\"inLanguage\":\"es\",\"potentialAction\":[{\"@type\":\"ReadAction\",\"target\":[\"https:\\\/\\\/amedis.es\\\/tienda\\\/producto\\\/zetaplus-putty\\\/\"]}]},{\"@type\":\"ImageObject\",\"inLanguage\":\"es\",\"@id\":\"https:\\\/\\\/amedis.es\\\/tienda\\\/producto\\\/zetaplus-putty\\\/#primaryimage\",\"url\":\"https:\\\/\\\/amedis.es\\\/tienda\\\/wp-content\\\/uploads\\\/2021\\\/03\\\/ZETAPLUS-PUTTY-900-ml_.jpg\",\"contentUrl\":\"https:\\\/\\\/amedis.es\\\/tienda\\\/wp-content\\\/uploads\\\/2021\\\/03\\\/ZETAPLUS-PUTTY-900-ml_.jpg\",\"width\":600,\"height\":600,\"caption\":\"Amedis ZETAPLUS PUTTY 900 ml_\"},{\"@type\":\"BreadcrumbList\",\"@id\":\"https:\\\/\\\/amedis.es\\\/tienda\\\/producto\\\/zetaplus-putty\\\/#breadcrumb\",\"itemListElement\":[{\"@type\":\"ListItem\",\"position\":1,\"name\":\"Portada\",\"item\":\"https:\\\/\\\/amedis.es\\\/tienda\\\/\"},{\"@type\":\"ListItem\",\"position\":2,\"name\":\"Amedis | Suministros M\u00e9dicos y Dentales | Tienda\",\"item\":\"https:\\\/\\\/amedis.es\\\/tienda\\\/suministros-medicos-y-dentales\\\/\"},{\"@type\":\"ListItem\",\"position\":3,\"name\":\"ZETAPLUS PUTTY\"}]},{\"@type\":\"WebSite\",\"@id\":\"https:\\\/\\\/amedis.es\\\/tienda\\\/#website\",\"url\":\"https:\\\/\\\/amedis.es\\\/tienda\\\/\",\"name\":\"Amedis\",\"description\":\"Suministros M\u00e9dicos y Dentales\",\"publisher\":{\"@id\":\"https:\\\/\\\/amedis.es\\\/tienda\\\/#organization\"},\"potentialAction\":[{\"@type\":\"SearchAction\",\"target\":{\"@type\":\"EntryPoint\",\"urlTemplate\":\"https:\\\/\\\/amedis.es\\\/tienda\\\/?s={search_term_string}\"},\"query-input\":{\"@type\":\"PropertyValueSpecification\",\"valueRequired\":true,\"valueName\":\"search_term_string\"}}],\"inLanguage\":\"es\"},{\"@type\":\"Organization\",\"@id\":\"https:\\\/\\\/amedis.es\\\/tienda\\\/#organization\",\"name\":\"Amedis | Suministros M\u00e9dicos y Dentales\",\"url\":\"https:\\\/\\\/amedis.es\\\/tienda\\\/\",\"logo\":{\"@type\":\"ImageObject\",\"inLanguage\":\"es\",\"@id\":\"https:\\\/\\\/amedis.es\\\/tienda\\\/#\\\/schema\\\/logo\\\/image\\\/\",\"url\":\"https:\\\/\\\/amedis.es\\\/tienda\\\/wp-content\\\/uploads\\\/2020\\\/05\\\/logo-1.png\",\"contentUrl\":\"https:\\\/\\\/amedis.es\\\/tienda\\\/wp-content\\\/uploads\\\/2020\\\/05\\\/logo-1.png\",\"width\":191,\"height\":80,\"caption\":\"Amedis | Suministros M\u00e9dicos y Dentales\"},\"image\":{\"@id\":\"https:\\\/\\\/amedis.es\\\/tienda\\\/#\\\/schema\\\/logo\\\/image\\\/\"}}]}<\/script>\n<!-- \/ Yoast SEO plugin. -->","yoast_head_json":{"title":"Amedis | ZETAPLUS PUTTY | ZHERMACK","description":"Zetaplus putty. Silicona de condensaci\u00f3n. F\u00e1ciles de mezclar. Tiempo de fraguado constante. Se quita de la boca sin dejar residuos.","robots":{"index":"index","follow":"follow","max-snippet":"max-snippet:-1","max-image-preview":"max-image-preview:large","max-video-preview":"max-video-preview:-1"},"canonical":"https:\/\/amedis.es\/tienda\/producto\/zetaplus-putty\/","og_locale":"es_ES","og_type":"article","og_title":"Amedis | ZETAPLUS PUTTY | ZHERMACK","og_description":"Zetaplus putty. Silicona de condensaci\u00f3n. F\u00e1ciles de mezclar. Tiempo de fraguado constante. Se quita de la boca sin dejar residuos.","og_url":"https:\/\/amedis.es\/tienda\/producto\/zetaplus-putty\/","og_site_name":"Amedis","article_modified_time":"2024-09-16T15:01:02+00:00","og_image":[{"width":600,"height":600,"url":"https:\/\/amedis.es\/tienda\/wp-content\/uploads\/2021\/03\/ZETAPLUS-PUTTY-900-ml_.jpg","type":"image\/jpeg"}],"twitter_card":"summary_large_image","schema":{"@context":"https:\/\/schema.org","@graph":[{"@type":"WebPage","@id":"https:\/\/amedis.es\/tienda\/producto\/zetaplus-putty\/","url":"https:\/\/amedis.es\/tienda\/producto\/zetaplus-putty\/","name":"Amedis | ZETAPLUS PUTTY | ZHERMACK","isPartOf":{"@id":"https:\/\/amedis.es\/tienda\/#website"},"primaryImageOfPage":{"@id":"https:\/\/amedis.es\/tienda\/producto\/zetaplus-putty\/#primaryimage"},"image":{"@id":"https:\/\/amedis.es\/tienda\/producto\/zetaplus-putty\/#primaryimage"},"thumbnailUrl":"https:\/\/amedis.es\/tienda\/wp-content\/uploads\/2021\/03\/ZETAPLUS-PUTTY-900-ml_.jpg","datePublished":"2021-03-07T11:02:31+00:00","dateModified":"2024-09-16T15:01:02+00:00","description":"Zetaplus putty. Silicona de condensaci\u00f3n. F\u00e1ciles de mezclar. Tiempo de fraguado constante. Se quita de la boca sin dejar residuos.","breadcrumb":{"@id":"https:\/\/amedis.es\/tienda\/producto\/zetaplus-putty\/#breadcrumb"},"inLanguage":"es","potentialAction":[{"@type":"ReadAction","target":["https:\/\/amedis.es\/tienda\/producto\/zetaplus-putty\/"]}]},{"@type":"ImageObject","inLanguage":"es","@id":"https:\/\/amedis.es\/tienda\/producto\/zetaplus-putty\/#primaryimage","url":"https:\/\/amedis.es\/tienda\/wp-content\/uploads\/2021\/03\/ZETAPLUS-PUTTY-900-ml_.jpg","contentUrl":"https:\/\/amedis.es\/tienda\/wp-content\/uploads\/2021\/03\/ZETAPLUS-PUTTY-900-ml_.jpg","width":600,"height":600,"caption":"Amedis ZETAPLUS PUTTY 900 ml_"},{"@type":"BreadcrumbList","@id":"https:\/\/amedis.es\/tienda\/producto\/zetaplus-putty\/#breadcrumb","itemListElement":[{"@type":"ListItem","position":1,"name":"Portada","item":"https:\/\/amedis.es\/tienda\/"},{"@type":"ListItem","position":2,"name":"Amedis | Suministros M\u00e9dicos y Dentales | Tienda","item":"https:\/\/amedis.es\/tienda\/suministros-medicos-y-dentales\/"},{"@type":"ListItem","position":3,"name":"ZETAPLUS PUTTY"}]},{"@type":"WebSite","@id":"https:\/\/amedis.es\/tienda\/#website","url":"https:\/\/amedis.es\/tienda\/","name":"Amedis","description":"Suministros M\u00e9dicos y Dentales","publisher":{"@id":"https:\/\/amedis.es\/tienda\/#organization"},"potentialAction":[{"@type":"SearchAction","target":{"@type":"EntryPoint","urlTemplate":"https:\/\/amedis.es\/tienda\/?s={search_term_string}"},"query-input":{"@type":"PropertyValueSpecification","valueRequired":true,"valueName":"search_term_string"}}],"inLanguage":"es"},{"@type":"Organization","@id":"https:\/\/amedis.es\/tienda\/#organization","name":"Amedis | Suministros M\u00e9dicos y Dentales","url":"https:\/\/amedis.es\/tienda\/","logo":{"@type":"ImageObject","inLanguage":"es","@id":"https:\/\/amedis.es\/tienda\/#\/schema\/logo\/image\/","url":"https:\/\/amedis.es\/tienda\/wp-content\/uploads\/2020\/05\/logo-1.png","contentUrl":"https:\/\/amedis.es\/tienda\/wp-content\/uploads\/2020\/05\/logo-1.png","width":191,"height":80,"caption":"Amedis | Suministros M\u00e9dicos y Dentales"},"image":{"@id":"https:\/\/amedis.es\/tienda\/#\/schema\/logo\/image\/"}}]}},"brands":[{"id":2426,"name":"ZHERMACK","slug":"zhermack"}],"_links":{"self":[{"href":"https:\/\/amedis.es\/tienda\/wp-json\/wp\/v2\/product\/5682","targetHints":{"allow":["GET"]}}],"collection":[{"href":"https:\/\/amedis.es\/tienda\/wp-json\/wp\/v2\/product"}],"about":[{"href":"https:\/\/amedis.es\/tienda\/wp-json\/wp\/v2\/types\/product"}],"wp:featuredmedia":[{"embeddable":true,"href":"https:\/\/amedis.es\/tienda\/wp-json\/wp\/v2\/media\/5684"}],"wp:attachment":[{"href":"https:\/\/amedis.es\/tienda\/wp-json\/wp\/v2\/media?parent=5682"}],"wp:term":[{"taxonomy":"pwb-brand","embeddable":true,"href":"https:\/\/amedis.es\/tienda\/wp-json\/wp\/v2\/pwb-brand?post=5682"},{"taxonomy":"product_brand","embeddable":true,"href":"https:\/\/amedis.es\/tienda\/wp-json\/wp\/v2\/product_brand?post=5682"},{"taxonomy":"product_cat","embeddable":true,"href":"https:\/\/amedis.es\/tienda\/wp-json\/wp\/v2\/product_cat?post=5682"},{"taxonomy":"product_tag","embeddable":true,"href":"https:\/\/amedis.es\/tienda\/wp-json\/wp\/v2\/product_tag?post=5682"}],"curies":[{"name":"wp","href":"https:\/\/api.w.org\/{rel}","templated":true}]}}