{"id":36979,"date":"2026-04-10T19:31:22","date_gmt":"2026-04-10T19:31:22","guid":{"rendered":"https:\/\/amedis.es\/tienda\/?post_type=product&#038;p=36979"},"modified":"2026-04-10T19:37:29","modified_gmt":"2026-04-10T19:37:29","slug":"taburete-clinico-dentista-bader-endo-micro-stool","status":"publish","type":"product","link":"https:\/\/amedis.es\/tienda\/producto\/taburete-clinico-dentista-bader-endo-micro-stool\/","title":{"rendered":"TABURETE CLINICO DENTISTA BADER ENDO MICRO STOOL (VARIOS COLORES)"},"content":{"rendered":"<p>El Taburete Cl\u00ednico Dentista Bader Endo Micro Stool es un asiento ergon\u00f3mico dise\u00f1ado para maximizar la comodidad y precisi\u00f3n en procedimientos odontol\u00f3gicos de alta exigencia, como endodoncia y microcirug\u00eda. Su dise\u00f1o innovador con apoyabrazos ajustables y respaldo ergon\u00f3mico proporciona un soporte \u00f3ptimo, reduciendo la fatiga del profesional durante jornadas prolongadas.<\/p>\n<p>Fabricado con materiales de alta calidad, cuenta con una base cromada resistente y un sistema de altura regulable para adaptarse a las necesidades del usuario. Sus ruedas multidireccionales permiten un desplazamiento suave y seguro en el \u00e1rea de trabajo.<\/p>\n<p>A diferencia de los taburetes convencionales, este modelo incluye apoyabrazos ajustables que mejoran la estabilidad y precisi\u00f3n en procedimientos que requieren m\u00e1xima concentraci\u00f3n. Su dise\u00f1o ergon\u00f3mico favorece una postura saludable, reduciendo el impacto en la espalda y las articulaciones. Con la garant\u00eda de Bader, obtienes un taburete cl\u00ednico dise\u00f1ado para mejorar tu rendimiento y bienestar en la consulta.<\/p>\n<p>CARACTERITICAS:<\/p>\n<p>&#8211; Reposabrazos rotatorios.<\/p>\n<p>&#8211; El tapizado de nuestro taburete odontologico\u00a0est\u00e1 formado por tres capas: Microfibra, coj\u00edn de espuma flex confort y marco soporte.<\/p>\n<p>&#8211; El respaldo\u00a0protege la espalda y favorece el flujo sangu\u00edneo consiguiendo un m\u00e1ximo de apoyo para la columna.<\/p>\n<p>&#8211; El taburete odontol\u00f3gico\u00a0tiene una base giratoria que cuenta con elevaci\u00f3n neum\u00e1tica a trav\u00e9s de las palancas para un ajuste r\u00e1pido.<\/p>\n<p>&#8211; La regulaci\u00f3n de altura\u00a0que presenta el taburete va de 450mm a 600mm, y puede controlar tambi\u00e9n la altura e inclinaci\u00f3n del respaldo.<\/p>\n<p>&#8211; La estructura es compacta\u00a0de acero INOX AIS1304 cromado y con ruedas de alta resistencia.<\/p>\n<p>&#8211; El di\u00e1metro de la cruz de apoyo\u00a0es reducido para proporcionar una gran libertad de movimiento, incluso cuando se dispone de muy poco espacio.<\/p>\n<p>&nbsp;<\/p>\n<p>*Consultar incremento de precio en tapizados fuera de stock<\/p>\n","protected":false},"excerpt":{"rendered":"<p>CONTENIDO: 1 unidad.<\/p>\n","protected":false},"featured_media":36980,"template":"","meta":[],"pwb-brand":[2398],"product_brand":[],"product_cat":[283,2155,2750],"product_tag":[],"class_list":{"0":"post-36979","1":"product","2":"type-product","3":"status-publish","4":"has-post-thumbnail","6":"pwb-brand-bader","7":"product_cat-equipamiento","8":"product_cat-mobiliario","9":"product_cat-taburetes-para-microscopio","11":"first","12":"instock","13":"sale","14":"taxable","15":"shipping-taxable","16":"purchasable","17":"product-type-simple"},"yoast_head":"<!-- This site is optimized with the Yoast SEO plugin v27.3 - https:\/\/yoast.com\/product\/yoast-seo-wordpress\/ -->\n<title>TABURETE CLINICO DENTISTA BADER ENDO MICRO STOOL (VARIOS COLORES) | Amedis<\/title>\n<meta name=\"description\" content=\"El Taburete Cl\u00ednico Dentista Bader Endo Micro Stool es un asiento ergon\u00f3mico dise\u00f1ado para maximizar la comodidad y precisi\u00f3n en procedimientos odontol\u00f3gicos de alta exigencia, como endodoncia y microcirug\u00eda.\" \/>\n<meta name=\"robots\" content=\"index, follow, max-snippet:-1, max-image-preview:large, max-video-preview:-1\" \/>\n<link rel=\"canonical\" href=\"https:\/\/amedis.es\/tienda\/producto\/taburete-clinico-dentista-bader-endo-micro-stool\/\" \/>\n<meta property=\"og:locale\" content=\"es_ES\" \/>\n<meta property=\"og:type\" content=\"article\" \/>\n<meta property=\"og:title\" content=\"TABURETE CLINICO DENTISTA BADER ENDO MICRO STOOL (VARIOS COLORES) | Amedis\" \/>\n<meta property=\"og:description\" content=\"El Taburete Cl\u00ednico Dentista Bader Endo Micro Stool es un asiento ergon\u00f3mico dise\u00f1ado para maximizar la comodidad y precisi\u00f3n en procedimientos odontol\u00f3gicos de alta exigencia, como endodoncia y microcirug\u00eda.\" \/>\n<meta property=\"og:url\" content=\"https:\/\/amedis.es\/tienda\/producto\/taburete-clinico-dentista-bader-endo-micro-stool\/\" \/>\n<meta property=\"og:site_name\" content=\"Amedis\" \/>\n<meta property=\"article:modified_time\" content=\"2026-04-10T19:37:29+00:00\" \/>\n<meta property=\"og:image\" content=\"https:\/\/amedis.es\/tienda\/wp-content\/uploads\/2026\/04\/TABURETE-CLINICO-DENTISTA-BADER-ENDO-MICRO-STOOL.jpg\" \/>\n\t<meta property=\"og:image:width\" content=\"600\" \/>\n\t<meta property=\"og:image:height\" content=\"600\" \/>\n\t<meta property=\"og:image:type\" content=\"image\/jpeg\" \/>\n<meta name=\"twitter:card\" content=\"summary_large_image\" \/>\n<meta name=\"twitter:label1\" content=\"Tiempo de lectura\" \/>\n\t<meta name=\"twitter:data1\" content=\"2 minutos\" \/>\n<script type=\"application\/ld+json\" class=\"yoast-schema-graph\">{\"@context\":\"https:\\\/\\\/schema.org\",\"@graph\":[{\"@type\":\"WebPage\",\"@id\":\"https:\\\/\\\/amedis.es\\\/tienda\\\/producto\\\/taburete-clinico-dentista-bader-endo-micro-stool\\\/\",\"url\":\"https:\\\/\\\/amedis.es\\\/tienda\\\/producto\\\/taburete-clinico-dentista-bader-endo-micro-stool\\\/\",\"name\":\"TABURETE CLINICO DENTISTA BADER ENDO MICRO STOOL (VARIOS COLORES) | Amedis\",\"isPartOf\":{\"@id\":\"https:\\\/\\\/amedis.es\\\/tienda\\\/#website\"},\"primaryImageOfPage\":{\"@id\":\"https:\\\/\\\/amedis.es\\\/tienda\\\/producto\\\/taburete-clinico-dentista-bader-endo-micro-stool\\\/#primaryimage\"},\"image\":{\"@id\":\"https:\\\/\\\/amedis.es\\\/tienda\\\/producto\\\/taburete-clinico-dentista-bader-endo-micro-stool\\\/#primaryimage\"},\"thumbnailUrl\":\"https:\\\/\\\/amedis.es\\\/tienda\\\/wp-content\\\/uploads\\\/2026\\\/04\\\/TABURETE-CLINICO-DENTISTA-BADER-ENDO-MICRO-STOOL.jpg\",\"datePublished\":\"2026-04-10T19:31:22+00:00\",\"dateModified\":\"2026-04-10T19:37:29+00:00\",\"description\":\"El Taburete Cl\u00ednico Dentista Bader Endo Micro Stool es un asiento ergon\u00f3mico dise\u00f1ado para maximizar la comodidad y precisi\u00f3n en procedimientos odontol\u00f3gicos de alta exigencia, como endodoncia y microcirug\u00eda.\",\"breadcrumb\":{\"@id\":\"https:\\\/\\\/amedis.es\\\/tienda\\\/producto\\\/taburete-clinico-dentista-bader-endo-micro-stool\\\/#breadcrumb\"},\"inLanguage\":\"es\",\"potentialAction\":[{\"@type\":\"ReadAction\",\"target\":[\"https:\\\/\\\/amedis.es\\\/tienda\\\/producto\\\/taburete-clinico-dentista-bader-endo-micro-stool\\\/\"]}]},{\"@type\":\"ImageObject\",\"inLanguage\":\"es\",\"@id\":\"https:\\\/\\\/amedis.es\\\/tienda\\\/producto\\\/taburete-clinico-dentista-bader-endo-micro-stool\\\/#primaryimage\",\"url\":\"https:\\\/\\\/amedis.es\\\/tienda\\\/wp-content\\\/uploads\\\/2026\\\/04\\\/TABURETE-CLINICO-DENTISTA-BADER-ENDO-MICRO-STOOL.jpg\",\"contentUrl\":\"https:\\\/\\\/amedis.es\\\/tienda\\\/wp-content\\\/uploads\\\/2026\\\/04\\\/TABURETE-CLINICO-DENTISTA-BADER-ENDO-MICRO-STOOL.jpg\",\"width\":600,\"height\":600,\"caption\":\"Amedis TABURETE CLINICO DENTISTA BADER ENDO MICRO STOOL\"},{\"@type\":\"BreadcrumbList\",\"@id\":\"https:\\\/\\\/amedis.es\\\/tienda\\\/producto\\\/taburete-clinico-dentista-bader-endo-micro-stool\\\/#breadcrumb\",\"itemListElement\":[{\"@type\":\"ListItem\",\"position\":1,\"name\":\"Portada\",\"item\":\"https:\\\/\\\/amedis.es\\\/tienda\\\/\"},{\"@type\":\"ListItem\",\"position\":2,\"name\":\"Amedis | Suministros M\u00e9dicos y Dentales | Tienda\",\"item\":\"https:\\\/\\\/amedis.es\\\/tienda\\\/suministros-medicos-y-dentales\\\/\"},{\"@type\":\"ListItem\",\"position\":3,\"name\":\"TABURETE CLINICO DENTISTA BADER ENDO MICRO STOOL (VARIOS COLORES)\"}]},{\"@type\":\"WebSite\",\"@id\":\"https:\\\/\\\/amedis.es\\\/tienda\\\/#website\",\"url\":\"https:\\\/\\\/amedis.es\\\/tienda\\\/\",\"name\":\"Amedis\",\"description\":\"Suministros M\u00e9dicos y Dentales\",\"publisher\":{\"@id\":\"https:\\\/\\\/amedis.es\\\/tienda\\\/#organization\"},\"potentialAction\":[{\"@type\":\"SearchAction\",\"target\":{\"@type\":\"EntryPoint\",\"urlTemplate\":\"https:\\\/\\\/amedis.es\\\/tienda\\\/?s={search_term_string}\"},\"query-input\":{\"@type\":\"PropertyValueSpecification\",\"valueRequired\":true,\"valueName\":\"search_term_string\"}}],\"inLanguage\":\"es\"},{\"@type\":\"Organization\",\"@id\":\"https:\\\/\\\/amedis.es\\\/tienda\\\/#organization\",\"name\":\"Amedis | Suministros M\u00e9dicos y Dentales\",\"url\":\"https:\\\/\\\/amedis.es\\\/tienda\\\/\",\"logo\":{\"@type\":\"ImageObject\",\"inLanguage\":\"es\",\"@id\":\"https:\\\/\\\/amedis.es\\\/tienda\\\/#\\\/schema\\\/logo\\\/image\\\/\",\"url\":\"https:\\\/\\\/amedis.es\\\/tienda\\\/wp-content\\\/uploads\\\/2020\\\/05\\\/logo-1.png\",\"contentUrl\":\"https:\\\/\\\/amedis.es\\\/tienda\\\/wp-content\\\/uploads\\\/2020\\\/05\\\/logo-1.png\",\"width\":191,\"height\":80,\"caption\":\"Amedis | Suministros M\u00e9dicos y Dentales\"},\"image\":{\"@id\":\"https:\\\/\\\/amedis.es\\\/tienda\\\/#\\\/schema\\\/logo\\\/image\\\/\"}}]}<\/script>\n<!-- \/ Yoast SEO plugin. -->","yoast_head_json":{"title":"TABURETE CLINICO DENTISTA BADER ENDO MICRO STOOL (VARIOS COLORES) | Amedis","description":"El Taburete Cl\u00ednico Dentista Bader Endo Micro Stool es un asiento ergon\u00f3mico dise\u00f1ado para maximizar la comodidad y precisi\u00f3n en procedimientos odontol\u00f3gicos de alta exigencia, como endodoncia y microcirug\u00eda.","robots":{"index":"index","follow":"follow","max-snippet":"max-snippet:-1","max-image-preview":"max-image-preview:large","max-video-preview":"max-video-preview:-1"},"canonical":"https:\/\/amedis.es\/tienda\/producto\/taburete-clinico-dentista-bader-endo-micro-stool\/","og_locale":"es_ES","og_type":"article","og_title":"TABURETE CLINICO DENTISTA BADER ENDO MICRO STOOL (VARIOS COLORES) | Amedis","og_description":"El Taburete Cl\u00ednico Dentista Bader Endo Micro Stool es un asiento ergon\u00f3mico dise\u00f1ado para maximizar la comodidad y precisi\u00f3n en procedimientos odontol\u00f3gicos de alta exigencia, como endodoncia y microcirug\u00eda.","og_url":"https:\/\/amedis.es\/tienda\/producto\/taburete-clinico-dentista-bader-endo-micro-stool\/","og_site_name":"Amedis","article_modified_time":"2026-04-10T19:37:29+00:00","og_image":[{"width":600,"height":600,"url":"https:\/\/amedis.es\/tienda\/wp-content\/uploads\/2026\/04\/TABURETE-CLINICO-DENTISTA-BADER-ENDO-MICRO-STOOL.jpg","type":"image\/jpeg"}],"twitter_card":"summary_large_image","twitter_misc":{"Tiempo de lectura":"2 minutos"},"schema":{"@context":"https:\/\/schema.org","@graph":[{"@type":"WebPage","@id":"https:\/\/amedis.es\/tienda\/producto\/taburete-clinico-dentista-bader-endo-micro-stool\/","url":"https:\/\/amedis.es\/tienda\/producto\/taburete-clinico-dentista-bader-endo-micro-stool\/","name":"TABURETE CLINICO DENTISTA BADER ENDO MICRO STOOL (VARIOS COLORES) | Amedis","isPartOf":{"@id":"https:\/\/amedis.es\/tienda\/#website"},"primaryImageOfPage":{"@id":"https:\/\/amedis.es\/tienda\/producto\/taburete-clinico-dentista-bader-endo-micro-stool\/#primaryimage"},"image":{"@id":"https:\/\/amedis.es\/tienda\/producto\/taburete-clinico-dentista-bader-endo-micro-stool\/#primaryimage"},"thumbnailUrl":"https:\/\/amedis.es\/tienda\/wp-content\/uploads\/2026\/04\/TABURETE-CLINICO-DENTISTA-BADER-ENDO-MICRO-STOOL.jpg","datePublished":"2026-04-10T19:31:22+00:00","dateModified":"2026-04-10T19:37:29+00:00","description":"El Taburete Cl\u00ednico Dentista Bader Endo Micro Stool es un asiento ergon\u00f3mico dise\u00f1ado para maximizar la comodidad y precisi\u00f3n en procedimientos odontol\u00f3gicos de alta exigencia, como endodoncia y microcirug\u00eda.","breadcrumb":{"@id":"https:\/\/amedis.es\/tienda\/producto\/taburete-clinico-dentista-bader-endo-micro-stool\/#breadcrumb"},"inLanguage":"es","potentialAction":[{"@type":"ReadAction","target":["https:\/\/amedis.es\/tienda\/producto\/taburete-clinico-dentista-bader-endo-micro-stool\/"]}]},{"@type":"ImageObject","inLanguage":"es","@id":"https:\/\/amedis.es\/tienda\/producto\/taburete-clinico-dentista-bader-endo-micro-stool\/#primaryimage","url":"https:\/\/amedis.es\/tienda\/wp-content\/uploads\/2026\/04\/TABURETE-CLINICO-DENTISTA-BADER-ENDO-MICRO-STOOL.jpg","contentUrl":"https:\/\/amedis.es\/tienda\/wp-content\/uploads\/2026\/04\/TABURETE-CLINICO-DENTISTA-BADER-ENDO-MICRO-STOOL.jpg","width":600,"height":600,"caption":"Amedis TABURETE CLINICO DENTISTA BADER ENDO MICRO STOOL"},{"@type":"BreadcrumbList","@id":"https:\/\/amedis.es\/tienda\/producto\/taburete-clinico-dentista-bader-endo-micro-stool\/#breadcrumb","itemListElement":[{"@type":"ListItem","position":1,"name":"Portada","item":"https:\/\/amedis.es\/tienda\/"},{"@type":"ListItem","position":2,"name":"Amedis | Suministros M\u00e9dicos y Dentales | Tienda","item":"https:\/\/amedis.es\/tienda\/suministros-medicos-y-dentales\/"},{"@type":"ListItem","position":3,"name":"TABURETE CLINICO DENTISTA BADER ENDO MICRO STOOL (VARIOS COLORES)"}]},{"@type":"WebSite","@id":"https:\/\/amedis.es\/tienda\/#website","url":"https:\/\/amedis.es\/tienda\/","name":"Amedis","description":"Suministros M\u00e9dicos y Dentales","publisher":{"@id":"https:\/\/amedis.es\/tienda\/#organization"},"potentialAction":[{"@type":"SearchAction","target":{"@type":"EntryPoint","urlTemplate":"https:\/\/amedis.es\/tienda\/?s={search_term_string}"},"query-input":{"@type":"PropertyValueSpecification","valueRequired":true,"valueName":"search_term_string"}}],"inLanguage":"es"},{"@type":"Organization","@id":"https:\/\/amedis.es\/tienda\/#organization","name":"Amedis | Suministros M\u00e9dicos y Dentales","url":"https:\/\/amedis.es\/tienda\/","logo":{"@type":"ImageObject","inLanguage":"es","@id":"https:\/\/amedis.es\/tienda\/#\/schema\/logo\/image\/","url":"https:\/\/amedis.es\/tienda\/wp-content\/uploads\/2020\/05\/logo-1.png","contentUrl":"https:\/\/amedis.es\/tienda\/wp-content\/uploads\/2020\/05\/logo-1.png","width":191,"height":80,"caption":"Amedis | Suministros M\u00e9dicos y Dentales"},"image":{"@id":"https:\/\/amedis.es\/tienda\/#\/schema\/logo\/image\/"}}]}},"brands":[{"id":2398,"name":"BADER","slug":"bader"}],"_links":{"self":[{"href":"https:\/\/amedis.es\/tienda\/wp-json\/wp\/v2\/product\/36979","targetHints":{"allow":["GET"]}}],"collection":[{"href":"https:\/\/amedis.es\/tienda\/wp-json\/wp\/v2\/product"}],"about":[{"href":"https:\/\/amedis.es\/tienda\/wp-json\/wp\/v2\/types\/product"}],"wp:featuredmedia":[{"embeddable":true,"href":"https:\/\/amedis.es\/tienda\/wp-json\/wp\/v2\/media\/36980"}],"wp:attachment":[{"href":"https:\/\/amedis.es\/tienda\/wp-json\/wp\/v2\/media?parent=36979"}],"wp:term":[{"taxonomy":"pwb-brand","embeddable":true,"href":"https:\/\/amedis.es\/tienda\/wp-json\/wp\/v2\/pwb-brand?post=36979"},{"taxonomy":"product_brand","embeddable":true,"href":"https:\/\/amedis.es\/tienda\/wp-json\/wp\/v2\/product_brand?post=36979"},{"taxonomy":"product_cat","embeddable":true,"href":"https:\/\/amedis.es\/tienda\/wp-json\/wp\/v2\/product_cat?post=36979"},{"taxonomy":"product_tag","embeddable":true,"href":"https:\/\/amedis.es\/tienda\/wp-json\/wp\/v2\/product_tag?post=36979"}],"curies":[{"name":"wp","href":"https:\/\/api.w.org\/{rel}","templated":true}]}}