{"id":36847,"date":"2026-04-06T12:25:57","date_gmt":"2026-04-06T12:25:57","guid":{"rendered":"https:\/\/amedis.es\/tienda\/?post_type=product&#038;p=36847"},"modified":"2026-04-06T12:34:22","modified_gmt":"2026-04-06T12:34:22","slug":"composite-stela-jeringa-automix","status":"publish","type":"product","link":"https:\/\/amedis.es\/tienda\/producto\/composite-stela-jeringa-automix\/","title":{"rendered":"COMPOSITE STELA JERINGA AUTOMIX"},"content":{"rendered":"<p>Composite autopolimerizable de alto rendimiento. Stela ofrece una profundidad de polimerizaci\u00f3n ilimitada y una polimerizaci\u00f3n de baja tensi\u00f3n con una interfaz sin espacios. No es necesario grabar con \u00e1cido ni fotopolimerizar. Stela logra sus propiedades innovadoras a trav\u00e9s de una combinaci\u00f3n personalizada de mon\u00f3meros de resina sin BPA, rellenos ionglass\u2122 optimizados (vidrio h\u00edbrido bioactivo patentado por SDI) y s\u00edlice amorfa especialmente modificadas en la superficie. Las excelentes propiedades mec\u00e1nicas de Stela provienen de una r\u00e1pida reacci\u00f3n de curado. Sus mon\u00f3meros forman cadenas polim\u00e9ricas y, simult\u00e1neamente, estas cadenas se entrecruzan r\u00e1pida y densamente entre s\u00ed, formando una red compleja que une fuertemente el relleno ionglass\u2122 y la s\u00edlice amorfa, lo que da como resultado un material de restauraci\u00f3n fuerte y resistente.<\/p>\n<p>El fraguado r\u00e1pido snap set se debe a un innovador sistema de iniciaci\u00f3n a base de hidroper\u00f3xido que est\u00e1 libre de amina terciaria. Esto garantiza caracter\u00edsticas de fraguado r\u00e1pido, buena estabilidad del color y una excelente tasa de conversi\u00f3n. Una vez curada, la matriz ofrece resistencia y durabilidad consistentes y confiables para todas las restauraciones. El sencillo proceso de dos pasos minimiza la sensibilidad del paciente sin necesidad de luces de grabado o polimerizaci\u00f3n.<\/p>\n<p>VENTAJAS:<br \/>\n\u2013 Se autopolimeriza a una profundidad ilimitada: esto permite una certeza de polimerizaci\u00f3n total en todas las restauraciones.<br \/>\n\u2013 Interfase sin espacios: la polimerizaci\u00f3n de Stela se acelera a lo largo de la interfaz de restauraci\u00f3n. De este modo se facilita una interfaz sin espacios, lo que reduce la sensibilidad postoperatoria y el riesgo de fallos prematuros.<br \/>\n\u2013 Est\u00e9tica camale\u00f3nica.<br \/>\n\u2013 Alta resistencia: combinaci\u00f3n de resistencia a la compresi\u00f3n (328 MPa) y la flexi\u00f3n (143 MPa) , resultante del sistema iniciador que inicia un fraguado r\u00e1pido instant\u00e1neo para convertir los mon\u00f3meros en cadenas de pol\u00edmeros.<br \/>\n\u2013 Bajo estr\u00e9s de polimerizaci\u00f3n.<br \/>\n\u2013 Restauraci\u00f3n en 2 pasos: 15 segundos de preparaci\u00f3n en solo dos pasos.<br \/>\n\u2013 Tanto Stela Primer como el composite Stela contienen el mon\u00f3mero MDP para garantizar una fuerte uni\u00f3n qu\u00edmica, sin espacios y con un mejor sellado para lograr una mayor durabilidad y no producir sensibilidad. Stela tampoco contiene BPA ni HEMA.<br \/>\n\u2013 Disponible en dos sistemas de administraci\u00f3n: jeringa automix o c\u00e1psulas.<\/p>\n<p>Ideal para una amplia gama de indicaciones cl\u00ednicas:<br \/>\n\u2013 Clase I, II, III y V.<br \/>\n\u2013 T\u00e9cnica build up.<br \/>\n\u2013 Base o recubrimiento.<br \/>\n\u2013 Sellado de cavidades de acceso endod\u00f3ntico.<br \/>\n\u2013 Alternativa a la amalgama.<\/p>\n","protected":false},"excerpt":{"rendered":"<p>CONTENIDO: 1 jeringa automix de 8 gramos + 15 puntas de mezcla.<\/p>\n","protected":false},"featured_media":34985,"template":"","meta":[],"pwb-brand":[2367],"product_brand":[],"product_cat":[27,272,262],"product_tag":[],"class_list":{"0":"post-36847","1":"product","2":"type-product","3":"status-publish","4":"has-post-thumbnail","6":"pwb-brand-sdi","7":"product_cat-clinica","8":"product_cat-composites-universales","9":"product_cat-restauracion","11":"first","12":"instock","13":"sale","14":"taxable","15":"shipping-taxable","16":"purchasable","17":"product-type-simple"},"yoast_head":"<!-- This site is optimized with the Yoast SEO plugin v27.4 - https:\/\/yoast.com\/product\/yoast-seo-wordpress\/ -->\n<title>COMPOSITE STELA JERINGA AUTOMIX | Amedis<\/title>\n<meta name=\"description\" content=\"Composite autopolimerizable de alto rendimiento. Stela ofrece una profundidad de polimerizaci\u00f3n ilimitada y una polimerizaci\u00f3n de baja tensi\u00f3n.\" \/>\n<meta name=\"robots\" content=\"index, follow, max-snippet:-1, max-image-preview:large, max-video-preview:-1\" \/>\n<link rel=\"canonical\" href=\"https:\/\/amedis.es\/tienda\/producto\/composite-stela-jeringa-automix\/\" \/>\n<meta property=\"og:locale\" content=\"es_ES\" \/>\n<meta property=\"og:type\" content=\"article\" \/>\n<meta property=\"og:title\" content=\"COMPOSITE STELA JERINGA AUTOMIX | Amedis\" \/>\n<meta property=\"og:description\" content=\"Composite autopolimerizable de alto rendimiento. Stela ofrece una profundidad de polimerizaci\u00f3n ilimitada y una polimerizaci\u00f3n de baja tensi\u00f3n.\" \/>\n<meta property=\"og:url\" content=\"https:\/\/amedis.es\/tienda\/producto\/composite-stela-jeringa-automix\/\" \/>\n<meta property=\"og:site_name\" content=\"Amedis\" \/>\n<meta property=\"article:modified_time\" content=\"2026-04-06T12:34:22+00:00\" \/>\n<meta property=\"og:image\" content=\"https:\/\/amedis.es\/tienda\/wp-content\/uploads\/2025\/09\/COMPOSITE-STELA-JERINGA-AUTOMIX.jpg\" \/>\n\t<meta property=\"og:image:width\" content=\"600\" \/>\n\t<meta property=\"og:image:height\" content=\"600\" \/>\n\t<meta property=\"og:image:type\" content=\"image\/jpeg\" \/>\n<meta name=\"twitter:card\" content=\"summary_large_image\" \/>\n<meta name=\"twitter:label1\" content=\"Tiempo de lectura\" \/>\n\t<meta name=\"twitter:data1\" content=\"2 minutos\" \/>\n<script type=\"application\/ld+json\" class=\"yoast-schema-graph\">{\"@context\":\"https:\\\/\\\/schema.org\",\"@graph\":[{\"@type\":\"WebPage\",\"@id\":\"https:\\\/\\\/amedis.es\\\/tienda\\\/producto\\\/composite-stela-jeringa-automix\\\/\",\"url\":\"https:\\\/\\\/amedis.es\\\/tienda\\\/producto\\\/composite-stela-jeringa-automix\\\/\",\"name\":\"COMPOSITE STELA JERINGA AUTOMIX | Amedis\",\"isPartOf\":{\"@id\":\"https:\\\/\\\/amedis.es\\\/tienda\\\/#website\"},\"primaryImageOfPage\":{\"@id\":\"https:\\\/\\\/amedis.es\\\/tienda\\\/producto\\\/composite-stela-jeringa-automix\\\/#primaryimage\"},\"image\":{\"@id\":\"https:\\\/\\\/amedis.es\\\/tienda\\\/producto\\\/composite-stela-jeringa-automix\\\/#primaryimage\"},\"thumbnailUrl\":\"https:\\\/\\\/amedis.es\\\/tienda\\\/wp-content\\\/uploads\\\/2025\\\/09\\\/COMPOSITE-STELA-JERINGA-AUTOMIX.jpg\",\"datePublished\":\"2026-04-06T12:25:57+00:00\",\"dateModified\":\"2026-04-06T12:34:22+00:00\",\"description\":\"Composite autopolimerizable de alto rendimiento. Stela ofrece una profundidad de polimerizaci\u00f3n ilimitada y una polimerizaci\u00f3n de baja tensi\u00f3n.\",\"breadcrumb\":{\"@id\":\"https:\\\/\\\/amedis.es\\\/tienda\\\/producto\\\/composite-stela-jeringa-automix\\\/#breadcrumb\"},\"inLanguage\":\"es\",\"potentialAction\":[{\"@type\":\"ReadAction\",\"target\":[\"https:\\\/\\\/amedis.es\\\/tienda\\\/producto\\\/composite-stela-jeringa-automix\\\/\"]}]},{\"@type\":\"ImageObject\",\"inLanguage\":\"es\",\"@id\":\"https:\\\/\\\/amedis.es\\\/tienda\\\/producto\\\/composite-stela-jeringa-automix\\\/#primaryimage\",\"url\":\"https:\\\/\\\/amedis.es\\\/tienda\\\/wp-content\\\/uploads\\\/2025\\\/09\\\/COMPOSITE-STELA-JERINGA-AUTOMIX.jpg\",\"contentUrl\":\"https:\\\/\\\/amedis.es\\\/tienda\\\/wp-content\\\/uploads\\\/2025\\\/09\\\/COMPOSITE-STELA-JERINGA-AUTOMIX.jpg\",\"width\":600,\"height\":600,\"caption\":\"Amedis COMPOSITE STELA JERINGA AUTOMIX\"},{\"@type\":\"BreadcrumbList\",\"@id\":\"https:\\\/\\\/amedis.es\\\/tienda\\\/producto\\\/composite-stela-jeringa-automix\\\/#breadcrumb\",\"itemListElement\":[{\"@type\":\"ListItem\",\"position\":1,\"name\":\"Portada\",\"item\":\"https:\\\/\\\/amedis.es\\\/tienda\\\/\"},{\"@type\":\"ListItem\",\"position\":2,\"name\":\"Amedis | Suministros M\u00e9dicos y Dentales | Tienda\",\"item\":\"https:\\\/\\\/amedis.es\\\/tienda\\\/suministros-medicos-y-dentales\\\/\"},{\"@type\":\"ListItem\",\"position\":3,\"name\":\"COMPOSITE STELA JERINGA AUTOMIX\"}]},{\"@type\":\"WebSite\",\"@id\":\"https:\\\/\\\/amedis.es\\\/tienda\\\/#website\",\"url\":\"https:\\\/\\\/amedis.es\\\/tienda\\\/\",\"name\":\"Amedis\",\"description\":\"Suministros M\u00e9dicos y Dentales\",\"publisher\":{\"@id\":\"https:\\\/\\\/amedis.es\\\/tienda\\\/#organization\"},\"potentialAction\":[{\"@type\":\"SearchAction\",\"target\":{\"@type\":\"EntryPoint\",\"urlTemplate\":\"https:\\\/\\\/amedis.es\\\/tienda\\\/?s={search_term_string}\"},\"query-input\":{\"@type\":\"PropertyValueSpecification\",\"valueRequired\":true,\"valueName\":\"search_term_string\"}}],\"inLanguage\":\"es\"},{\"@type\":\"Organization\",\"@id\":\"https:\\\/\\\/amedis.es\\\/tienda\\\/#organization\",\"name\":\"Amedis | Suministros M\u00e9dicos y Dentales\",\"url\":\"https:\\\/\\\/amedis.es\\\/tienda\\\/\",\"logo\":{\"@type\":\"ImageObject\",\"inLanguage\":\"es\",\"@id\":\"https:\\\/\\\/amedis.es\\\/tienda\\\/#\\\/schema\\\/logo\\\/image\\\/\",\"url\":\"https:\\\/\\\/amedis.es\\\/tienda\\\/wp-content\\\/uploads\\\/2020\\\/05\\\/logo-1.png\",\"contentUrl\":\"https:\\\/\\\/amedis.es\\\/tienda\\\/wp-content\\\/uploads\\\/2020\\\/05\\\/logo-1.png\",\"width\":191,\"height\":80,\"caption\":\"Amedis | Suministros M\u00e9dicos y Dentales\"},\"image\":{\"@id\":\"https:\\\/\\\/amedis.es\\\/tienda\\\/#\\\/schema\\\/logo\\\/image\\\/\"}}]}<\/script>\n<!-- \/ Yoast SEO plugin. -->","yoast_head_json":{"title":"COMPOSITE STELA JERINGA AUTOMIX | Amedis","description":"Composite autopolimerizable de alto rendimiento. Stela ofrece una profundidad de polimerizaci\u00f3n ilimitada y una polimerizaci\u00f3n de baja tensi\u00f3n.","robots":{"index":"index","follow":"follow","max-snippet":"max-snippet:-1","max-image-preview":"max-image-preview:large","max-video-preview":"max-video-preview:-1"},"canonical":"https:\/\/amedis.es\/tienda\/producto\/composite-stela-jeringa-automix\/","og_locale":"es_ES","og_type":"article","og_title":"COMPOSITE STELA JERINGA AUTOMIX | Amedis","og_description":"Composite autopolimerizable de alto rendimiento. Stela ofrece una profundidad de polimerizaci\u00f3n ilimitada y una polimerizaci\u00f3n de baja tensi\u00f3n.","og_url":"https:\/\/amedis.es\/tienda\/producto\/composite-stela-jeringa-automix\/","og_site_name":"Amedis","article_modified_time":"2026-04-06T12:34:22+00:00","og_image":[{"width":600,"height":600,"url":"https:\/\/amedis.es\/tienda\/wp-content\/uploads\/2025\/09\/COMPOSITE-STELA-JERINGA-AUTOMIX.jpg","type":"image\/jpeg"}],"twitter_card":"summary_large_image","twitter_misc":{"Tiempo de lectura":"2 minutos"},"schema":{"@context":"https:\/\/schema.org","@graph":[{"@type":"WebPage","@id":"https:\/\/amedis.es\/tienda\/producto\/composite-stela-jeringa-automix\/","url":"https:\/\/amedis.es\/tienda\/producto\/composite-stela-jeringa-automix\/","name":"COMPOSITE STELA JERINGA AUTOMIX | Amedis","isPartOf":{"@id":"https:\/\/amedis.es\/tienda\/#website"},"primaryImageOfPage":{"@id":"https:\/\/amedis.es\/tienda\/producto\/composite-stela-jeringa-automix\/#primaryimage"},"image":{"@id":"https:\/\/amedis.es\/tienda\/producto\/composite-stela-jeringa-automix\/#primaryimage"},"thumbnailUrl":"https:\/\/amedis.es\/tienda\/wp-content\/uploads\/2025\/09\/COMPOSITE-STELA-JERINGA-AUTOMIX.jpg","datePublished":"2026-04-06T12:25:57+00:00","dateModified":"2026-04-06T12:34:22+00:00","description":"Composite autopolimerizable de alto rendimiento. Stela ofrece una profundidad de polimerizaci\u00f3n ilimitada y una polimerizaci\u00f3n de baja tensi\u00f3n.","breadcrumb":{"@id":"https:\/\/amedis.es\/tienda\/producto\/composite-stela-jeringa-automix\/#breadcrumb"},"inLanguage":"es","potentialAction":[{"@type":"ReadAction","target":["https:\/\/amedis.es\/tienda\/producto\/composite-stela-jeringa-automix\/"]}]},{"@type":"ImageObject","inLanguage":"es","@id":"https:\/\/amedis.es\/tienda\/producto\/composite-stela-jeringa-automix\/#primaryimage","url":"https:\/\/amedis.es\/tienda\/wp-content\/uploads\/2025\/09\/COMPOSITE-STELA-JERINGA-AUTOMIX.jpg","contentUrl":"https:\/\/amedis.es\/tienda\/wp-content\/uploads\/2025\/09\/COMPOSITE-STELA-JERINGA-AUTOMIX.jpg","width":600,"height":600,"caption":"Amedis COMPOSITE STELA JERINGA AUTOMIX"},{"@type":"BreadcrumbList","@id":"https:\/\/amedis.es\/tienda\/producto\/composite-stela-jeringa-automix\/#breadcrumb","itemListElement":[{"@type":"ListItem","position":1,"name":"Portada","item":"https:\/\/amedis.es\/tienda\/"},{"@type":"ListItem","position":2,"name":"Amedis | Suministros M\u00e9dicos y Dentales | Tienda","item":"https:\/\/amedis.es\/tienda\/suministros-medicos-y-dentales\/"},{"@type":"ListItem","position":3,"name":"COMPOSITE STELA JERINGA AUTOMIX"}]},{"@type":"WebSite","@id":"https:\/\/amedis.es\/tienda\/#website","url":"https:\/\/amedis.es\/tienda\/","name":"Amedis","description":"Suministros M\u00e9dicos y Dentales","publisher":{"@id":"https:\/\/amedis.es\/tienda\/#organization"},"potentialAction":[{"@type":"SearchAction","target":{"@type":"EntryPoint","urlTemplate":"https:\/\/amedis.es\/tienda\/?s={search_term_string}"},"query-input":{"@type":"PropertyValueSpecification","valueRequired":true,"valueName":"search_term_string"}}],"inLanguage":"es"},{"@type":"Organization","@id":"https:\/\/amedis.es\/tienda\/#organization","name":"Amedis | Suministros M\u00e9dicos y Dentales","url":"https:\/\/amedis.es\/tienda\/","logo":{"@type":"ImageObject","inLanguage":"es","@id":"https:\/\/amedis.es\/tienda\/#\/schema\/logo\/image\/","url":"https:\/\/amedis.es\/tienda\/wp-content\/uploads\/2020\/05\/logo-1.png","contentUrl":"https:\/\/amedis.es\/tienda\/wp-content\/uploads\/2020\/05\/logo-1.png","width":191,"height":80,"caption":"Amedis | Suministros M\u00e9dicos y Dentales"},"image":{"@id":"https:\/\/amedis.es\/tienda\/#\/schema\/logo\/image\/"}}]}},"brands":[{"id":2367,"name":"SDI","slug":"sdi"}],"_links":{"self":[{"href":"https:\/\/amedis.es\/tienda\/wp-json\/wp\/v2\/product\/36847","targetHints":{"allow":["GET"]}}],"collection":[{"href":"https:\/\/amedis.es\/tienda\/wp-json\/wp\/v2\/product"}],"about":[{"href":"https:\/\/amedis.es\/tienda\/wp-json\/wp\/v2\/types\/product"}],"wp:featuredmedia":[{"embeddable":true,"href":"https:\/\/amedis.es\/tienda\/wp-json\/wp\/v2\/media\/34985"}],"wp:attachment":[{"href":"https:\/\/amedis.es\/tienda\/wp-json\/wp\/v2\/media?parent=36847"}],"wp:term":[{"taxonomy":"pwb-brand","embeddable":true,"href":"https:\/\/amedis.es\/tienda\/wp-json\/wp\/v2\/pwb-brand?post=36847"},{"taxonomy":"product_brand","embeddable":true,"href":"https:\/\/amedis.es\/tienda\/wp-json\/wp\/v2\/product_brand?post=36847"},{"taxonomy":"product_cat","embeddable":true,"href":"https:\/\/amedis.es\/tienda\/wp-json\/wp\/v2\/product_cat?post=36847"},{"taxonomy":"product_tag","embeddable":true,"href":"https:\/\/amedis.es\/tienda\/wp-json\/wp\/v2\/product_tag?post=36847"}],"curies":[{"name":"wp","href":"https:\/\/api.w.org\/{rel}","templated":true}]}}