{"id":36195,"date":"2026-01-15T19:09:39","date_gmt":"2026-01-15T19:09:39","guid":{"rendered":"https:\/\/amedis.es\/tienda\/?post_type=product&#038;p=36195"},"modified":"2026-01-15T19:10:34","modified_gmt":"2026-01-15T19:10:34","slug":"pieza-de-mano-anillo-azul-11-technoflux","status":"publish","type":"product","link":"https:\/\/amedis.es\/tienda\/producto\/pieza-de-mano-anillo-azul-11-technoflux\/","title":{"rendered":"PIEZA DE MANO ANILLO AZUL 1:1 TECHNOFLUX"},"content":{"rendered":"<p>Pieza de mano anillo azul 1:1 Technoflux. Pieza de mano quir\u00fargica recta con luz y spray interno ofrece una transmisi\u00f3n 1:1. Especialmente indicada para la cirug\u00eda y la implantolog\u00eda.<\/p>\n<p>Est\u00e1 pieza de mano tiene un ba\u00f1o en titanio para una mayor perfeccionamiento de uso y con luz. Con revestimiento de titanio, un 30% menos de peso que en acero para facilitar la agilidad del dentista. Adem\u00e1s, para unas elevadas exigencias de higiene, se recomienda esterilizar en autoclave. Con una velocidad m\u00e1xima de 20.000 RPM.<\/p>\n<p>CARACTER\u00cdSTICAS:<\/p>\n<p>&#8211; Pieza de mano recta.<br \/>\n&#8211; Para cirug\u00eda e implantolog\u00eda.<br \/>\n&#8211; Spray interno.<br \/>\n&#8211; Transmisi\u00f3n: 1:1. Con ba\u00f1o de titanio.<br \/>\n&#8211; Esterilizable en autoclave.<br \/>\n&#8211; Instrumentos rotatorios: para fresas quir\u00fargicas con 2,35 mm.<br \/>\n&#8211; Velocidad m\u00e1xima permitida: 20.000 rpm.<\/p>\n","protected":false},"excerpt":{"rendered":"<p>CONTENIDO: 1 unidad.<\/p>\n","protected":false},"featured_media":26735,"template":"","meta":[],"pwb-brand":[2396],"product_brand":[],"product_cat":[283,2110,294],"product_tag":[],"class_list":{"0":"post-36195","1":"product","2":"type-product","3":"status-publish","4":"has-post-thumbnail","6":"pwb-brand-technoflux","7":"product_cat-equipamiento","8":"product_cat-piezas-de-mano-con-luz","9":"product_cat-rotatorio","11":"first","12":"instock","13":"sale","14":"taxable","15":"shipping-taxable","16":"purchasable","17":"product-type-simple"},"yoast_head":"<!-- This site is optimized with the Yoast SEO plugin v27.4 - https:\/\/yoast.com\/product\/yoast-seo-wordpress\/ -->\n<title>PIEZA DE MANO ANILLO AZUL 1:1 TECHNOFLUX | Amedis<\/title>\n<meta name=\"description\" content=\"Pieza de mano anillo azul 1:1 Technoflux. Est\u00e1 pieza de mano tiene un ba\u00f1o en titanio para una mayor perfeccionamiento de uso y con luz.\" \/>\n<meta name=\"robots\" content=\"index, follow, max-snippet:-1, max-image-preview:large, max-video-preview:-1\" \/>\n<link rel=\"canonical\" href=\"https:\/\/amedis.es\/tienda\/producto\/pieza-de-mano-anillo-azul-11-technoflux\/\" \/>\n<meta property=\"og:locale\" content=\"es_ES\" \/>\n<meta property=\"og:type\" content=\"article\" \/>\n<meta property=\"og:title\" content=\"PIEZA DE MANO ANILLO AZUL 1:1 TECHNOFLUX | Amedis\" \/>\n<meta property=\"og:description\" content=\"Pieza de mano anillo azul 1:1 Technoflux. Est\u00e1 pieza de mano tiene un ba\u00f1o en titanio para una mayor perfeccionamiento de uso y con luz.\" \/>\n<meta property=\"og:url\" content=\"https:\/\/amedis.es\/tienda\/producto\/pieza-de-mano-anillo-azul-11-technoflux\/\" \/>\n<meta property=\"og:site_name\" content=\"Amedis\" \/>\n<meta property=\"article:modified_time\" content=\"2026-01-15T19:10:34+00:00\" \/>\n<meta property=\"og:image\" content=\"https:\/\/amedis.es\/tienda\/wp-content\/uploads\/2023\/04\/PIEZA-DE-MANO-ANILLO-AZUL-1-1-TECHNOFLUX.jpg\" \/>\n\t<meta property=\"og:image:width\" content=\"600\" \/>\n\t<meta property=\"og:image:height\" content=\"600\" \/>\n\t<meta property=\"og:image:type\" content=\"image\/jpeg\" \/>\n<meta name=\"twitter:card\" content=\"summary_large_image\" \/>\n<meta name=\"twitter:label1\" content=\"Tiempo de lectura\" \/>\n\t<meta name=\"twitter:data1\" content=\"1 minuto\" \/>\n<script type=\"application\/ld+json\" class=\"yoast-schema-graph\">{\"@context\":\"https:\\\/\\\/schema.org\",\"@graph\":[{\"@type\":\"WebPage\",\"@id\":\"https:\\\/\\\/amedis.es\\\/tienda\\\/producto\\\/pieza-de-mano-anillo-azul-11-technoflux\\\/\",\"url\":\"https:\\\/\\\/amedis.es\\\/tienda\\\/producto\\\/pieza-de-mano-anillo-azul-11-technoflux\\\/\",\"name\":\"PIEZA DE MANO ANILLO AZUL 1:1 TECHNOFLUX | Amedis\",\"isPartOf\":{\"@id\":\"https:\\\/\\\/amedis.es\\\/tienda\\\/#website\"},\"primaryImageOfPage\":{\"@id\":\"https:\\\/\\\/amedis.es\\\/tienda\\\/producto\\\/pieza-de-mano-anillo-azul-11-technoflux\\\/#primaryimage\"},\"image\":{\"@id\":\"https:\\\/\\\/amedis.es\\\/tienda\\\/producto\\\/pieza-de-mano-anillo-azul-11-technoflux\\\/#primaryimage\"},\"thumbnailUrl\":\"https:\\\/\\\/amedis.es\\\/tienda\\\/wp-content\\\/uploads\\\/2023\\\/04\\\/PIEZA-DE-MANO-ANILLO-AZUL-1-1-TECHNOFLUX.jpg\",\"datePublished\":\"2026-01-15T19:09:39+00:00\",\"dateModified\":\"2026-01-15T19:10:34+00:00\",\"description\":\"Pieza de mano anillo azul 1:1 Technoflux. Est\u00e1 pieza de mano tiene un ba\u00f1o en titanio para una mayor perfeccionamiento de uso y con luz.\",\"breadcrumb\":{\"@id\":\"https:\\\/\\\/amedis.es\\\/tienda\\\/producto\\\/pieza-de-mano-anillo-azul-11-technoflux\\\/#breadcrumb\"},\"inLanguage\":\"es\",\"potentialAction\":[{\"@type\":\"ReadAction\",\"target\":[\"https:\\\/\\\/amedis.es\\\/tienda\\\/producto\\\/pieza-de-mano-anillo-azul-11-technoflux\\\/\"]}]},{\"@type\":\"ImageObject\",\"inLanguage\":\"es\",\"@id\":\"https:\\\/\\\/amedis.es\\\/tienda\\\/producto\\\/pieza-de-mano-anillo-azul-11-technoflux\\\/#primaryimage\",\"url\":\"https:\\\/\\\/amedis.es\\\/tienda\\\/wp-content\\\/uploads\\\/2023\\\/04\\\/PIEZA-DE-MANO-ANILLO-AZUL-1-1-TECHNOFLUX.jpg\",\"contentUrl\":\"https:\\\/\\\/amedis.es\\\/tienda\\\/wp-content\\\/uploads\\\/2023\\\/04\\\/PIEZA-DE-MANO-ANILLO-AZUL-1-1-TECHNOFLUX.jpg\",\"width\":600,\"height\":600,\"caption\":\"Amedis PIEZA DE MANO ANILLO AZUL 1:1 TECHNOFLUX\"},{\"@type\":\"BreadcrumbList\",\"@id\":\"https:\\\/\\\/amedis.es\\\/tienda\\\/producto\\\/pieza-de-mano-anillo-azul-11-technoflux\\\/#breadcrumb\",\"itemListElement\":[{\"@type\":\"ListItem\",\"position\":1,\"name\":\"Portada\",\"item\":\"https:\\\/\\\/amedis.es\\\/tienda\\\/\"},{\"@type\":\"ListItem\",\"position\":2,\"name\":\"Amedis | Suministros M\u00e9dicos y Dentales | Tienda\",\"item\":\"https:\\\/\\\/amedis.es\\\/tienda\\\/suministros-medicos-y-dentales\\\/\"},{\"@type\":\"ListItem\",\"position\":3,\"name\":\"PIEZA DE MANO ANILLO AZUL 1:1 TECHNOFLUX\"}]},{\"@type\":\"WebSite\",\"@id\":\"https:\\\/\\\/amedis.es\\\/tienda\\\/#website\",\"url\":\"https:\\\/\\\/amedis.es\\\/tienda\\\/\",\"name\":\"Amedis\",\"description\":\"Suministros M\u00e9dicos y Dentales\",\"publisher\":{\"@id\":\"https:\\\/\\\/amedis.es\\\/tienda\\\/#organization\"},\"potentialAction\":[{\"@type\":\"SearchAction\",\"target\":{\"@type\":\"EntryPoint\",\"urlTemplate\":\"https:\\\/\\\/amedis.es\\\/tienda\\\/?s={search_term_string}\"},\"query-input\":{\"@type\":\"PropertyValueSpecification\",\"valueRequired\":true,\"valueName\":\"search_term_string\"}}],\"inLanguage\":\"es\"},{\"@type\":\"Organization\",\"@id\":\"https:\\\/\\\/amedis.es\\\/tienda\\\/#organization\",\"name\":\"Amedis | Suministros M\u00e9dicos y Dentales\",\"url\":\"https:\\\/\\\/amedis.es\\\/tienda\\\/\",\"logo\":{\"@type\":\"ImageObject\",\"inLanguage\":\"es\",\"@id\":\"https:\\\/\\\/amedis.es\\\/tienda\\\/#\\\/schema\\\/logo\\\/image\\\/\",\"url\":\"https:\\\/\\\/amedis.es\\\/tienda\\\/wp-content\\\/uploads\\\/2020\\\/05\\\/logo-1.png\",\"contentUrl\":\"https:\\\/\\\/amedis.es\\\/tienda\\\/wp-content\\\/uploads\\\/2020\\\/05\\\/logo-1.png\",\"width\":191,\"height\":80,\"caption\":\"Amedis | Suministros M\u00e9dicos y Dentales\"},\"image\":{\"@id\":\"https:\\\/\\\/amedis.es\\\/tienda\\\/#\\\/schema\\\/logo\\\/image\\\/\"}}]}<\/script>\n<!-- \/ Yoast SEO plugin. -->","yoast_head_json":{"title":"PIEZA DE MANO ANILLO AZUL 1:1 TECHNOFLUX | Amedis","description":"Pieza de mano anillo azul 1:1 Technoflux. Est\u00e1 pieza de mano tiene un ba\u00f1o en titanio para una mayor perfeccionamiento de uso y con luz.","robots":{"index":"index","follow":"follow","max-snippet":"max-snippet:-1","max-image-preview":"max-image-preview:large","max-video-preview":"max-video-preview:-1"},"canonical":"https:\/\/amedis.es\/tienda\/producto\/pieza-de-mano-anillo-azul-11-technoflux\/","og_locale":"es_ES","og_type":"article","og_title":"PIEZA DE MANO ANILLO AZUL 1:1 TECHNOFLUX | Amedis","og_description":"Pieza de mano anillo azul 1:1 Technoflux. Est\u00e1 pieza de mano tiene un ba\u00f1o en titanio para una mayor perfeccionamiento de uso y con luz.","og_url":"https:\/\/amedis.es\/tienda\/producto\/pieza-de-mano-anillo-azul-11-technoflux\/","og_site_name":"Amedis","article_modified_time":"2026-01-15T19:10:34+00:00","og_image":[{"width":600,"height":600,"url":"https:\/\/amedis.es\/tienda\/wp-content\/uploads\/2023\/04\/PIEZA-DE-MANO-ANILLO-AZUL-1-1-TECHNOFLUX.jpg","type":"image\/jpeg"}],"twitter_card":"summary_large_image","twitter_misc":{"Tiempo de lectura":"1 minuto"},"schema":{"@context":"https:\/\/schema.org","@graph":[{"@type":"WebPage","@id":"https:\/\/amedis.es\/tienda\/producto\/pieza-de-mano-anillo-azul-11-technoflux\/","url":"https:\/\/amedis.es\/tienda\/producto\/pieza-de-mano-anillo-azul-11-technoflux\/","name":"PIEZA DE MANO ANILLO AZUL 1:1 TECHNOFLUX | Amedis","isPartOf":{"@id":"https:\/\/amedis.es\/tienda\/#website"},"primaryImageOfPage":{"@id":"https:\/\/amedis.es\/tienda\/producto\/pieza-de-mano-anillo-azul-11-technoflux\/#primaryimage"},"image":{"@id":"https:\/\/amedis.es\/tienda\/producto\/pieza-de-mano-anillo-azul-11-technoflux\/#primaryimage"},"thumbnailUrl":"https:\/\/amedis.es\/tienda\/wp-content\/uploads\/2023\/04\/PIEZA-DE-MANO-ANILLO-AZUL-1-1-TECHNOFLUX.jpg","datePublished":"2026-01-15T19:09:39+00:00","dateModified":"2026-01-15T19:10:34+00:00","description":"Pieza de mano anillo azul 1:1 Technoflux. Est\u00e1 pieza de mano tiene un ba\u00f1o en titanio para una mayor perfeccionamiento de uso y con luz.","breadcrumb":{"@id":"https:\/\/amedis.es\/tienda\/producto\/pieza-de-mano-anillo-azul-11-technoflux\/#breadcrumb"},"inLanguage":"es","potentialAction":[{"@type":"ReadAction","target":["https:\/\/amedis.es\/tienda\/producto\/pieza-de-mano-anillo-azul-11-technoflux\/"]}]},{"@type":"ImageObject","inLanguage":"es","@id":"https:\/\/amedis.es\/tienda\/producto\/pieza-de-mano-anillo-azul-11-technoflux\/#primaryimage","url":"https:\/\/amedis.es\/tienda\/wp-content\/uploads\/2023\/04\/PIEZA-DE-MANO-ANILLO-AZUL-1-1-TECHNOFLUX.jpg","contentUrl":"https:\/\/amedis.es\/tienda\/wp-content\/uploads\/2023\/04\/PIEZA-DE-MANO-ANILLO-AZUL-1-1-TECHNOFLUX.jpg","width":600,"height":600,"caption":"Amedis PIEZA DE MANO ANILLO AZUL 1:1 TECHNOFLUX"},{"@type":"BreadcrumbList","@id":"https:\/\/amedis.es\/tienda\/producto\/pieza-de-mano-anillo-azul-11-technoflux\/#breadcrumb","itemListElement":[{"@type":"ListItem","position":1,"name":"Portada","item":"https:\/\/amedis.es\/tienda\/"},{"@type":"ListItem","position":2,"name":"Amedis | Suministros M\u00e9dicos y Dentales | Tienda","item":"https:\/\/amedis.es\/tienda\/suministros-medicos-y-dentales\/"},{"@type":"ListItem","position":3,"name":"PIEZA DE MANO ANILLO AZUL 1:1 TECHNOFLUX"}]},{"@type":"WebSite","@id":"https:\/\/amedis.es\/tienda\/#website","url":"https:\/\/amedis.es\/tienda\/","name":"Amedis","description":"Suministros M\u00e9dicos y Dentales","publisher":{"@id":"https:\/\/amedis.es\/tienda\/#organization"},"potentialAction":[{"@type":"SearchAction","target":{"@type":"EntryPoint","urlTemplate":"https:\/\/amedis.es\/tienda\/?s={search_term_string}"},"query-input":{"@type":"PropertyValueSpecification","valueRequired":true,"valueName":"search_term_string"}}],"inLanguage":"es"},{"@type":"Organization","@id":"https:\/\/amedis.es\/tienda\/#organization","name":"Amedis | Suministros M\u00e9dicos y Dentales","url":"https:\/\/amedis.es\/tienda\/","logo":{"@type":"ImageObject","inLanguage":"es","@id":"https:\/\/amedis.es\/tienda\/#\/schema\/logo\/image\/","url":"https:\/\/amedis.es\/tienda\/wp-content\/uploads\/2020\/05\/logo-1.png","contentUrl":"https:\/\/amedis.es\/tienda\/wp-content\/uploads\/2020\/05\/logo-1.png","width":191,"height":80,"caption":"Amedis | Suministros M\u00e9dicos y Dentales"},"image":{"@id":"https:\/\/amedis.es\/tienda\/#\/schema\/logo\/image\/"}}]}},"brands":[{"id":2396,"name":"TECHNOFLUX","slug":"technoflux"}],"_links":{"self":[{"href":"https:\/\/amedis.es\/tienda\/wp-json\/wp\/v2\/product\/36195","targetHints":{"allow":["GET"]}}],"collection":[{"href":"https:\/\/amedis.es\/tienda\/wp-json\/wp\/v2\/product"}],"about":[{"href":"https:\/\/amedis.es\/tienda\/wp-json\/wp\/v2\/types\/product"}],"wp:featuredmedia":[{"embeddable":true,"href":"https:\/\/amedis.es\/tienda\/wp-json\/wp\/v2\/media\/26735"}],"wp:attachment":[{"href":"https:\/\/amedis.es\/tienda\/wp-json\/wp\/v2\/media?parent=36195"}],"wp:term":[{"taxonomy":"pwb-brand","embeddable":true,"href":"https:\/\/amedis.es\/tienda\/wp-json\/wp\/v2\/pwb-brand?post=36195"},{"taxonomy":"product_brand","embeddable":true,"href":"https:\/\/amedis.es\/tienda\/wp-json\/wp\/v2\/product_brand?post=36195"},{"taxonomy":"product_cat","embeddable":true,"href":"https:\/\/amedis.es\/tienda\/wp-json\/wp\/v2\/product_cat?post=36195"},{"taxonomy":"product_tag","embeddable":true,"href":"https:\/\/amedis.es\/tienda\/wp-json\/wp\/v2\/product_tag?post=36195"}],"curies":[{"name":"wp","href":"https:\/\/api.w.org\/{rel}","templated":true}]}}