{"id":34529,"date":"2025-08-28T12:01:18","date_gmt":"2025-08-28T12:01:18","guid":{"rendered":"https:\/\/amedis.es\/tienda\/?post_type=product&#038;p=34529"},"modified":"2025-08-28T17:53:08","modified_gmt":"2025-08-28T17:53:08","slug":"ceram-x-spectra-st-flow-compules","status":"publish","type":"product","link":"https:\/\/amedis.es\/tienda\/producto\/ceram-x-spectra-st-flow-compules\/","title":{"rendered":"CERAM.X SPECTRA ST FLOW COMPULES"},"content":{"rendered":"<p>Ceram.x Spectra ST flow compules es un composite fluido. Se adapta a la pared de la cavidad sin necesidad de usar instrumentos de mano. Las caracter\u00edsticas de flujo apilable permiten una adataci\u00f3n precisa sin deformaciones. Spectra ST flow es un compuesto h\u00edbrido que posee la elevada solidez y resistencia al desgaste que requieren las restauraciones anteriores y ciertas restauraciones posteriores y permiten obtener con facilidad un gran brillo y suavidad superficiales.<\/p>\n","protected":false},"excerpt":{"rendered":"<p>CONTENIDO: 16 compules x 0,25 gr.<\/p>\n","protected":false},"featured_media":11739,"template":"","meta":[],"pwb-brand":[2355],"product_brand":[],"product_cat":[27,274,262],"product_tag":[],"class_list":{"0":"post-34529","1":"product","2":"type-product","3":"status-publish","4":"has-post-thumbnail","6":"pwb-brand-dentsply","7":"product_cat-clinica","8":"product_cat-composites-fluidos","9":"product_cat-restauracion","11":"first","12":"instock","13":"sale","14":"taxable","15":"shipping-taxable","16":"purchasable","17":"product-type-variable"},"yoast_head":"<!-- This site is optimized with the Yoast SEO plugin v27.4 - https:\/\/yoast.com\/product\/yoast-seo-wordpress\/ -->\n<title>CERAM.X SPECTRA ST FLOW COMPULES | Amedis<\/title>\n<meta name=\"description\" content=\"Ceram.x Spectra ST flow compules es un composite fluido. Se adapta a la pared de la cavidad sin necesidad de usar instrumentos de mano.\" \/>\n<meta name=\"robots\" content=\"index, follow, max-snippet:-1, max-image-preview:large, max-video-preview:-1\" \/>\n<link rel=\"canonical\" href=\"https:\/\/amedis.es\/tienda\/producto\/ceram-x-spectra-st-flow-compules\/\" \/>\n<meta property=\"og:locale\" content=\"es_ES\" \/>\n<meta property=\"og:type\" content=\"article\" \/>\n<meta property=\"og:title\" content=\"CERAM.X SPECTRA ST FLOW COMPULES | Amedis\" \/>\n<meta property=\"og:description\" content=\"Ceram.x Spectra ST flow compules es un composite fluido. Se adapta a la pared de la cavidad sin necesidad de usar instrumentos de mano.\" \/>\n<meta property=\"og:url\" content=\"https:\/\/amedis.es\/tienda\/producto\/ceram-x-spectra-st-flow-compules\/\" \/>\n<meta property=\"og:site_name\" content=\"Amedis\" \/>\n<meta property=\"article:modified_time\" content=\"2025-08-28T17:53:08+00:00\" \/>\n<meta property=\"og:image\" content=\"https:\/\/amedis.es\/tienda\/wp-content\/uploads\/2021\/08\/CERAM.X-SPECTRA-ST-FLOW-COMPULES.jpg\" \/>\n\t<meta property=\"og:image:width\" content=\"600\" \/>\n\t<meta property=\"og:image:height\" content=\"600\" \/>\n\t<meta property=\"og:image:type\" content=\"image\/jpeg\" \/>\n<meta name=\"twitter:card\" content=\"summary_large_image\" \/>\n<meta name=\"twitter:label1\" content=\"Tiempo de lectura\" \/>\n\t<meta name=\"twitter:data1\" content=\"1 minuto\" \/>\n<script type=\"application\/ld+json\" class=\"yoast-schema-graph\">{\"@context\":\"https:\\\/\\\/schema.org\",\"@graph\":[{\"@type\":\"WebPage\",\"@id\":\"https:\\\/\\\/amedis.es\\\/tienda\\\/producto\\\/ceram-x-spectra-st-flow-compules\\\/\",\"url\":\"https:\\\/\\\/amedis.es\\\/tienda\\\/producto\\\/ceram-x-spectra-st-flow-compules\\\/\",\"name\":\"CERAM.X SPECTRA ST FLOW COMPULES | Amedis\",\"isPartOf\":{\"@id\":\"https:\\\/\\\/amedis.es\\\/tienda\\\/#website\"},\"primaryImageOfPage\":{\"@id\":\"https:\\\/\\\/amedis.es\\\/tienda\\\/producto\\\/ceram-x-spectra-st-flow-compules\\\/#primaryimage\"},\"image\":{\"@id\":\"https:\\\/\\\/amedis.es\\\/tienda\\\/producto\\\/ceram-x-spectra-st-flow-compules\\\/#primaryimage\"},\"thumbnailUrl\":\"https:\\\/\\\/amedis.es\\\/tienda\\\/wp-content\\\/uploads\\\/2021\\\/08\\\/CERAM.X-SPECTRA-ST-FLOW-COMPULES.jpg\",\"datePublished\":\"2025-08-28T12:01:18+00:00\",\"dateModified\":\"2025-08-28T17:53:08+00:00\",\"description\":\"Ceram.x Spectra ST flow compules es un composite fluido. Se adapta a la pared de la cavidad sin necesidad de usar instrumentos de mano.\",\"breadcrumb\":{\"@id\":\"https:\\\/\\\/amedis.es\\\/tienda\\\/producto\\\/ceram-x-spectra-st-flow-compules\\\/#breadcrumb\"},\"inLanguage\":\"es\",\"potentialAction\":[{\"@type\":\"ReadAction\",\"target\":[\"https:\\\/\\\/amedis.es\\\/tienda\\\/producto\\\/ceram-x-spectra-st-flow-compules\\\/\"]}]},{\"@type\":\"ImageObject\",\"inLanguage\":\"es\",\"@id\":\"https:\\\/\\\/amedis.es\\\/tienda\\\/producto\\\/ceram-x-spectra-st-flow-compules\\\/#primaryimage\",\"url\":\"https:\\\/\\\/amedis.es\\\/tienda\\\/wp-content\\\/uploads\\\/2021\\\/08\\\/CERAM.X-SPECTRA-ST-FLOW-COMPULES.jpg\",\"contentUrl\":\"https:\\\/\\\/amedis.es\\\/tienda\\\/wp-content\\\/uploads\\\/2021\\\/08\\\/CERAM.X-SPECTRA-ST-FLOW-COMPULES.jpg\",\"width\":600,\"height\":600,\"caption\":\"Amedis CERAM.X SPECTRA ST FLOW COMPULES\"},{\"@type\":\"BreadcrumbList\",\"@id\":\"https:\\\/\\\/amedis.es\\\/tienda\\\/producto\\\/ceram-x-spectra-st-flow-compules\\\/#breadcrumb\",\"itemListElement\":[{\"@type\":\"ListItem\",\"position\":1,\"name\":\"Portada\",\"item\":\"https:\\\/\\\/amedis.es\\\/tienda\\\/\"},{\"@type\":\"ListItem\",\"position\":2,\"name\":\"Amedis | Suministros M\u00e9dicos y Dentales | Tienda\",\"item\":\"https:\\\/\\\/amedis.es\\\/tienda\\\/suministros-medicos-y-dentales\\\/\"},{\"@type\":\"ListItem\",\"position\":3,\"name\":\"CERAM.X SPECTRA ST FLOW COMPULES\"}]},{\"@type\":\"WebSite\",\"@id\":\"https:\\\/\\\/amedis.es\\\/tienda\\\/#website\",\"url\":\"https:\\\/\\\/amedis.es\\\/tienda\\\/\",\"name\":\"Amedis\",\"description\":\"Suministros M\u00e9dicos y Dentales\",\"publisher\":{\"@id\":\"https:\\\/\\\/amedis.es\\\/tienda\\\/#organization\"},\"potentialAction\":[{\"@type\":\"SearchAction\",\"target\":{\"@type\":\"EntryPoint\",\"urlTemplate\":\"https:\\\/\\\/amedis.es\\\/tienda\\\/?s={search_term_string}\"},\"query-input\":{\"@type\":\"PropertyValueSpecification\",\"valueRequired\":true,\"valueName\":\"search_term_string\"}}],\"inLanguage\":\"es\"},{\"@type\":\"Organization\",\"@id\":\"https:\\\/\\\/amedis.es\\\/tienda\\\/#organization\",\"name\":\"Amedis | Suministros M\u00e9dicos y Dentales\",\"url\":\"https:\\\/\\\/amedis.es\\\/tienda\\\/\",\"logo\":{\"@type\":\"ImageObject\",\"inLanguage\":\"es\",\"@id\":\"https:\\\/\\\/amedis.es\\\/tienda\\\/#\\\/schema\\\/logo\\\/image\\\/\",\"url\":\"https:\\\/\\\/amedis.es\\\/tienda\\\/wp-content\\\/uploads\\\/2020\\\/05\\\/logo-1.png\",\"contentUrl\":\"https:\\\/\\\/amedis.es\\\/tienda\\\/wp-content\\\/uploads\\\/2020\\\/05\\\/logo-1.png\",\"width\":191,\"height\":80,\"caption\":\"Amedis | Suministros M\u00e9dicos y Dentales\"},\"image\":{\"@id\":\"https:\\\/\\\/amedis.es\\\/tienda\\\/#\\\/schema\\\/logo\\\/image\\\/\"}}]}<\/script>\n<!-- \/ Yoast SEO plugin. -->","yoast_head_json":{"title":"CERAM.X SPECTRA ST FLOW COMPULES | Amedis","description":"Ceram.x Spectra ST flow compules es un composite fluido. Se adapta a la pared de la cavidad sin necesidad de usar instrumentos de mano.","robots":{"index":"index","follow":"follow","max-snippet":"max-snippet:-1","max-image-preview":"max-image-preview:large","max-video-preview":"max-video-preview:-1"},"canonical":"https:\/\/amedis.es\/tienda\/producto\/ceram-x-spectra-st-flow-compules\/","og_locale":"es_ES","og_type":"article","og_title":"CERAM.X SPECTRA ST FLOW COMPULES | Amedis","og_description":"Ceram.x Spectra ST flow compules es un composite fluido. Se adapta a la pared de la cavidad sin necesidad de usar instrumentos de mano.","og_url":"https:\/\/amedis.es\/tienda\/producto\/ceram-x-spectra-st-flow-compules\/","og_site_name":"Amedis","article_modified_time":"2025-08-28T17:53:08+00:00","og_image":[{"width":600,"height":600,"url":"https:\/\/amedis.es\/tienda\/wp-content\/uploads\/2021\/08\/CERAM.X-SPECTRA-ST-FLOW-COMPULES.jpg","type":"image\/jpeg"}],"twitter_card":"summary_large_image","twitter_misc":{"Tiempo de lectura":"1 minuto"},"schema":{"@context":"https:\/\/schema.org","@graph":[{"@type":"WebPage","@id":"https:\/\/amedis.es\/tienda\/producto\/ceram-x-spectra-st-flow-compules\/","url":"https:\/\/amedis.es\/tienda\/producto\/ceram-x-spectra-st-flow-compules\/","name":"CERAM.X SPECTRA ST FLOW COMPULES | Amedis","isPartOf":{"@id":"https:\/\/amedis.es\/tienda\/#website"},"primaryImageOfPage":{"@id":"https:\/\/amedis.es\/tienda\/producto\/ceram-x-spectra-st-flow-compules\/#primaryimage"},"image":{"@id":"https:\/\/amedis.es\/tienda\/producto\/ceram-x-spectra-st-flow-compules\/#primaryimage"},"thumbnailUrl":"https:\/\/amedis.es\/tienda\/wp-content\/uploads\/2021\/08\/CERAM.X-SPECTRA-ST-FLOW-COMPULES.jpg","datePublished":"2025-08-28T12:01:18+00:00","dateModified":"2025-08-28T17:53:08+00:00","description":"Ceram.x Spectra ST flow compules es un composite fluido. Se adapta a la pared de la cavidad sin necesidad de usar instrumentos de mano.","breadcrumb":{"@id":"https:\/\/amedis.es\/tienda\/producto\/ceram-x-spectra-st-flow-compules\/#breadcrumb"},"inLanguage":"es","potentialAction":[{"@type":"ReadAction","target":["https:\/\/amedis.es\/tienda\/producto\/ceram-x-spectra-st-flow-compules\/"]}]},{"@type":"ImageObject","inLanguage":"es","@id":"https:\/\/amedis.es\/tienda\/producto\/ceram-x-spectra-st-flow-compules\/#primaryimage","url":"https:\/\/amedis.es\/tienda\/wp-content\/uploads\/2021\/08\/CERAM.X-SPECTRA-ST-FLOW-COMPULES.jpg","contentUrl":"https:\/\/amedis.es\/tienda\/wp-content\/uploads\/2021\/08\/CERAM.X-SPECTRA-ST-FLOW-COMPULES.jpg","width":600,"height":600,"caption":"Amedis CERAM.X SPECTRA ST FLOW COMPULES"},{"@type":"BreadcrumbList","@id":"https:\/\/amedis.es\/tienda\/producto\/ceram-x-spectra-st-flow-compules\/#breadcrumb","itemListElement":[{"@type":"ListItem","position":1,"name":"Portada","item":"https:\/\/amedis.es\/tienda\/"},{"@type":"ListItem","position":2,"name":"Amedis | Suministros M\u00e9dicos y Dentales | Tienda","item":"https:\/\/amedis.es\/tienda\/suministros-medicos-y-dentales\/"},{"@type":"ListItem","position":3,"name":"CERAM.X SPECTRA ST FLOW COMPULES"}]},{"@type":"WebSite","@id":"https:\/\/amedis.es\/tienda\/#website","url":"https:\/\/amedis.es\/tienda\/","name":"Amedis","description":"Suministros M\u00e9dicos y Dentales","publisher":{"@id":"https:\/\/amedis.es\/tienda\/#organization"},"potentialAction":[{"@type":"SearchAction","target":{"@type":"EntryPoint","urlTemplate":"https:\/\/amedis.es\/tienda\/?s={search_term_string}"},"query-input":{"@type":"PropertyValueSpecification","valueRequired":true,"valueName":"search_term_string"}}],"inLanguage":"es"},{"@type":"Organization","@id":"https:\/\/amedis.es\/tienda\/#organization","name":"Amedis | Suministros M\u00e9dicos y Dentales","url":"https:\/\/amedis.es\/tienda\/","logo":{"@type":"ImageObject","inLanguage":"es","@id":"https:\/\/amedis.es\/tienda\/#\/schema\/logo\/image\/","url":"https:\/\/amedis.es\/tienda\/wp-content\/uploads\/2020\/05\/logo-1.png","contentUrl":"https:\/\/amedis.es\/tienda\/wp-content\/uploads\/2020\/05\/logo-1.png","width":191,"height":80,"caption":"Amedis | Suministros M\u00e9dicos y Dentales"},"image":{"@id":"https:\/\/amedis.es\/tienda\/#\/schema\/logo\/image\/"}}]}},"brands":[{"id":2355,"name":"DENTSPLY","slug":"dentsply"}],"_links":{"self":[{"href":"https:\/\/amedis.es\/tienda\/wp-json\/wp\/v2\/product\/34529","targetHints":{"allow":["GET"]}}],"collection":[{"href":"https:\/\/amedis.es\/tienda\/wp-json\/wp\/v2\/product"}],"about":[{"href":"https:\/\/amedis.es\/tienda\/wp-json\/wp\/v2\/types\/product"}],"wp:featuredmedia":[{"embeddable":true,"href":"https:\/\/amedis.es\/tienda\/wp-json\/wp\/v2\/media\/11739"}],"wp:attachment":[{"href":"https:\/\/amedis.es\/tienda\/wp-json\/wp\/v2\/media?parent=34529"}],"wp:term":[{"taxonomy":"pwb-brand","embeddable":true,"href":"https:\/\/amedis.es\/tienda\/wp-json\/wp\/v2\/pwb-brand?post=34529"},{"taxonomy":"product_brand","embeddable":true,"href":"https:\/\/amedis.es\/tienda\/wp-json\/wp\/v2\/product_brand?post=34529"},{"taxonomy":"product_cat","embeddable":true,"href":"https:\/\/amedis.es\/tienda\/wp-json\/wp\/v2\/product_cat?post=34529"},{"taxonomy":"product_tag","embeddable":true,"href":"https:\/\/amedis.es\/tienda\/wp-json\/wp\/v2\/product_tag?post=34529"}],"curies":[{"name":"wp","href":"https:\/\/api.w.org\/{rel}","templated":true}]}}