{"id":33119,"date":"2025-05-08T14:43:04","date_gmt":"2025-05-08T14:43:04","guid":{"rendered":"https:\/\/amedis.es\/tienda\/?post_type=product&#038;p=33119"},"modified":"2025-05-08T14:47:18","modified_gmt":"2025-05-08T14:47:18","slug":"sensor-durr-vistaray-7","status":"publish","type":"product","link":"https:\/\/amedis.es\/tienda\/producto\/sensor-durr-vistaray-7\/","title":{"rendered":"SENSOR D\u00dcRR VISTARAY 7"},"content":{"rendered":"<p>Sensor D\u00fcrr Vistaray 7. La gran capacidad de reconocimiento de los datos con una baja dosis de radiaci\u00f3n es absolutamente convincente. Debido a la representaci\u00f3n mediante escalas de grises finas las lesiones por caries D1 se reconocen con seguridad. A trav\u00e9s de la r\u00e1pida disponibilidad de las im\u00e1genes y de la gran precisi\u00f3n de los detalles (por ej. representaci\u00f3n de limas ISO 06), el VistaRay 7 es un valioso complemento de la tecnolog\u00eda de placas radiogr\u00e1ficas en el campo de la endodoncia o del control de los pilares. R\u00e1pida transmisi\u00f3n de las im\u00e1genes con CMOS. La moderna tecnolog\u00eda CMOS del VistaRay 7 garantiza una r\u00e1pida transmisi\u00f3n de las im\u00e1genes a gran resoluci\u00f3n. El nuevo estrato centelleante de D\u00fcrr Dental reduce la dispersi\u00f3n de la luz y la concentra, lo que tiene un efecto positivo en la calidad de las im\u00e1genes.<\/p>\n<p>VENTAJAS:<\/p>\n<p>&#8211; Gran precisi\u00f3n de los detalles &#8211; Diagn\u00f3stico seguro.<br \/>\n&#8211; R\u00e1pida disponibilidad de las im\u00e1genes &#8211; Flujo de trabajo m\u00e1s eficiente.<br \/>\n&#8211; Capaz de funcionamiento multi-usuario &#8211; Econ\u00f3mico y flexible.<br \/>\n&#8211; \u00d3ptimo complemento para las placas radiogr\u00e1ficas en la endodoncia, implantolog\u00eda y terapia dental conservadora.<br \/>\n&#8211; Ayuda al diagn\u00f3stico con filtros especiales y amplias posibilidades de elaboraci\u00f3n de las im\u00e1genes (DBSWIN o VistaEasy).<\/p>\n","protected":false},"excerpt":{"rendered":"<p>CONTENIDO: 1 unidad.<\/p>\n","protected":false},"featured_media":33120,"template":"","meta":[],"pwb-brand":[2410],"product_brand":[],"product_cat":[283,1414,2590],"product_tag":[],"class_list":{"0":"post-33119","1":"product","2":"type-product","3":"status-publish","4":"has-post-thumbnail","6":"pwb-brand-durr","7":"product_cat-equipamiento","8":"product_cat-imagen-digital","9":"product_cat-sensor-intraoral-con-cable","11":"first","12":"onbackorder","13":"sale","14":"taxable","15":"shipping-taxable","16":"purchasable","17":"product-type-simple"},"yoast_head":"<!-- This site is optimized with the Yoast SEO plugin v27.3 - https:\/\/yoast.com\/product\/yoast-seo-wordpress\/ -->\n<title>SENSOR D\u00dcRR VISTARAY 7 | Amedis<\/title>\n<meta name=\"description\" content=\"Sensor D\u00fcrr Vistaray 7. La gran capacidad de reconocimiento de los datos con una baja dosis de radiaci\u00f3n es absolutamente convincente.\" \/>\n<meta name=\"robots\" content=\"index, follow, max-snippet:-1, max-image-preview:large, max-video-preview:-1\" \/>\n<link rel=\"canonical\" href=\"https:\/\/amedis.es\/tienda\/?product=sensor-durr-vistaray-7\" \/>\n<meta property=\"og:locale\" content=\"es_ES\" \/>\n<meta property=\"og:type\" content=\"article\" \/>\n<meta property=\"og:title\" content=\"SENSOR D\u00dcRR VISTARAY 7 | Amedis\" \/>\n<meta property=\"og:description\" content=\"Sensor D\u00fcrr Vistaray 7. La gran capacidad de reconocimiento de los datos con una baja dosis de radiaci\u00f3n es absolutamente convincente.\" \/>\n<meta property=\"og:url\" content=\"https:\/\/amedis.es\/tienda\/?product=sensor-durr-vistaray-7\" \/>\n<meta property=\"og:site_name\" content=\"Amedis\" \/>\n<meta property=\"article:modified_time\" content=\"2025-05-08T14:47:18+00:00\" \/>\n<meta property=\"og:image\" content=\"https:\/\/amedis.es\/tienda\/wp-content\/uploads\/2025\/05\/DURR-VISTARAY-7.jpg\" \/>\n\t<meta property=\"og:image:width\" content=\"600\" \/>\n\t<meta property=\"og:image:height\" content=\"600\" \/>\n\t<meta property=\"og:image:type\" content=\"image\/jpeg\" \/>\n<meta name=\"twitter:card\" content=\"summary_large_image\" \/>\n<meta name=\"twitter:label1\" content=\"Tiempo de lectura\" \/>\n\t<meta name=\"twitter:data1\" content=\"2 minutos\" \/>\n<script type=\"application\/ld+json\" class=\"yoast-schema-graph\">{\"@context\":\"https:\\\/\\\/schema.org\",\"@graph\":[{\"@type\":\"WebPage\",\"@id\":\"https:\\\/\\\/amedis.es\\\/tienda\\\/?product=sensor-durr-vistaray-7\",\"url\":\"https:\\\/\\\/amedis.es\\\/tienda\\\/?product=sensor-durr-vistaray-7\",\"name\":\"SENSOR D\u00dcRR VISTARAY 7 | Amedis\",\"isPartOf\":{\"@id\":\"https:\\\/\\\/amedis.es\\\/tienda\\\/#website\"},\"primaryImageOfPage\":{\"@id\":\"https:\\\/\\\/amedis.es\\\/tienda\\\/?product=sensor-durr-vistaray-7#primaryimage\"},\"image\":{\"@id\":\"https:\\\/\\\/amedis.es\\\/tienda\\\/?product=sensor-durr-vistaray-7#primaryimage\"},\"thumbnailUrl\":\"https:\\\/\\\/amedis.es\\\/tienda\\\/wp-content\\\/uploads\\\/2025\\\/05\\\/DURR-VISTARAY-7.jpg\",\"datePublished\":\"2025-05-08T14:43:04+00:00\",\"dateModified\":\"2025-05-08T14:47:18+00:00\",\"description\":\"Sensor D\u00fcrr Vistaray 7. La gran capacidad de reconocimiento de los datos con una baja dosis de radiaci\u00f3n es absolutamente convincente.\",\"breadcrumb\":{\"@id\":\"https:\\\/\\\/amedis.es\\\/tienda\\\/?product=sensor-durr-vistaray-7#breadcrumb\"},\"inLanguage\":\"es\",\"potentialAction\":[{\"@type\":\"ReadAction\",\"target\":[\"https:\\\/\\\/amedis.es\\\/tienda\\\/?product=sensor-durr-vistaray-7\"]}]},{\"@type\":\"ImageObject\",\"inLanguage\":\"es\",\"@id\":\"https:\\\/\\\/amedis.es\\\/tienda\\\/?product=sensor-durr-vistaray-7#primaryimage\",\"url\":\"https:\\\/\\\/amedis.es\\\/tienda\\\/wp-content\\\/uploads\\\/2025\\\/05\\\/DURR-VISTARAY-7.jpg\",\"contentUrl\":\"https:\\\/\\\/amedis.es\\\/tienda\\\/wp-content\\\/uploads\\\/2025\\\/05\\\/DURR-VISTARAY-7.jpg\",\"width\":600,\"height\":600,\"caption\":\"Amedis D\u00dcRR VISTARAY 7\"},{\"@type\":\"BreadcrumbList\",\"@id\":\"https:\\\/\\\/amedis.es\\\/tienda\\\/?product=sensor-durr-vistaray-7#breadcrumb\",\"itemListElement\":[{\"@type\":\"ListItem\",\"position\":1,\"name\":\"Portada\",\"item\":\"https:\\\/\\\/amedis.es\\\/tienda\\\/\"},{\"@type\":\"ListItem\",\"position\":2,\"name\":\"Amedis | Suministros M\u00e9dicos y Dentales | Tienda\",\"item\":\"https:\\\/\\\/amedis.es\\\/tienda\\\/suministros-medicos-y-dentales\\\/\"},{\"@type\":\"ListItem\",\"position\":3,\"name\":\"SENSOR D\u00dcRR VISTARAY 7\"}]},{\"@type\":\"WebSite\",\"@id\":\"https:\\\/\\\/amedis.es\\\/tienda\\\/#website\",\"url\":\"https:\\\/\\\/amedis.es\\\/tienda\\\/\",\"name\":\"Amedis\",\"description\":\"Suministros M\u00e9dicos y Dentales\",\"publisher\":{\"@id\":\"https:\\\/\\\/amedis.es\\\/tienda\\\/#organization\"},\"potentialAction\":[{\"@type\":\"SearchAction\",\"target\":{\"@type\":\"EntryPoint\",\"urlTemplate\":\"https:\\\/\\\/amedis.es\\\/tienda\\\/?s={search_term_string}\"},\"query-input\":{\"@type\":\"PropertyValueSpecification\",\"valueRequired\":true,\"valueName\":\"search_term_string\"}}],\"inLanguage\":\"es\"},{\"@type\":\"Organization\",\"@id\":\"https:\\\/\\\/amedis.es\\\/tienda\\\/#organization\",\"name\":\"Amedis | Suministros M\u00e9dicos y Dentales\",\"url\":\"https:\\\/\\\/amedis.es\\\/tienda\\\/\",\"logo\":{\"@type\":\"ImageObject\",\"inLanguage\":\"es\",\"@id\":\"https:\\\/\\\/amedis.es\\\/tienda\\\/#\\\/schema\\\/logo\\\/image\\\/\",\"url\":\"https:\\\/\\\/amedis.es\\\/tienda\\\/wp-content\\\/uploads\\\/2020\\\/05\\\/logo-1.png\",\"contentUrl\":\"https:\\\/\\\/amedis.es\\\/tienda\\\/wp-content\\\/uploads\\\/2020\\\/05\\\/logo-1.png\",\"width\":191,\"height\":80,\"caption\":\"Amedis | Suministros M\u00e9dicos y Dentales\"},\"image\":{\"@id\":\"https:\\\/\\\/amedis.es\\\/tienda\\\/#\\\/schema\\\/logo\\\/image\\\/\"}}]}<\/script>\n<!-- \/ Yoast SEO plugin. -->","yoast_head_json":{"title":"SENSOR D\u00dcRR VISTARAY 7 | Amedis","description":"Sensor D\u00fcrr Vistaray 7. La gran capacidad de reconocimiento de los datos con una baja dosis de radiaci\u00f3n es absolutamente convincente.","robots":{"index":"index","follow":"follow","max-snippet":"max-snippet:-1","max-image-preview":"max-image-preview:large","max-video-preview":"max-video-preview:-1"},"canonical":"https:\/\/amedis.es\/tienda\/?product=sensor-durr-vistaray-7","og_locale":"es_ES","og_type":"article","og_title":"SENSOR D\u00dcRR VISTARAY 7 | Amedis","og_description":"Sensor D\u00fcrr Vistaray 7. La gran capacidad de reconocimiento de los datos con una baja dosis de radiaci\u00f3n es absolutamente convincente.","og_url":"https:\/\/amedis.es\/tienda\/?product=sensor-durr-vistaray-7","og_site_name":"Amedis","article_modified_time":"2025-05-08T14:47:18+00:00","og_image":[{"width":600,"height":600,"url":"https:\/\/amedis.es\/tienda\/wp-content\/uploads\/2025\/05\/DURR-VISTARAY-7.jpg","type":"image\/jpeg"}],"twitter_card":"summary_large_image","twitter_misc":{"Tiempo de lectura":"2 minutos"},"schema":{"@context":"https:\/\/schema.org","@graph":[{"@type":"WebPage","@id":"https:\/\/amedis.es\/tienda\/?product=sensor-durr-vistaray-7","url":"https:\/\/amedis.es\/tienda\/?product=sensor-durr-vistaray-7","name":"SENSOR D\u00dcRR VISTARAY 7 | Amedis","isPartOf":{"@id":"https:\/\/amedis.es\/tienda\/#website"},"primaryImageOfPage":{"@id":"https:\/\/amedis.es\/tienda\/?product=sensor-durr-vistaray-7#primaryimage"},"image":{"@id":"https:\/\/amedis.es\/tienda\/?product=sensor-durr-vistaray-7#primaryimage"},"thumbnailUrl":"https:\/\/amedis.es\/tienda\/wp-content\/uploads\/2025\/05\/DURR-VISTARAY-7.jpg","datePublished":"2025-05-08T14:43:04+00:00","dateModified":"2025-05-08T14:47:18+00:00","description":"Sensor D\u00fcrr Vistaray 7. La gran capacidad de reconocimiento de los datos con una baja dosis de radiaci\u00f3n es absolutamente convincente.","breadcrumb":{"@id":"https:\/\/amedis.es\/tienda\/?product=sensor-durr-vistaray-7#breadcrumb"},"inLanguage":"es","potentialAction":[{"@type":"ReadAction","target":["https:\/\/amedis.es\/tienda\/?product=sensor-durr-vistaray-7"]}]},{"@type":"ImageObject","inLanguage":"es","@id":"https:\/\/amedis.es\/tienda\/?product=sensor-durr-vistaray-7#primaryimage","url":"https:\/\/amedis.es\/tienda\/wp-content\/uploads\/2025\/05\/DURR-VISTARAY-7.jpg","contentUrl":"https:\/\/amedis.es\/tienda\/wp-content\/uploads\/2025\/05\/DURR-VISTARAY-7.jpg","width":600,"height":600,"caption":"Amedis D\u00dcRR VISTARAY 7"},{"@type":"BreadcrumbList","@id":"https:\/\/amedis.es\/tienda\/?product=sensor-durr-vistaray-7#breadcrumb","itemListElement":[{"@type":"ListItem","position":1,"name":"Portada","item":"https:\/\/amedis.es\/tienda\/"},{"@type":"ListItem","position":2,"name":"Amedis | Suministros M\u00e9dicos y Dentales | Tienda","item":"https:\/\/amedis.es\/tienda\/suministros-medicos-y-dentales\/"},{"@type":"ListItem","position":3,"name":"SENSOR D\u00dcRR VISTARAY 7"}]},{"@type":"WebSite","@id":"https:\/\/amedis.es\/tienda\/#website","url":"https:\/\/amedis.es\/tienda\/","name":"Amedis","description":"Suministros M\u00e9dicos y Dentales","publisher":{"@id":"https:\/\/amedis.es\/tienda\/#organization"},"potentialAction":[{"@type":"SearchAction","target":{"@type":"EntryPoint","urlTemplate":"https:\/\/amedis.es\/tienda\/?s={search_term_string}"},"query-input":{"@type":"PropertyValueSpecification","valueRequired":true,"valueName":"search_term_string"}}],"inLanguage":"es"},{"@type":"Organization","@id":"https:\/\/amedis.es\/tienda\/#organization","name":"Amedis | Suministros M\u00e9dicos y Dentales","url":"https:\/\/amedis.es\/tienda\/","logo":{"@type":"ImageObject","inLanguage":"es","@id":"https:\/\/amedis.es\/tienda\/#\/schema\/logo\/image\/","url":"https:\/\/amedis.es\/tienda\/wp-content\/uploads\/2020\/05\/logo-1.png","contentUrl":"https:\/\/amedis.es\/tienda\/wp-content\/uploads\/2020\/05\/logo-1.png","width":191,"height":80,"caption":"Amedis | Suministros M\u00e9dicos y Dentales"},"image":{"@id":"https:\/\/amedis.es\/tienda\/#\/schema\/logo\/image\/"}}]}},"brands":[{"id":2410,"name":"DURR","slug":"durr"}],"_links":{"self":[{"href":"https:\/\/amedis.es\/tienda\/wp-json\/wp\/v2\/product\/33119","targetHints":{"allow":["GET"]}}],"collection":[{"href":"https:\/\/amedis.es\/tienda\/wp-json\/wp\/v2\/product"}],"about":[{"href":"https:\/\/amedis.es\/tienda\/wp-json\/wp\/v2\/types\/product"}],"wp:featuredmedia":[{"embeddable":true,"href":"https:\/\/amedis.es\/tienda\/wp-json\/wp\/v2\/media\/33120"}],"wp:attachment":[{"href":"https:\/\/amedis.es\/tienda\/wp-json\/wp\/v2\/media?parent=33119"}],"wp:term":[{"taxonomy":"pwb-brand","embeddable":true,"href":"https:\/\/amedis.es\/tienda\/wp-json\/wp\/v2\/pwb-brand?post=33119"},{"taxonomy":"product_brand","embeddable":true,"href":"https:\/\/amedis.es\/tienda\/wp-json\/wp\/v2\/product_brand?post=33119"},{"taxonomy":"product_cat","embeddable":true,"href":"https:\/\/amedis.es\/tienda\/wp-json\/wp\/v2\/product_cat?post=33119"},{"taxonomy":"product_tag","embeddable":true,"href":"https:\/\/amedis.es\/tienda\/wp-json\/wp\/v2\/product_tag?post=33119"}],"curies":[{"name":"wp","href":"https:\/\/api.w.org\/{rel}","templated":true}]}}