{"id":32838,"date":"2025-04-03T08:36:22","date_gmt":"2025-04-03T08:36:22","guid":{"rendered":"https:\/\/amedis.es\/tienda\/?post_type=product&#038;p=32838"},"modified":"2025-04-03T08:37:32","modified_gmt":"2025-04-03T08:37:32","slug":"kit-lineas-irrigacion-desechables-wh","status":"publish","type":"product","link":"https:\/\/amedis.es\/tienda\/producto\/kit-lineas-irrigacion-desechables-wh\/","title":{"rendered":"KIT L\u00cdNEAS IRRIGACI\u00d3N DESECHABLES W&#038;H"},"content":{"rendered":"<p>Kit l\u00edneas irrigaci\u00f3n desechables W&amp;H. Kit l\u00edneas desechables para Elcomed SA-310, Implantmed SI-915\/SI-923, Implantmed SI-95. 2,2 m de largo, para motores con cables de longitud 1,8 m.<\/p>\n","protected":false},"excerpt":{"rendered":"<p>CONTENIDO: 6 unidades.<\/p>\n","protected":false},"featured_media":21988,"template":"","meta":[],"pwb-brand":[2451],"product_brand":[],"product_cat":[27,89,1719],"product_tag":[],"class_list":{"0":"post-32838","1":"product","2":"type-product","3":"status-publish","4":"has-post-thumbnail","6":"pwb-brand-wh","7":"product_cat-clinica","8":"product_cat-desechables","9":"product_cat-lineas-de-irrigacion","11":"first","12":"instock","13":"sale","14":"taxable","15":"shipping-taxable","16":"purchasable","17":"product-type-simple"},"yoast_head":"<!-- This site is optimized with the Yoast SEO plugin v27.4 - https:\/\/yoast.com\/product\/yoast-seo-wordpress\/ -->\n<title>KIT L\u00cdNEAS IRRIGACI\u00d3N DESECHABLES W&amp;H | Amedis<\/title>\n<meta name=\"description\" content=\"Kit l\u00edneas irrigaci\u00f3n desechables W&amp;H. Kit l\u00edneas desechables para Elcomed SA-310, Implantmed SI-915\/SI-923, Implantmed SI-95\" \/>\n<meta name=\"robots\" content=\"index, follow, max-snippet:-1, max-image-preview:large, max-video-preview:-1\" \/>\n<link rel=\"canonical\" href=\"https:\/\/amedis.es\/tienda\/?product=kit-lineas-irrigacion-desechables-wh\" \/>\n<meta property=\"og:locale\" content=\"es_ES\" \/>\n<meta property=\"og:type\" content=\"article\" \/>\n<meta property=\"og:title\" content=\"KIT L\u00cdNEAS IRRIGACI\u00d3N DESECHABLES W&amp;H | Amedis\" \/>\n<meta property=\"og:description\" content=\"Kit l\u00edneas irrigaci\u00f3n desechables W&amp;H. Kit l\u00edneas desechables para Elcomed SA-310, Implantmed SI-915\/SI-923, Implantmed SI-95\" \/>\n<meta property=\"og:url\" content=\"https:\/\/amedis.es\/tienda\/?product=kit-lineas-irrigacion-desechables-wh\" \/>\n<meta property=\"og:site_name\" content=\"Amedis\" \/>\n<meta property=\"article:modified_time\" content=\"2025-04-03T08:37:32+00:00\" \/>\n<meta property=\"og:image\" content=\"https:\/\/amedis.es\/tienda\/wp-content\/uploads\/2022\/07\/KIT-LINEAS-IRRIGACION-DESECHABLES-WH.jpg\" \/>\n\t<meta property=\"og:image:width\" content=\"600\" \/>\n\t<meta property=\"og:image:height\" content=\"600\" \/>\n\t<meta property=\"og:image:type\" content=\"image\/jpeg\" \/>\n<meta name=\"twitter:card\" content=\"summary_large_image\" \/>\n<meta name=\"twitter:label1\" content=\"Tiempo de lectura\" \/>\n\t<meta name=\"twitter:data1\" content=\"1 minuto\" \/>\n<script type=\"application\/ld+json\" class=\"yoast-schema-graph\">{\"@context\":\"https:\\\/\\\/schema.org\",\"@graph\":[{\"@type\":\"WebPage\",\"@id\":\"https:\\\/\\\/amedis.es\\\/tienda\\\/?product=kit-lineas-irrigacion-desechables-wh\",\"url\":\"https:\\\/\\\/amedis.es\\\/tienda\\\/?product=kit-lineas-irrigacion-desechables-wh\",\"name\":\"KIT L\u00cdNEAS IRRIGACI\u00d3N DESECHABLES W&H | Amedis\",\"isPartOf\":{\"@id\":\"https:\\\/\\\/amedis.es\\\/tienda\\\/#website\"},\"primaryImageOfPage\":{\"@id\":\"https:\\\/\\\/amedis.es\\\/tienda\\\/?product=kit-lineas-irrigacion-desechables-wh#primaryimage\"},\"image\":{\"@id\":\"https:\\\/\\\/amedis.es\\\/tienda\\\/?product=kit-lineas-irrigacion-desechables-wh#primaryimage\"},\"thumbnailUrl\":\"https:\\\/\\\/amedis.es\\\/tienda\\\/wp-content\\\/uploads\\\/2022\\\/07\\\/KIT-LINEAS-IRRIGACION-DESECHABLES-WH.jpg\",\"datePublished\":\"2025-04-03T08:36:22+00:00\",\"dateModified\":\"2025-04-03T08:37:32+00:00\",\"description\":\"Kit l\u00edneas irrigaci\u00f3n desechables W&H. Kit l\u00edneas desechables para Elcomed SA-310, Implantmed SI-915\\\/SI-923, Implantmed SI-95\",\"breadcrumb\":{\"@id\":\"https:\\\/\\\/amedis.es\\\/tienda\\\/?product=kit-lineas-irrigacion-desechables-wh#breadcrumb\"},\"inLanguage\":\"es\",\"potentialAction\":[{\"@type\":\"ReadAction\",\"target\":[\"https:\\\/\\\/amedis.es\\\/tienda\\\/?product=kit-lineas-irrigacion-desechables-wh\"]}]},{\"@type\":\"ImageObject\",\"inLanguage\":\"es\",\"@id\":\"https:\\\/\\\/amedis.es\\\/tienda\\\/?product=kit-lineas-irrigacion-desechables-wh#primaryimage\",\"url\":\"https:\\\/\\\/amedis.es\\\/tienda\\\/wp-content\\\/uploads\\\/2022\\\/07\\\/KIT-LINEAS-IRRIGACION-DESECHABLES-WH.jpg\",\"contentUrl\":\"https:\\\/\\\/amedis.es\\\/tienda\\\/wp-content\\\/uploads\\\/2022\\\/07\\\/KIT-LINEAS-IRRIGACION-DESECHABLES-WH.jpg\",\"width\":600,\"height\":600,\"caption\":\"Amedis KIT L\u00cdNEAS IRRIGACI\u00d3N DESECHABLES W&H\"},{\"@type\":\"BreadcrumbList\",\"@id\":\"https:\\\/\\\/amedis.es\\\/tienda\\\/?product=kit-lineas-irrigacion-desechables-wh#breadcrumb\",\"itemListElement\":[{\"@type\":\"ListItem\",\"position\":1,\"name\":\"Portada\",\"item\":\"https:\\\/\\\/amedis.es\\\/tienda\\\/\"},{\"@type\":\"ListItem\",\"position\":2,\"name\":\"Amedis | Suministros M\u00e9dicos y Dentales | Tienda\",\"item\":\"https:\\\/\\\/amedis.es\\\/tienda\\\/suministros-medicos-y-dentales\\\/\"},{\"@type\":\"ListItem\",\"position\":3,\"name\":\"KIT L\u00cdNEAS IRRIGACI\u00d3N DESECHABLES W&#038;H\"}]},{\"@type\":\"WebSite\",\"@id\":\"https:\\\/\\\/amedis.es\\\/tienda\\\/#website\",\"url\":\"https:\\\/\\\/amedis.es\\\/tienda\\\/\",\"name\":\"Amedis\",\"description\":\"Suministros M\u00e9dicos y Dentales\",\"publisher\":{\"@id\":\"https:\\\/\\\/amedis.es\\\/tienda\\\/#organization\"},\"potentialAction\":[{\"@type\":\"SearchAction\",\"target\":{\"@type\":\"EntryPoint\",\"urlTemplate\":\"https:\\\/\\\/amedis.es\\\/tienda\\\/?s={search_term_string}\"},\"query-input\":{\"@type\":\"PropertyValueSpecification\",\"valueRequired\":true,\"valueName\":\"search_term_string\"}}],\"inLanguage\":\"es\"},{\"@type\":\"Organization\",\"@id\":\"https:\\\/\\\/amedis.es\\\/tienda\\\/#organization\",\"name\":\"Amedis | Suministros M\u00e9dicos y Dentales\",\"url\":\"https:\\\/\\\/amedis.es\\\/tienda\\\/\",\"logo\":{\"@type\":\"ImageObject\",\"inLanguage\":\"es\",\"@id\":\"https:\\\/\\\/amedis.es\\\/tienda\\\/#\\\/schema\\\/logo\\\/image\\\/\",\"url\":\"https:\\\/\\\/amedis.es\\\/tienda\\\/wp-content\\\/uploads\\\/2020\\\/05\\\/logo-1.png\",\"contentUrl\":\"https:\\\/\\\/amedis.es\\\/tienda\\\/wp-content\\\/uploads\\\/2020\\\/05\\\/logo-1.png\",\"width\":191,\"height\":80,\"caption\":\"Amedis | Suministros M\u00e9dicos y Dentales\"},\"image\":{\"@id\":\"https:\\\/\\\/amedis.es\\\/tienda\\\/#\\\/schema\\\/logo\\\/image\\\/\"}}]}<\/script>\n<!-- \/ Yoast SEO plugin. -->","yoast_head_json":{"title":"KIT L\u00cdNEAS IRRIGACI\u00d3N DESECHABLES W&H | Amedis","description":"Kit l\u00edneas irrigaci\u00f3n desechables W&H. Kit l\u00edneas desechables para Elcomed SA-310, Implantmed SI-915\/SI-923, Implantmed SI-95","robots":{"index":"index","follow":"follow","max-snippet":"max-snippet:-1","max-image-preview":"max-image-preview:large","max-video-preview":"max-video-preview:-1"},"canonical":"https:\/\/amedis.es\/tienda\/?product=kit-lineas-irrigacion-desechables-wh","og_locale":"es_ES","og_type":"article","og_title":"KIT L\u00cdNEAS IRRIGACI\u00d3N DESECHABLES W&H | Amedis","og_description":"Kit l\u00edneas irrigaci\u00f3n desechables W&H. Kit l\u00edneas desechables para Elcomed SA-310, Implantmed SI-915\/SI-923, Implantmed SI-95","og_url":"https:\/\/amedis.es\/tienda\/?product=kit-lineas-irrigacion-desechables-wh","og_site_name":"Amedis","article_modified_time":"2025-04-03T08:37:32+00:00","og_image":[{"width":600,"height":600,"url":"https:\/\/amedis.es\/tienda\/wp-content\/uploads\/2022\/07\/KIT-LINEAS-IRRIGACION-DESECHABLES-WH.jpg","type":"image\/jpeg"}],"twitter_card":"summary_large_image","twitter_misc":{"Tiempo de lectura":"1 minuto"},"schema":{"@context":"https:\/\/schema.org","@graph":[{"@type":"WebPage","@id":"https:\/\/amedis.es\/tienda\/?product=kit-lineas-irrigacion-desechables-wh","url":"https:\/\/amedis.es\/tienda\/?product=kit-lineas-irrigacion-desechables-wh","name":"KIT L\u00cdNEAS IRRIGACI\u00d3N DESECHABLES W&H | Amedis","isPartOf":{"@id":"https:\/\/amedis.es\/tienda\/#website"},"primaryImageOfPage":{"@id":"https:\/\/amedis.es\/tienda\/?product=kit-lineas-irrigacion-desechables-wh#primaryimage"},"image":{"@id":"https:\/\/amedis.es\/tienda\/?product=kit-lineas-irrigacion-desechables-wh#primaryimage"},"thumbnailUrl":"https:\/\/amedis.es\/tienda\/wp-content\/uploads\/2022\/07\/KIT-LINEAS-IRRIGACION-DESECHABLES-WH.jpg","datePublished":"2025-04-03T08:36:22+00:00","dateModified":"2025-04-03T08:37:32+00:00","description":"Kit l\u00edneas irrigaci\u00f3n desechables W&H. Kit l\u00edneas desechables para Elcomed SA-310, Implantmed SI-915\/SI-923, Implantmed SI-95","breadcrumb":{"@id":"https:\/\/amedis.es\/tienda\/?product=kit-lineas-irrigacion-desechables-wh#breadcrumb"},"inLanguage":"es","potentialAction":[{"@type":"ReadAction","target":["https:\/\/amedis.es\/tienda\/?product=kit-lineas-irrigacion-desechables-wh"]}]},{"@type":"ImageObject","inLanguage":"es","@id":"https:\/\/amedis.es\/tienda\/?product=kit-lineas-irrigacion-desechables-wh#primaryimage","url":"https:\/\/amedis.es\/tienda\/wp-content\/uploads\/2022\/07\/KIT-LINEAS-IRRIGACION-DESECHABLES-WH.jpg","contentUrl":"https:\/\/amedis.es\/tienda\/wp-content\/uploads\/2022\/07\/KIT-LINEAS-IRRIGACION-DESECHABLES-WH.jpg","width":600,"height":600,"caption":"Amedis KIT L\u00cdNEAS IRRIGACI\u00d3N DESECHABLES W&H"},{"@type":"BreadcrumbList","@id":"https:\/\/amedis.es\/tienda\/?product=kit-lineas-irrigacion-desechables-wh#breadcrumb","itemListElement":[{"@type":"ListItem","position":1,"name":"Portada","item":"https:\/\/amedis.es\/tienda\/"},{"@type":"ListItem","position":2,"name":"Amedis | Suministros M\u00e9dicos y Dentales | Tienda","item":"https:\/\/amedis.es\/tienda\/suministros-medicos-y-dentales\/"},{"@type":"ListItem","position":3,"name":"KIT L\u00cdNEAS IRRIGACI\u00d3N DESECHABLES W&#038;H"}]},{"@type":"WebSite","@id":"https:\/\/amedis.es\/tienda\/#website","url":"https:\/\/amedis.es\/tienda\/","name":"Amedis","description":"Suministros M\u00e9dicos y Dentales","publisher":{"@id":"https:\/\/amedis.es\/tienda\/#organization"},"potentialAction":[{"@type":"SearchAction","target":{"@type":"EntryPoint","urlTemplate":"https:\/\/amedis.es\/tienda\/?s={search_term_string}"},"query-input":{"@type":"PropertyValueSpecification","valueRequired":true,"valueName":"search_term_string"}}],"inLanguage":"es"},{"@type":"Organization","@id":"https:\/\/amedis.es\/tienda\/#organization","name":"Amedis | Suministros M\u00e9dicos y Dentales","url":"https:\/\/amedis.es\/tienda\/","logo":{"@type":"ImageObject","inLanguage":"es","@id":"https:\/\/amedis.es\/tienda\/#\/schema\/logo\/image\/","url":"https:\/\/amedis.es\/tienda\/wp-content\/uploads\/2020\/05\/logo-1.png","contentUrl":"https:\/\/amedis.es\/tienda\/wp-content\/uploads\/2020\/05\/logo-1.png","width":191,"height":80,"caption":"Amedis | Suministros M\u00e9dicos y Dentales"},"image":{"@id":"https:\/\/amedis.es\/tienda\/#\/schema\/logo\/image\/"}}]}},"brands":[{"id":2451,"name":"W&amp;H","slug":"wh"}],"_links":{"self":[{"href":"https:\/\/amedis.es\/tienda\/wp-json\/wp\/v2\/product\/32838","targetHints":{"allow":["GET"]}}],"collection":[{"href":"https:\/\/amedis.es\/tienda\/wp-json\/wp\/v2\/product"}],"about":[{"href":"https:\/\/amedis.es\/tienda\/wp-json\/wp\/v2\/types\/product"}],"wp:featuredmedia":[{"embeddable":true,"href":"https:\/\/amedis.es\/tienda\/wp-json\/wp\/v2\/media\/21988"}],"wp:attachment":[{"href":"https:\/\/amedis.es\/tienda\/wp-json\/wp\/v2\/media?parent=32838"}],"wp:term":[{"taxonomy":"pwb-brand","embeddable":true,"href":"https:\/\/amedis.es\/tienda\/wp-json\/wp\/v2\/pwb-brand?post=32838"},{"taxonomy":"product_brand","embeddable":true,"href":"https:\/\/amedis.es\/tienda\/wp-json\/wp\/v2\/product_brand?post=32838"},{"taxonomy":"product_cat","embeddable":true,"href":"https:\/\/amedis.es\/tienda\/wp-json\/wp\/v2\/product_cat?post=32838"},{"taxonomy":"product_tag","embeddable":true,"href":"https:\/\/amedis.es\/tienda\/wp-json\/wp\/v2\/product_tag?post=32838"}],"curies":[{"name":"wp","href":"https:\/\/api.w.org\/{rel}","templated":true}]}}