{"id":2891,"date":"2020-11-17T20:27:22","date_gmt":"2020-11-17T20:27:22","guid":{"rendered":"https:\/\/amedis.es\/tienda\/?post_type=product&#038;p=2891"},"modified":"2025-04-14T12:37:03","modified_gmt":"2025-04-14T12:37:03","slug":"md-520-desinfectante-de-impresiones","status":"publish","type":"product","link":"https:\/\/amedis.es\/tienda\/producto\/md-520-desinfectante-de-impresiones\/","title":{"rendered":"MD 520 DESINFECTANTE DE IMPRESIONES"},"content":{"rendered":"<p>MD 520 desinfectante de impresiones. Es una soluci\u00f3n altamente eficaz y libre de formaldeh\u00eddo para la limpieza y desinfecci\u00f3n de tomas de impresi\u00f3n odontol\u00f3gicas, cubetas de impresi\u00f3n y trabajos prot\u00e9sicos. MD 520 tambi\u00e9n es adecuada para la desinfecci\u00f3n por inmersi\u00f3n. Pueden limpiarse y desinfectarse eficazmente las impresiones de alginato, silicona, goma de poli\u00e9ter, polisulfuro e hidrocoloides manteniendo la necesaria precisi\u00f3n dimensional y la compatibilidad con el yeso. Mediante la eliminaci\u00f3n de sangre, saliva, etc. asociada al procedimiento, se consigue una mayor precisi\u00f3n de los modelos maestros de escayola. Adem\u00e1s, puede emplearse para la desinfecci\u00f3n de pr\u00f3tesis, puentes, coronas, aparatos de ortodoncia, f\u00e9rulas de fresado para sistemas de implantes, etc.<\/p>\n","protected":false},"excerpt":{"rendered":"<p>CONTENIDO: 1 garrafa de 2,5 litros.<\/p>\n","protected":false},"featured_media":2892,"template":"","meta":[],"pwb-brand":[2410],"product_brand":[],"product_cat":[116,124,1648,34,1646],"product_tag":[],"class_list":{"0":"post-2891","1":"product","2":"type-product","3":"status-publish","4":"has-post-thumbnail","6":"pwb-brand-durr","7":"product_cat-desinfeccion","8":"product_cat-desinfeccion-de-impresiones","9":"product_cat-esterilizacion-y-limpieza","10":"product_cat-laboratorio","11":"product_cat-proteccion-e-higiene","13":"first","14":"instock","15":"sale","16":"taxable","17":"shipping-taxable","18":"purchasable","19":"product-type-simple"},"yoast_head":"<!-- This site is optimized with the Yoast SEO plugin v27.3 - https:\/\/yoast.com\/product\/yoast-seo-wordpress\/ -->\n<title>Amedis | MD 520 DESINFECTANTE DE IMPRESIONES | Durr<\/title>\n<meta name=\"description\" content=\"MD 520 desinfectante de impresiones. Es una soluci\u00f3n altamente eficaz y libre de formaldeh\u00eddo para la limpieza\" \/>\n<meta name=\"robots\" content=\"index, follow, max-snippet:-1, max-image-preview:large, max-video-preview:-1\" \/>\n<link rel=\"canonical\" href=\"https:\/\/amedis.es\/tienda\/?product=md-520-desinfectante-de-impresiones\" \/>\n<meta property=\"og:locale\" content=\"es_ES\" \/>\n<meta property=\"og:type\" content=\"article\" \/>\n<meta property=\"og:title\" content=\"Amedis | MD 520 DESINFECTANTE DE IMPRESIONES | Durr\" \/>\n<meta property=\"og:description\" content=\"MD 520 desinfectante de impresiones. Es una soluci\u00f3n altamente eficaz y libre de formaldeh\u00eddo para la limpieza\" \/>\n<meta property=\"og:url\" content=\"https:\/\/amedis.es\/tienda\/?product=md-520-desinfectante-de-impresiones\" \/>\n<meta property=\"og:site_name\" content=\"Amedis\" \/>\n<meta property=\"article:modified_time\" content=\"2025-04-14T12:37:03+00:00\" \/>\n<meta property=\"og:image\" content=\"https:\/\/amedis.es\/tienda\/wp-content\/uploads\/2020\/11\/MD-520.jpg\" \/>\n\t<meta property=\"og:image:width\" content=\"600\" \/>\n\t<meta property=\"og:image:height\" content=\"600\" \/>\n\t<meta property=\"og:image:type\" content=\"image\/jpeg\" \/>\n<meta name=\"twitter:card\" content=\"summary_large_image\" \/>\n<meta name=\"twitter:label1\" content=\"Tiempo de lectura\" \/>\n\t<meta name=\"twitter:data1\" content=\"1 minuto\" \/>\n<script type=\"application\/ld+json\" class=\"yoast-schema-graph\">{\"@context\":\"https:\\\/\\\/schema.org\",\"@graph\":[{\"@type\":\"WebPage\",\"@id\":\"https:\\\/\\\/amedis.es\\\/tienda\\\/?product=md-520-desinfectante-de-impresiones\",\"url\":\"https:\\\/\\\/amedis.es\\\/tienda\\\/?product=md-520-desinfectante-de-impresiones\",\"name\":\"Amedis | MD 520 DESINFECTANTE DE IMPRESIONES | Durr\",\"isPartOf\":{\"@id\":\"https:\\\/\\\/amedis.es\\\/tienda\\\/#website\"},\"primaryImageOfPage\":{\"@id\":\"https:\\\/\\\/amedis.es\\\/tienda\\\/?product=md-520-desinfectante-de-impresiones#primaryimage\"},\"image\":{\"@id\":\"https:\\\/\\\/amedis.es\\\/tienda\\\/?product=md-520-desinfectante-de-impresiones#primaryimage\"},\"thumbnailUrl\":\"https:\\\/\\\/amedis.es\\\/tienda\\\/wp-content\\\/uploads\\\/2020\\\/11\\\/MD-520.jpg\",\"datePublished\":\"2020-11-17T20:27:22+00:00\",\"dateModified\":\"2025-04-14T12:37:03+00:00\",\"description\":\"MD 520 desinfectante de impresiones. Es una soluci\u00f3n altamente eficaz y libre de formaldeh\u00eddo para la limpieza\",\"breadcrumb\":{\"@id\":\"https:\\\/\\\/amedis.es\\\/tienda\\\/?product=md-520-desinfectante-de-impresiones#breadcrumb\"},\"inLanguage\":\"es\",\"potentialAction\":[{\"@type\":\"ReadAction\",\"target\":[\"https:\\\/\\\/amedis.es\\\/tienda\\\/?product=md-520-desinfectante-de-impresiones\"]}]},{\"@type\":\"ImageObject\",\"inLanguage\":\"es\",\"@id\":\"https:\\\/\\\/amedis.es\\\/tienda\\\/?product=md-520-desinfectante-de-impresiones#primaryimage\",\"url\":\"https:\\\/\\\/amedis.es\\\/tienda\\\/wp-content\\\/uploads\\\/2020\\\/11\\\/MD-520.jpg\",\"contentUrl\":\"https:\\\/\\\/amedis.es\\\/tienda\\\/wp-content\\\/uploads\\\/2020\\\/11\\\/MD-520.jpg\",\"width\":600,\"height\":600,\"caption\":\"Amedis MD 520\"},{\"@type\":\"BreadcrumbList\",\"@id\":\"https:\\\/\\\/amedis.es\\\/tienda\\\/?product=md-520-desinfectante-de-impresiones#breadcrumb\",\"itemListElement\":[{\"@type\":\"ListItem\",\"position\":1,\"name\":\"Portada\",\"item\":\"https:\\\/\\\/amedis.es\\\/tienda\\\/\"},{\"@type\":\"ListItem\",\"position\":2,\"name\":\"Amedis | Suministros M\u00e9dicos y Dentales | Tienda\",\"item\":\"https:\\\/\\\/amedis.es\\\/tienda\\\/suministros-medicos-y-dentales\\\/\"},{\"@type\":\"ListItem\",\"position\":3,\"name\":\"MD 520 DESINFECTANTE DE IMPRESIONES\"}]},{\"@type\":\"WebSite\",\"@id\":\"https:\\\/\\\/amedis.es\\\/tienda\\\/#website\",\"url\":\"https:\\\/\\\/amedis.es\\\/tienda\\\/\",\"name\":\"Amedis\",\"description\":\"Suministros M\u00e9dicos y Dentales\",\"publisher\":{\"@id\":\"https:\\\/\\\/amedis.es\\\/tienda\\\/#organization\"},\"potentialAction\":[{\"@type\":\"SearchAction\",\"target\":{\"@type\":\"EntryPoint\",\"urlTemplate\":\"https:\\\/\\\/amedis.es\\\/tienda\\\/?s={search_term_string}\"},\"query-input\":{\"@type\":\"PropertyValueSpecification\",\"valueRequired\":true,\"valueName\":\"search_term_string\"}}],\"inLanguage\":\"es\"},{\"@type\":\"Organization\",\"@id\":\"https:\\\/\\\/amedis.es\\\/tienda\\\/#organization\",\"name\":\"Amedis | Suministros M\u00e9dicos y Dentales\",\"url\":\"https:\\\/\\\/amedis.es\\\/tienda\\\/\",\"logo\":{\"@type\":\"ImageObject\",\"inLanguage\":\"es\",\"@id\":\"https:\\\/\\\/amedis.es\\\/tienda\\\/#\\\/schema\\\/logo\\\/image\\\/\",\"url\":\"https:\\\/\\\/amedis.es\\\/tienda\\\/wp-content\\\/uploads\\\/2020\\\/05\\\/logo-1.png\",\"contentUrl\":\"https:\\\/\\\/amedis.es\\\/tienda\\\/wp-content\\\/uploads\\\/2020\\\/05\\\/logo-1.png\",\"width\":191,\"height\":80,\"caption\":\"Amedis | Suministros M\u00e9dicos y Dentales\"},\"image\":{\"@id\":\"https:\\\/\\\/amedis.es\\\/tienda\\\/#\\\/schema\\\/logo\\\/image\\\/\"}}]}<\/script>\n<!-- \/ Yoast SEO plugin. -->","yoast_head_json":{"title":"Amedis | MD 520 DESINFECTANTE DE IMPRESIONES | Durr","description":"MD 520 desinfectante de impresiones. Es una soluci\u00f3n altamente eficaz y libre de formaldeh\u00eddo para la limpieza","robots":{"index":"index","follow":"follow","max-snippet":"max-snippet:-1","max-image-preview":"max-image-preview:large","max-video-preview":"max-video-preview:-1"},"canonical":"https:\/\/amedis.es\/tienda\/?product=md-520-desinfectante-de-impresiones","og_locale":"es_ES","og_type":"article","og_title":"Amedis | MD 520 DESINFECTANTE DE IMPRESIONES | Durr","og_description":"MD 520 desinfectante de impresiones. Es una soluci\u00f3n altamente eficaz y libre de formaldeh\u00eddo para la limpieza","og_url":"https:\/\/amedis.es\/tienda\/?product=md-520-desinfectante-de-impresiones","og_site_name":"Amedis","article_modified_time":"2025-04-14T12:37:03+00:00","og_image":[{"width":600,"height":600,"url":"https:\/\/amedis.es\/tienda\/wp-content\/uploads\/2020\/11\/MD-520.jpg","type":"image\/jpeg"}],"twitter_card":"summary_large_image","twitter_misc":{"Tiempo de lectura":"1 minuto"},"schema":{"@context":"https:\/\/schema.org","@graph":[{"@type":"WebPage","@id":"https:\/\/amedis.es\/tienda\/?product=md-520-desinfectante-de-impresiones","url":"https:\/\/amedis.es\/tienda\/?product=md-520-desinfectante-de-impresiones","name":"Amedis | MD 520 DESINFECTANTE DE IMPRESIONES | Durr","isPartOf":{"@id":"https:\/\/amedis.es\/tienda\/#website"},"primaryImageOfPage":{"@id":"https:\/\/amedis.es\/tienda\/?product=md-520-desinfectante-de-impresiones#primaryimage"},"image":{"@id":"https:\/\/amedis.es\/tienda\/?product=md-520-desinfectante-de-impresiones#primaryimage"},"thumbnailUrl":"https:\/\/amedis.es\/tienda\/wp-content\/uploads\/2020\/11\/MD-520.jpg","datePublished":"2020-11-17T20:27:22+00:00","dateModified":"2025-04-14T12:37:03+00:00","description":"MD 520 desinfectante de impresiones. Es una soluci\u00f3n altamente eficaz y libre de formaldeh\u00eddo para la limpieza","breadcrumb":{"@id":"https:\/\/amedis.es\/tienda\/?product=md-520-desinfectante-de-impresiones#breadcrumb"},"inLanguage":"es","potentialAction":[{"@type":"ReadAction","target":["https:\/\/amedis.es\/tienda\/?product=md-520-desinfectante-de-impresiones"]}]},{"@type":"ImageObject","inLanguage":"es","@id":"https:\/\/amedis.es\/tienda\/?product=md-520-desinfectante-de-impresiones#primaryimage","url":"https:\/\/amedis.es\/tienda\/wp-content\/uploads\/2020\/11\/MD-520.jpg","contentUrl":"https:\/\/amedis.es\/tienda\/wp-content\/uploads\/2020\/11\/MD-520.jpg","width":600,"height":600,"caption":"Amedis MD 520"},{"@type":"BreadcrumbList","@id":"https:\/\/amedis.es\/tienda\/?product=md-520-desinfectante-de-impresiones#breadcrumb","itemListElement":[{"@type":"ListItem","position":1,"name":"Portada","item":"https:\/\/amedis.es\/tienda\/"},{"@type":"ListItem","position":2,"name":"Amedis | Suministros M\u00e9dicos y Dentales | Tienda","item":"https:\/\/amedis.es\/tienda\/suministros-medicos-y-dentales\/"},{"@type":"ListItem","position":3,"name":"MD 520 DESINFECTANTE DE IMPRESIONES"}]},{"@type":"WebSite","@id":"https:\/\/amedis.es\/tienda\/#website","url":"https:\/\/amedis.es\/tienda\/","name":"Amedis","description":"Suministros M\u00e9dicos y Dentales","publisher":{"@id":"https:\/\/amedis.es\/tienda\/#organization"},"potentialAction":[{"@type":"SearchAction","target":{"@type":"EntryPoint","urlTemplate":"https:\/\/amedis.es\/tienda\/?s={search_term_string}"},"query-input":{"@type":"PropertyValueSpecification","valueRequired":true,"valueName":"search_term_string"}}],"inLanguage":"es"},{"@type":"Organization","@id":"https:\/\/amedis.es\/tienda\/#organization","name":"Amedis | Suministros M\u00e9dicos y Dentales","url":"https:\/\/amedis.es\/tienda\/","logo":{"@type":"ImageObject","inLanguage":"es","@id":"https:\/\/amedis.es\/tienda\/#\/schema\/logo\/image\/","url":"https:\/\/amedis.es\/tienda\/wp-content\/uploads\/2020\/05\/logo-1.png","contentUrl":"https:\/\/amedis.es\/tienda\/wp-content\/uploads\/2020\/05\/logo-1.png","width":191,"height":80,"caption":"Amedis | Suministros M\u00e9dicos y Dentales"},"image":{"@id":"https:\/\/amedis.es\/tienda\/#\/schema\/logo\/image\/"}}]}},"brands":[{"id":2410,"name":"DURR","slug":"durr"}],"_links":{"self":[{"href":"https:\/\/amedis.es\/tienda\/wp-json\/wp\/v2\/product\/2891","targetHints":{"allow":["GET"]}}],"collection":[{"href":"https:\/\/amedis.es\/tienda\/wp-json\/wp\/v2\/product"}],"about":[{"href":"https:\/\/amedis.es\/tienda\/wp-json\/wp\/v2\/types\/product"}],"wp:featuredmedia":[{"embeddable":true,"href":"https:\/\/amedis.es\/tienda\/wp-json\/wp\/v2\/media\/2892"}],"wp:attachment":[{"href":"https:\/\/amedis.es\/tienda\/wp-json\/wp\/v2\/media?parent=2891"}],"wp:term":[{"taxonomy":"pwb-brand","embeddable":true,"href":"https:\/\/amedis.es\/tienda\/wp-json\/wp\/v2\/pwb-brand?post=2891"},{"taxonomy":"product_brand","embeddable":true,"href":"https:\/\/amedis.es\/tienda\/wp-json\/wp\/v2\/product_brand?post=2891"},{"taxonomy":"product_cat","embeddable":true,"href":"https:\/\/amedis.es\/tienda\/wp-json\/wp\/v2\/product_cat?post=2891"},{"taxonomy":"product_tag","embeddable":true,"href":"https:\/\/amedis.es\/tienda\/wp-json\/wp\/v2\/product_tag?post=2891"}],"curies":[{"name":"wp","href":"https:\/\/api.w.org\/{rel}","templated":true}]}}