{"id":27333,"date":"2023-05-11T21:03:27","date_gmt":"2023-05-11T21:03:27","guid":{"rendered":"https:\/\/amedis.es\/tienda\/?post_type=product&#038;p=27333"},"modified":"2026-02-11T19:04:17","modified_gmt":"2026-02-11T19:04:17","slug":"reposicion-mtwo-surtido-parte-activa-de-21-mm-n-30-35-40-31-mm","status":"publish","type":"product","link":"https:\/\/amedis.es\/tienda\/producto\/reposicion-mtwo-surtido-parte-activa-de-21-mm-n-30-35-40-31-mm\/","title":{"rendered":"REPOSICI\u00d3N MTWO SURTIDO PARTE ACTIVA DE 21 mm. N.30-35-40 31 mm. OUTLET STOCK"},"content":{"rendered":"<p>Reposici\u00f3n Mtwo surtido. Preparaci\u00f3n del conducto radicular. Mtwo\u00ae corta autom\u00e1ticamente mientras avanza hacia la regi\u00f3n apical y tambi\u00e9n lateralmente cuando se emplea un movimiento de cepillado lateral. Cada instrumento crea una v\u00eda de permeabilidad para el pr\u00f3ximo instrumento. Mtwo\u00ae solo elimina la sustancia necesaria. Ventajas: v\u00eda de permeabilidad mec\u00e1nica eficaz eliminaci\u00f3n eficiente de dentina conformaci\u00f3n efectiva y preparaci\u00f3n segura de cualquier anatom\u00eda de conducto.<\/p>\n<p>ENVASE: 6 unidades.<\/p>\n","protected":false},"excerpt":{"rendered":"<p>VDW-ZIPPERER<\/p>\n","protected":false},"featured_media":18809,"template":"","meta":[],"pwb-brand":[2379],"product_brand":[],"product_cat":[1918,30],"product_tag":[],"class_list":{"0":"post-27333","1":"product","2":"type-product","3":"status-publish","4":"has-post-thumbnail","6":"pwb-brand-vdw","7":"product_cat-endodoncia-outlet","8":"product_cat-outlet","10":"first","11":"instock","12":"sale","13":"taxable","14":"shipping-taxable","15":"purchasable","16":"product-type-simple"},"yoast_head":"<!-- This site is optimized with the Yoast SEO plugin v27.3 - https:\/\/yoast.com\/product\/yoast-seo-wordpress\/ -->\n<title>REPOSICI\u00d3N MTWO SURTIDO | VDW-ZIPPERER | Amedis<\/title>\n<meta name=\"description\" content=\"Reposici\u00f3n Mtwo surtido. Preparaci\u00f3n del conducto radicular. Mtwo\u00ae corta autom\u00e1ticamente mientras avanza hacia la regi\u00f3n apical.\" \/>\n<meta name=\"robots\" content=\"index, follow, max-snippet:-1, max-image-preview:large, max-video-preview:-1\" \/>\n<link rel=\"canonical\" href=\"https:\/\/amedis.es\/tienda\/producto\/reposicion-mtwo-surtido-parte-activa-de-21-mm-n-30-35-40-31-mm\/\" \/>\n<meta property=\"og:locale\" content=\"es_ES\" \/>\n<meta property=\"og:type\" content=\"article\" \/>\n<meta property=\"og:title\" content=\"REPOSICI\u00d3N MTWO SURTIDO | VDW-ZIPPERER | Amedis\" \/>\n<meta property=\"og:description\" content=\"Reposici\u00f3n Mtwo surtido. Preparaci\u00f3n del conducto radicular. Mtwo\u00ae corta autom\u00e1ticamente mientras avanza hacia la regi\u00f3n apical.\" \/>\n<meta property=\"og:url\" content=\"https:\/\/amedis.es\/tienda\/producto\/reposicion-mtwo-surtido-parte-activa-de-21-mm-n-30-35-40-31-mm\/\" \/>\n<meta property=\"og:site_name\" content=\"Amedis\" \/>\n<meta property=\"article:modified_time\" content=\"2026-02-11T19:04:17+00:00\" \/>\n<meta property=\"og:image\" content=\"https:\/\/amedis.es\/tienda\/wp-content\/uploads\/2022\/03\/REPOSICION-MTWO-SURTIDO.jpg\" \/>\n\t<meta property=\"og:image:width\" content=\"600\" \/>\n\t<meta property=\"og:image:height\" content=\"600\" \/>\n\t<meta property=\"og:image:type\" content=\"image\/jpeg\" \/>\n<meta name=\"twitter:card\" content=\"summary_large_image\" \/>\n<script type=\"application\/ld+json\" class=\"yoast-schema-graph\">{\"@context\":\"https:\\\/\\\/schema.org\",\"@graph\":[{\"@type\":\"WebPage\",\"@id\":\"https:\\\/\\\/amedis.es\\\/tienda\\\/producto\\\/reposicion-mtwo-surtido-parte-activa-de-21-mm-n-30-35-40-31-mm\\\/\",\"url\":\"https:\\\/\\\/amedis.es\\\/tienda\\\/producto\\\/reposicion-mtwo-surtido-parte-activa-de-21-mm-n-30-35-40-31-mm\\\/\",\"name\":\"REPOSICI\u00d3N MTWO SURTIDO | VDW-ZIPPERER | Amedis\",\"isPartOf\":{\"@id\":\"https:\\\/\\\/amedis.es\\\/tienda\\\/#website\"},\"primaryImageOfPage\":{\"@id\":\"https:\\\/\\\/amedis.es\\\/tienda\\\/producto\\\/reposicion-mtwo-surtido-parte-activa-de-21-mm-n-30-35-40-31-mm\\\/#primaryimage\"},\"image\":{\"@id\":\"https:\\\/\\\/amedis.es\\\/tienda\\\/producto\\\/reposicion-mtwo-surtido-parte-activa-de-21-mm-n-30-35-40-31-mm\\\/#primaryimage\"},\"thumbnailUrl\":\"https:\\\/\\\/amedis.es\\\/tienda\\\/wp-content\\\/uploads\\\/2022\\\/03\\\/REPOSICION-MTWO-SURTIDO.jpg\",\"datePublished\":\"2023-05-11T21:03:27+00:00\",\"dateModified\":\"2026-02-11T19:04:17+00:00\",\"description\":\"Reposici\u00f3n Mtwo surtido. Preparaci\u00f3n del conducto radicular. Mtwo\u00ae corta autom\u00e1ticamente mientras avanza hacia la regi\u00f3n apical.\",\"breadcrumb\":{\"@id\":\"https:\\\/\\\/amedis.es\\\/tienda\\\/producto\\\/reposicion-mtwo-surtido-parte-activa-de-21-mm-n-30-35-40-31-mm\\\/#breadcrumb\"},\"inLanguage\":\"es\",\"potentialAction\":[{\"@type\":\"ReadAction\",\"target\":[\"https:\\\/\\\/amedis.es\\\/tienda\\\/producto\\\/reposicion-mtwo-surtido-parte-activa-de-21-mm-n-30-35-40-31-mm\\\/\"]}]},{\"@type\":\"ImageObject\",\"inLanguage\":\"es\",\"@id\":\"https:\\\/\\\/amedis.es\\\/tienda\\\/producto\\\/reposicion-mtwo-surtido-parte-activa-de-21-mm-n-30-35-40-31-mm\\\/#primaryimage\",\"url\":\"https:\\\/\\\/amedis.es\\\/tienda\\\/wp-content\\\/uploads\\\/2022\\\/03\\\/REPOSICION-MTWO-SURTIDO.jpg\",\"contentUrl\":\"https:\\\/\\\/amedis.es\\\/tienda\\\/wp-content\\\/uploads\\\/2022\\\/03\\\/REPOSICION-MTWO-SURTIDO.jpg\",\"width\":600,\"height\":600,\"caption\":\"Amedis REPOSICI\u00d3N MTWO SURTIDO\"},{\"@type\":\"BreadcrumbList\",\"@id\":\"https:\\\/\\\/amedis.es\\\/tienda\\\/producto\\\/reposicion-mtwo-surtido-parte-activa-de-21-mm-n-30-35-40-31-mm\\\/#breadcrumb\",\"itemListElement\":[{\"@type\":\"ListItem\",\"position\":1,\"name\":\"Portada\",\"item\":\"https:\\\/\\\/amedis.es\\\/tienda\\\/\"},{\"@type\":\"ListItem\",\"position\":2,\"name\":\"Amedis | Suministros M\u00e9dicos y Dentales | Tienda\",\"item\":\"https:\\\/\\\/amedis.es\\\/tienda\\\/suministros-medicos-y-dentales\\\/\"},{\"@type\":\"ListItem\",\"position\":3,\"name\":\"REPOSICI\u00d3N MTWO SURTIDO PARTE ACTIVA DE 21 mm. N.30-35-40 31 mm. OUTLET STOCK\"}]},{\"@type\":\"WebSite\",\"@id\":\"https:\\\/\\\/amedis.es\\\/tienda\\\/#website\",\"url\":\"https:\\\/\\\/amedis.es\\\/tienda\\\/\",\"name\":\"Amedis\",\"description\":\"Suministros M\u00e9dicos y Dentales\",\"publisher\":{\"@id\":\"https:\\\/\\\/amedis.es\\\/tienda\\\/#organization\"},\"potentialAction\":[{\"@type\":\"SearchAction\",\"target\":{\"@type\":\"EntryPoint\",\"urlTemplate\":\"https:\\\/\\\/amedis.es\\\/tienda\\\/?s={search_term_string}\"},\"query-input\":{\"@type\":\"PropertyValueSpecification\",\"valueRequired\":true,\"valueName\":\"search_term_string\"}}],\"inLanguage\":\"es\"},{\"@type\":\"Organization\",\"@id\":\"https:\\\/\\\/amedis.es\\\/tienda\\\/#organization\",\"name\":\"Amedis | Suministros M\u00e9dicos y Dentales\",\"url\":\"https:\\\/\\\/amedis.es\\\/tienda\\\/\",\"logo\":{\"@type\":\"ImageObject\",\"inLanguage\":\"es\",\"@id\":\"https:\\\/\\\/amedis.es\\\/tienda\\\/#\\\/schema\\\/logo\\\/image\\\/\",\"url\":\"https:\\\/\\\/amedis.es\\\/tienda\\\/wp-content\\\/uploads\\\/2020\\\/05\\\/logo-1.png\",\"contentUrl\":\"https:\\\/\\\/amedis.es\\\/tienda\\\/wp-content\\\/uploads\\\/2020\\\/05\\\/logo-1.png\",\"width\":191,\"height\":80,\"caption\":\"Amedis | Suministros M\u00e9dicos y Dentales\"},\"image\":{\"@id\":\"https:\\\/\\\/amedis.es\\\/tienda\\\/#\\\/schema\\\/logo\\\/image\\\/\"}}]}<\/script>\n<!-- \/ Yoast SEO plugin. -->","yoast_head_json":{"title":"REPOSICI\u00d3N MTWO SURTIDO | VDW-ZIPPERER | Amedis","description":"Reposici\u00f3n Mtwo surtido. Preparaci\u00f3n del conducto radicular. Mtwo\u00ae corta autom\u00e1ticamente mientras avanza hacia la regi\u00f3n apical.","robots":{"index":"index","follow":"follow","max-snippet":"max-snippet:-1","max-image-preview":"max-image-preview:large","max-video-preview":"max-video-preview:-1"},"canonical":"https:\/\/amedis.es\/tienda\/producto\/reposicion-mtwo-surtido-parte-activa-de-21-mm-n-30-35-40-31-mm\/","og_locale":"es_ES","og_type":"article","og_title":"REPOSICI\u00d3N MTWO SURTIDO | VDW-ZIPPERER | Amedis","og_description":"Reposici\u00f3n Mtwo surtido. Preparaci\u00f3n del conducto radicular. Mtwo\u00ae corta autom\u00e1ticamente mientras avanza hacia la regi\u00f3n apical.","og_url":"https:\/\/amedis.es\/tienda\/producto\/reposicion-mtwo-surtido-parte-activa-de-21-mm-n-30-35-40-31-mm\/","og_site_name":"Amedis","article_modified_time":"2026-02-11T19:04:17+00:00","og_image":[{"width":600,"height":600,"url":"https:\/\/amedis.es\/tienda\/wp-content\/uploads\/2022\/03\/REPOSICION-MTWO-SURTIDO.jpg","type":"image\/jpeg"}],"twitter_card":"summary_large_image","schema":{"@context":"https:\/\/schema.org","@graph":[{"@type":"WebPage","@id":"https:\/\/amedis.es\/tienda\/producto\/reposicion-mtwo-surtido-parte-activa-de-21-mm-n-30-35-40-31-mm\/","url":"https:\/\/amedis.es\/tienda\/producto\/reposicion-mtwo-surtido-parte-activa-de-21-mm-n-30-35-40-31-mm\/","name":"REPOSICI\u00d3N MTWO SURTIDO | VDW-ZIPPERER | Amedis","isPartOf":{"@id":"https:\/\/amedis.es\/tienda\/#website"},"primaryImageOfPage":{"@id":"https:\/\/amedis.es\/tienda\/producto\/reposicion-mtwo-surtido-parte-activa-de-21-mm-n-30-35-40-31-mm\/#primaryimage"},"image":{"@id":"https:\/\/amedis.es\/tienda\/producto\/reposicion-mtwo-surtido-parte-activa-de-21-mm-n-30-35-40-31-mm\/#primaryimage"},"thumbnailUrl":"https:\/\/amedis.es\/tienda\/wp-content\/uploads\/2022\/03\/REPOSICION-MTWO-SURTIDO.jpg","datePublished":"2023-05-11T21:03:27+00:00","dateModified":"2026-02-11T19:04:17+00:00","description":"Reposici\u00f3n Mtwo surtido. Preparaci\u00f3n del conducto radicular. Mtwo\u00ae corta autom\u00e1ticamente mientras avanza hacia la regi\u00f3n apical.","breadcrumb":{"@id":"https:\/\/amedis.es\/tienda\/producto\/reposicion-mtwo-surtido-parte-activa-de-21-mm-n-30-35-40-31-mm\/#breadcrumb"},"inLanguage":"es","potentialAction":[{"@type":"ReadAction","target":["https:\/\/amedis.es\/tienda\/producto\/reposicion-mtwo-surtido-parte-activa-de-21-mm-n-30-35-40-31-mm\/"]}]},{"@type":"ImageObject","inLanguage":"es","@id":"https:\/\/amedis.es\/tienda\/producto\/reposicion-mtwo-surtido-parte-activa-de-21-mm-n-30-35-40-31-mm\/#primaryimage","url":"https:\/\/amedis.es\/tienda\/wp-content\/uploads\/2022\/03\/REPOSICION-MTWO-SURTIDO.jpg","contentUrl":"https:\/\/amedis.es\/tienda\/wp-content\/uploads\/2022\/03\/REPOSICION-MTWO-SURTIDO.jpg","width":600,"height":600,"caption":"Amedis REPOSICI\u00d3N MTWO SURTIDO"},{"@type":"BreadcrumbList","@id":"https:\/\/amedis.es\/tienda\/producto\/reposicion-mtwo-surtido-parte-activa-de-21-mm-n-30-35-40-31-mm\/#breadcrumb","itemListElement":[{"@type":"ListItem","position":1,"name":"Portada","item":"https:\/\/amedis.es\/tienda\/"},{"@type":"ListItem","position":2,"name":"Amedis | Suministros M\u00e9dicos y Dentales | Tienda","item":"https:\/\/amedis.es\/tienda\/suministros-medicos-y-dentales\/"},{"@type":"ListItem","position":3,"name":"REPOSICI\u00d3N MTWO SURTIDO PARTE ACTIVA DE 21 mm. N.30-35-40 31 mm. OUTLET STOCK"}]},{"@type":"WebSite","@id":"https:\/\/amedis.es\/tienda\/#website","url":"https:\/\/amedis.es\/tienda\/","name":"Amedis","description":"Suministros M\u00e9dicos y Dentales","publisher":{"@id":"https:\/\/amedis.es\/tienda\/#organization"},"potentialAction":[{"@type":"SearchAction","target":{"@type":"EntryPoint","urlTemplate":"https:\/\/amedis.es\/tienda\/?s={search_term_string}"},"query-input":{"@type":"PropertyValueSpecification","valueRequired":true,"valueName":"search_term_string"}}],"inLanguage":"es"},{"@type":"Organization","@id":"https:\/\/amedis.es\/tienda\/#organization","name":"Amedis | Suministros M\u00e9dicos y Dentales","url":"https:\/\/amedis.es\/tienda\/","logo":{"@type":"ImageObject","inLanguage":"es","@id":"https:\/\/amedis.es\/tienda\/#\/schema\/logo\/image\/","url":"https:\/\/amedis.es\/tienda\/wp-content\/uploads\/2020\/05\/logo-1.png","contentUrl":"https:\/\/amedis.es\/tienda\/wp-content\/uploads\/2020\/05\/logo-1.png","width":191,"height":80,"caption":"Amedis | Suministros M\u00e9dicos y Dentales"},"image":{"@id":"https:\/\/amedis.es\/tienda\/#\/schema\/logo\/image\/"}}]}},"brands":[{"id":2379,"name":"VDW","slug":"vdw"}],"_links":{"self":[{"href":"https:\/\/amedis.es\/tienda\/wp-json\/wp\/v2\/product\/27333","targetHints":{"allow":["GET"]}}],"collection":[{"href":"https:\/\/amedis.es\/tienda\/wp-json\/wp\/v2\/product"}],"about":[{"href":"https:\/\/amedis.es\/tienda\/wp-json\/wp\/v2\/types\/product"}],"wp:featuredmedia":[{"embeddable":true,"href":"https:\/\/amedis.es\/tienda\/wp-json\/wp\/v2\/media\/18809"}],"wp:attachment":[{"href":"https:\/\/amedis.es\/tienda\/wp-json\/wp\/v2\/media?parent=27333"}],"wp:term":[{"taxonomy":"pwb-brand","embeddable":true,"href":"https:\/\/amedis.es\/tienda\/wp-json\/wp\/v2\/pwb-brand?post=27333"},{"taxonomy":"product_brand","embeddable":true,"href":"https:\/\/amedis.es\/tienda\/wp-json\/wp\/v2\/product_brand?post=27333"},{"taxonomy":"product_cat","embeddable":true,"href":"https:\/\/amedis.es\/tienda\/wp-json\/wp\/v2\/product_cat?post=27333"},{"taxonomy":"product_tag","embeddable":true,"href":"https:\/\/amedis.es\/tienda\/wp-json\/wp\/v2\/product_tag?post=27333"}],"curies":[{"name":"wp","href":"https:\/\/api.w.org\/{rel}","templated":true}]}}