{"id":23878,"date":"2022-10-21T19:06:50","date_gmt":"2022-10-21T19:06:50","guid":{"rendered":"https:\/\/amedis.es\/tienda\/?post_type=product&#038;p=23878"},"modified":"2026-02-11T19:06:44","modified_gmt":"2026-02-11T19:06:44","slug":"cunas-de-madera-rosas-mediana-y-larga","status":"publish","type":"product","link":"https:\/\/amedis.es\/tienda\/producto\/cunas-de-madera-rosas-mediana-y-larga\/","title":{"rendered":"CU\u00d1AS DE MADERA ROSAS (MEDIANA Y LARGA)"},"content":{"rendered":"<p>Cu\u00f1as de madera Rosas. Cu\u00f1as interdentales de madera de arce de forma anat\u00f3mica que se adaptan a la morfolog\u00eda interdental.<\/p>\n<p>Blanca: finas y cortas.<br \/>\nVerde: fina y corta.<br \/>\nAmarillo: fina y larga.<br \/>\nAzul: mediana y corta.<br \/>\nRosa: mediana y larga.<br \/>\nMorada: fina y larga.<\/p>\n","protected":false},"excerpt":{"rendered":"<p>CONTENIDO: 100 unidades.<\/p>\n","protected":false},"featured_media":23879,"template":"","meta":[],"pwb-brand":[],"product_brand":[],"product_cat":[27,78,72,2558,30],"product_tag":[],"class_list":{"0":"post-23878","1":"product","2":"type-product","3":"status-publish","4":"has-post-thumbnail","6":"product_cat-clinica","7":"product_cat-cunas-de-madera","8":"product_cat-cunas-y-matrices","9":"product_cat-cunas","10":"product_cat-outlet","12":"first","13":"instock","14":"sale","15":"taxable","16":"shipping-taxable","17":"purchasable","18":"product-type-simple"},"yoast_head":"<!-- This site is optimized with the Yoast SEO plugin v27.3 - https:\/\/yoast.com\/product\/yoast-seo-wordpress\/ -->\n<title>CU\u00d1AS DE MADERA ROSAS (MEDIANA Y LARGA) | Amedis<\/title>\n<meta name=\"description\" content=\"Cu\u00f1as de madera rosas. Cu\u00f1as interdentales de madera de arce de forma anat\u00f3mica que se adaptan a la morfolog\u00eda interdental.\" \/>\n<meta name=\"robots\" content=\"index, follow, max-snippet:-1, max-image-preview:large, max-video-preview:-1\" \/>\n<link rel=\"canonical\" href=\"https:\/\/amedis.es\/tienda\/producto\/cunas-de-madera-rosas-mediana-y-larga\/\" \/>\n<meta property=\"og:locale\" content=\"es_ES\" \/>\n<meta property=\"og:type\" content=\"article\" \/>\n<meta property=\"og:title\" content=\"CU\u00d1AS DE MADERA ROSAS (MEDIANA Y LARGA) | Amedis\" \/>\n<meta property=\"og:description\" content=\"Cu\u00f1as de madera rosas. Cu\u00f1as interdentales de madera de arce de forma anat\u00f3mica que se adaptan a la morfolog\u00eda interdental.\" \/>\n<meta property=\"og:url\" content=\"https:\/\/amedis.es\/tienda\/producto\/cunas-de-madera-rosas-mediana-y-larga\/\" \/>\n<meta property=\"og:site_name\" content=\"Amedis\" \/>\n<meta property=\"article:modified_time\" content=\"2026-02-11T19:06:44+00:00\" \/>\n<meta property=\"og:image\" content=\"https:\/\/amedis.es\/tienda\/wp-content\/uploads\/2022\/10\/CUNAS-DE-MADERA-ROSAS.jpg\" \/>\n\t<meta property=\"og:image:width\" content=\"600\" \/>\n\t<meta property=\"og:image:height\" content=\"600\" \/>\n\t<meta property=\"og:image:type\" content=\"image\/jpeg\" \/>\n<meta name=\"twitter:card\" content=\"summary_large_image\" \/>\n<meta name=\"twitter:label1\" content=\"Tiempo de lectura\" \/>\n\t<meta name=\"twitter:data1\" content=\"1 minuto\" \/>\n<script type=\"application\/ld+json\" class=\"yoast-schema-graph\">{\"@context\":\"https:\\\/\\\/schema.org\",\"@graph\":[{\"@type\":\"WebPage\",\"@id\":\"https:\\\/\\\/amedis.es\\\/tienda\\\/producto\\\/cunas-de-madera-rosas-mediana-y-larga\\\/\",\"url\":\"https:\\\/\\\/amedis.es\\\/tienda\\\/producto\\\/cunas-de-madera-rosas-mediana-y-larga\\\/\",\"name\":\"CU\u00d1AS DE MADERA ROSAS (MEDIANA Y LARGA) | Amedis\",\"isPartOf\":{\"@id\":\"https:\\\/\\\/amedis.es\\\/tienda\\\/#website\"},\"primaryImageOfPage\":{\"@id\":\"https:\\\/\\\/amedis.es\\\/tienda\\\/producto\\\/cunas-de-madera-rosas-mediana-y-larga\\\/#primaryimage\"},\"image\":{\"@id\":\"https:\\\/\\\/amedis.es\\\/tienda\\\/producto\\\/cunas-de-madera-rosas-mediana-y-larga\\\/#primaryimage\"},\"thumbnailUrl\":\"https:\\\/\\\/amedis.es\\\/tienda\\\/wp-content\\\/uploads\\\/2022\\\/10\\\/CUNAS-DE-MADERA-ROSAS.jpg\",\"datePublished\":\"2022-10-21T19:06:50+00:00\",\"dateModified\":\"2026-02-11T19:06:44+00:00\",\"description\":\"Cu\u00f1as de madera rosas. Cu\u00f1as interdentales de madera de arce de forma anat\u00f3mica que se adaptan a la morfolog\u00eda interdental.\",\"breadcrumb\":{\"@id\":\"https:\\\/\\\/amedis.es\\\/tienda\\\/producto\\\/cunas-de-madera-rosas-mediana-y-larga\\\/#breadcrumb\"},\"inLanguage\":\"es\",\"potentialAction\":[{\"@type\":\"ReadAction\",\"target\":[\"https:\\\/\\\/amedis.es\\\/tienda\\\/producto\\\/cunas-de-madera-rosas-mediana-y-larga\\\/\"]}]},{\"@type\":\"ImageObject\",\"inLanguage\":\"es\",\"@id\":\"https:\\\/\\\/amedis.es\\\/tienda\\\/producto\\\/cunas-de-madera-rosas-mediana-y-larga\\\/#primaryimage\",\"url\":\"https:\\\/\\\/amedis.es\\\/tienda\\\/wp-content\\\/uploads\\\/2022\\\/10\\\/CUNAS-DE-MADERA-ROSAS.jpg\",\"contentUrl\":\"https:\\\/\\\/amedis.es\\\/tienda\\\/wp-content\\\/uploads\\\/2022\\\/10\\\/CUNAS-DE-MADERA-ROSAS.jpg\",\"width\":600,\"height\":600,\"caption\":\"Amedis CU\u00d1AS DE MADERA ROSAS\"},{\"@type\":\"BreadcrumbList\",\"@id\":\"https:\\\/\\\/amedis.es\\\/tienda\\\/producto\\\/cunas-de-madera-rosas-mediana-y-larga\\\/#breadcrumb\",\"itemListElement\":[{\"@type\":\"ListItem\",\"position\":1,\"name\":\"Portada\",\"item\":\"https:\\\/\\\/amedis.es\\\/tienda\\\/\"},{\"@type\":\"ListItem\",\"position\":2,\"name\":\"Amedis | Suministros M\u00e9dicos y Dentales | Tienda\",\"item\":\"https:\\\/\\\/amedis.es\\\/tienda\\\/suministros-medicos-y-dentales\\\/\"},{\"@type\":\"ListItem\",\"position\":3,\"name\":\"CU\u00d1AS DE MADERA ROSAS (MEDIANA Y LARGA)\"}]},{\"@type\":\"WebSite\",\"@id\":\"https:\\\/\\\/amedis.es\\\/tienda\\\/#website\",\"url\":\"https:\\\/\\\/amedis.es\\\/tienda\\\/\",\"name\":\"Amedis\",\"description\":\"Suministros M\u00e9dicos y Dentales\",\"publisher\":{\"@id\":\"https:\\\/\\\/amedis.es\\\/tienda\\\/#organization\"},\"potentialAction\":[{\"@type\":\"SearchAction\",\"target\":{\"@type\":\"EntryPoint\",\"urlTemplate\":\"https:\\\/\\\/amedis.es\\\/tienda\\\/?s={search_term_string}\"},\"query-input\":{\"@type\":\"PropertyValueSpecification\",\"valueRequired\":true,\"valueName\":\"search_term_string\"}}],\"inLanguage\":\"es\"},{\"@type\":\"Organization\",\"@id\":\"https:\\\/\\\/amedis.es\\\/tienda\\\/#organization\",\"name\":\"Amedis | Suministros M\u00e9dicos y Dentales\",\"url\":\"https:\\\/\\\/amedis.es\\\/tienda\\\/\",\"logo\":{\"@type\":\"ImageObject\",\"inLanguage\":\"es\",\"@id\":\"https:\\\/\\\/amedis.es\\\/tienda\\\/#\\\/schema\\\/logo\\\/image\\\/\",\"url\":\"https:\\\/\\\/amedis.es\\\/tienda\\\/wp-content\\\/uploads\\\/2020\\\/05\\\/logo-1.png\",\"contentUrl\":\"https:\\\/\\\/amedis.es\\\/tienda\\\/wp-content\\\/uploads\\\/2020\\\/05\\\/logo-1.png\",\"width\":191,\"height\":80,\"caption\":\"Amedis | Suministros M\u00e9dicos y Dentales\"},\"image\":{\"@id\":\"https:\\\/\\\/amedis.es\\\/tienda\\\/#\\\/schema\\\/logo\\\/image\\\/\"}}]}<\/script>\n<!-- \/ Yoast SEO plugin. -->","yoast_head_json":{"title":"CU\u00d1AS DE MADERA ROSAS (MEDIANA Y LARGA) | Amedis","description":"Cu\u00f1as de madera rosas. Cu\u00f1as interdentales de madera de arce de forma anat\u00f3mica que se adaptan a la morfolog\u00eda interdental.","robots":{"index":"index","follow":"follow","max-snippet":"max-snippet:-1","max-image-preview":"max-image-preview:large","max-video-preview":"max-video-preview:-1"},"canonical":"https:\/\/amedis.es\/tienda\/producto\/cunas-de-madera-rosas-mediana-y-larga\/","og_locale":"es_ES","og_type":"article","og_title":"CU\u00d1AS DE MADERA ROSAS (MEDIANA Y LARGA) | Amedis","og_description":"Cu\u00f1as de madera rosas. Cu\u00f1as interdentales de madera de arce de forma anat\u00f3mica que se adaptan a la morfolog\u00eda interdental.","og_url":"https:\/\/amedis.es\/tienda\/producto\/cunas-de-madera-rosas-mediana-y-larga\/","og_site_name":"Amedis","article_modified_time":"2026-02-11T19:06:44+00:00","og_image":[{"width":600,"height":600,"url":"https:\/\/amedis.es\/tienda\/wp-content\/uploads\/2022\/10\/CUNAS-DE-MADERA-ROSAS.jpg","type":"image\/jpeg"}],"twitter_card":"summary_large_image","twitter_misc":{"Tiempo de lectura":"1 minuto"},"schema":{"@context":"https:\/\/schema.org","@graph":[{"@type":"WebPage","@id":"https:\/\/amedis.es\/tienda\/producto\/cunas-de-madera-rosas-mediana-y-larga\/","url":"https:\/\/amedis.es\/tienda\/producto\/cunas-de-madera-rosas-mediana-y-larga\/","name":"CU\u00d1AS DE MADERA ROSAS (MEDIANA Y LARGA) | Amedis","isPartOf":{"@id":"https:\/\/amedis.es\/tienda\/#website"},"primaryImageOfPage":{"@id":"https:\/\/amedis.es\/tienda\/producto\/cunas-de-madera-rosas-mediana-y-larga\/#primaryimage"},"image":{"@id":"https:\/\/amedis.es\/tienda\/producto\/cunas-de-madera-rosas-mediana-y-larga\/#primaryimage"},"thumbnailUrl":"https:\/\/amedis.es\/tienda\/wp-content\/uploads\/2022\/10\/CUNAS-DE-MADERA-ROSAS.jpg","datePublished":"2022-10-21T19:06:50+00:00","dateModified":"2026-02-11T19:06:44+00:00","description":"Cu\u00f1as de madera rosas. Cu\u00f1as interdentales de madera de arce de forma anat\u00f3mica que se adaptan a la morfolog\u00eda interdental.","breadcrumb":{"@id":"https:\/\/amedis.es\/tienda\/producto\/cunas-de-madera-rosas-mediana-y-larga\/#breadcrumb"},"inLanguage":"es","potentialAction":[{"@type":"ReadAction","target":["https:\/\/amedis.es\/tienda\/producto\/cunas-de-madera-rosas-mediana-y-larga\/"]}]},{"@type":"ImageObject","inLanguage":"es","@id":"https:\/\/amedis.es\/tienda\/producto\/cunas-de-madera-rosas-mediana-y-larga\/#primaryimage","url":"https:\/\/amedis.es\/tienda\/wp-content\/uploads\/2022\/10\/CUNAS-DE-MADERA-ROSAS.jpg","contentUrl":"https:\/\/amedis.es\/tienda\/wp-content\/uploads\/2022\/10\/CUNAS-DE-MADERA-ROSAS.jpg","width":600,"height":600,"caption":"Amedis CU\u00d1AS DE MADERA ROSAS"},{"@type":"BreadcrumbList","@id":"https:\/\/amedis.es\/tienda\/producto\/cunas-de-madera-rosas-mediana-y-larga\/#breadcrumb","itemListElement":[{"@type":"ListItem","position":1,"name":"Portada","item":"https:\/\/amedis.es\/tienda\/"},{"@type":"ListItem","position":2,"name":"Amedis | Suministros M\u00e9dicos y Dentales | Tienda","item":"https:\/\/amedis.es\/tienda\/suministros-medicos-y-dentales\/"},{"@type":"ListItem","position":3,"name":"CU\u00d1AS DE MADERA ROSAS (MEDIANA Y LARGA)"}]},{"@type":"WebSite","@id":"https:\/\/amedis.es\/tienda\/#website","url":"https:\/\/amedis.es\/tienda\/","name":"Amedis","description":"Suministros M\u00e9dicos y Dentales","publisher":{"@id":"https:\/\/amedis.es\/tienda\/#organization"},"potentialAction":[{"@type":"SearchAction","target":{"@type":"EntryPoint","urlTemplate":"https:\/\/amedis.es\/tienda\/?s={search_term_string}"},"query-input":{"@type":"PropertyValueSpecification","valueRequired":true,"valueName":"search_term_string"}}],"inLanguage":"es"},{"@type":"Organization","@id":"https:\/\/amedis.es\/tienda\/#organization","name":"Amedis | Suministros M\u00e9dicos y Dentales","url":"https:\/\/amedis.es\/tienda\/","logo":{"@type":"ImageObject","inLanguage":"es","@id":"https:\/\/amedis.es\/tienda\/#\/schema\/logo\/image\/","url":"https:\/\/amedis.es\/tienda\/wp-content\/uploads\/2020\/05\/logo-1.png","contentUrl":"https:\/\/amedis.es\/tienda\/wp-content\/uploads\/2020\/05\/logo-1.png","width":191,"height":80,"caption":"Amedis | Suministros M\u00e9dicos y Dentales"},"image":{"@id":"https:\/\/amedis.es\/tienda\/#\/schema\/logo\/image\/"}}]}},"brands":[],"_links":{"self":[{"href":"https:\/\/amedis.es\/tienda\/wp-json\/wp\/v2\/product\/23878","targetHints":{"allow":["GET"]}}],"collection":[{"href":"https:\/\/amedis.es\/tienda\/wp-json\/wp\/v2\/product"}],"about":[{"href":"https:\/\/amedis.es\/tienda\/wp-json\/wp\/v2\/types\/product"}],"wp:featuredmedia":[{"embeddable":true,"href":"https:\/\/amedis.es\/tienda\/wp-json\/wp\/v2\/media\/23879"}],"wp:attachment":[{"href":"https:\/\/amedis.es\/tienda\/wp-json\/wp\/v2\/media?parent=23878"}],"wp:term":[{"taxonomy":"pwb-brand","embeddable":true,"href":"https:\/\/amedis.es\/tienda\/wp-json\/wp\/v2\/pwb-brand?post=23878"},{"taxonomy":"product_brand","embeddable":true,"href":"https:\/\/amedis.es\/tienda\/wp-json\/wp\/v2\/product_brand?post=23878"},{"taxonomy":"product_cat","embeddable":true,"href":"https:\/\/amedis.es\/tienda\/wp-json\/wp\/v2\/product_cat?post=23878"},{"taxonomy":"product_tag","embeddable":true,"href":"https:\/\/amedis.es\/tienda\/wp-json\/wp\/v2\/product_tag?post=23878"}],"curies":[{"name":"wp","href":"https:\/\/api.w.org\/{rel}","templated":true}]}}