{"id":20616,"date":"2022-05-03T16:32:14","date_gmt":"2022-05-03T16:32:14","guid":{"rendered":"https:\/\/amedis.es\/tienda\/?post_type=product&#038;p=20616"},"modified":"2026-01-03T18:17:11","modified_gmt":"2026-01-03T18:17:11","slug":"bolsas-esterilizar-eurosteril-no-autosellantes-75x250","status":"publish","type":"product","link":"https:\/\/amedis.es\/tienda\/producto\/bolsas-esterilizar-eurosteril-no-autosellantes-75x250\/","title":{"rendered":"BOLSAS ESTERILIZAR EUROSTERIL NO AUTOSELLANTES 7,5&#215;25 cm."},"content":{"rendered":"<p>Bolsas esterilizar Eurosteril no autosellantes. Bolsas para esterilizaci\u00f3n de papel medico de alto gramaje ( 60g\/m\u00b2) y doble capa de pel\u00edcula celeste en poliestireno\/polipropileno. Tres soldaduras laterales de canales impermeables y homog\u00e9neos para la m\u00e1xima protecci\u00f3n microbica. Dotados de indicadores qu\u00edmicos de viraje para esterilizaciones de vapor o de EtO gas ( oxido de etileno ). Adecuada pelabilidad sin emitir fibras de papel o desgarramiento del papel al abrir el envase. Completamente conforme con la directiva 93\/42\/CEE ( y posterior enmienda 2007\/47\/CE) y la norma EN-868-1.<\/p>\n","protected":false},"excerpt":{"rendered":"<p>CONTENIDO: 500 unidades.<\/p>\n","protected":false},"featured_media":2964,"template":"","meta":[],"pwb-brand":[2388],"product_brand":[],"product_cat":[130,116],"product_tag":[],"class_list":{"0":"post-20616","1":"product","2":"type-product","3":"status-publish","4":"has-post-thumbnail","6":"pwb-brand-euronda","7":"product_cat-bolsas-de-esterilizacion","8":"product_cat-desinfeccion","10":"first","11":"instock","12":"sale","13":"taxable","14":"shipping-taxable","15":"purchasable","16":"product-type-simple"},"yoast_head":"<!-- This site is optimized with the Yoast SEO plugin v27.4 - https:\/\/yoast.com\/product\/yoast-seo-wordpress\/ -->\n<title>BOLSAS ESTERILIZAR EUROSTERIL NO AUTOSELLANTES | Amedis<\/title>\n<meta name=\"description\" content=\"Bolsas esterilizar Eurosteril no autosellantes. Bolsas para esterilizaci\u00f3n de papel medico de alto gramaje ( 60g\/m\u00b2) y doble capa\" \/>\n<meta name=\"robots\" content=\"index, follow, max-snippet:-1, max-image-preview:large, max-video-preview:-1\" \/>\n<link rel=\"canonical\" href=\"https:\/\/amedis.es\/tienda\/producto\/bolsas-esterilizar-eurosteril-no-autosellantes-75x250\/\" \/>\n<meta property=\"og:locale\" content=\"es_ES\" \/>\n<meta property=\"og:type\" content=\"article\" \/>\n<meta property=\"og:title\" content=\"BOLSAS ESTERILIZAR EUROSTERIL NO AUTOSELLANTES | Amedis\" \/>\n<meta property=\"og:description\" content=\"Bolsas esterilizar Eurosteril no autosellantes. Bolsas para esterilizaci\u00f3n de papel medico de alto gramaje ( 60g\/m\u00b2) y doble capa\" \/>\n<meta property=\"og:url\" content=\"https:\/\/amedis.es\/tienda\/producto\/bolsas-esterilizar-eurosteril-no-autosellantes-75x250\/\" \/>\n<meta property=\"og:site_name\" content=\"Amedis\" \/>\n<meta property=\"article:modified_time\" content=\"2026-01-03T18:17:11+00:00\" \/>\n<meta property=\"og:image\" content=\"https:\/\/amedis.es\/tienda\/wp-content\/uploads\/2020\/11\/BOLSAS-ESTERILIZAR-EURONDA.jpg\" \/>\n\t<meta property=\"og:image:width\" content=\"600\" \/>\n\t<meta property=\"og:image:height\" content=\"600\" \/>\n\t<meta property=\"og:image:type\" content=\"image\/jpeg\" \/>\n<meta name=\"twitter:card\" content=\"summary_large_image\" \/>\n<meta name=\"twitter:label1\" content=\"Tiempo de lectura\" \/>\n\t<meta name=\"twitter:data1\" content=\"1 minuto\" \/>\n<script type=\"application\/ld+json\" class=\"yoast-schema-graph\">{\"@context\":\"https:\\\/\\\/schema.org\",\"@graph\":[{\"@type\":\"WebPage\",\"@id\":\"https:\\\/\\\/amedis.es\\\/tienda\\\/producto\\\/bolsas-esterilizar-eurosteril-no-autosellantes-75x250\\\/\",\"url\":\"https:\\\/\\\/amedis.es\\\/tienda\\\/producto\\\/bolsas-esterilizar-eurosteril-no-autosellantes-75x250\\\/\",\"name\":\"BOLSAS ESTERILIZAR EUROSTERIL NO AUTOSELLANTES | Amedis\",\"isPartOf\":{\"@id\":\"https:\\\/\\\/amedis.es\\\/tienda\\\/#website\"},\"primaryImageOfPage\":{\"@id\":\"https:\\\/\\\/amedis.es\\\/tienda\\\/producto\\\/bolsas-esterilizar-eurosteril-no-autosellantes-75x250\\\/#primaryimage\"},\"image\":{\"@id\":\"https:\\\/\\\/amedis.es\\\/tienda\\\/producto\\\/bolsas-esterilizar-eurosteril-no-autosellantes-75x250\\\/#primaryimage\"},\"thumbnailUrl\":\"https:\\\/\\\/amedis.es\\\/tienda\\\/wp-content\\\/uploads\\\/2020\\\/11\\\/BOLSAS-ESTERILIZAR-EURONDA.jpg\",\"datePublished\":\"2022-05-03T16:32:14+00:00\",\"dateModified\":\"2026-01-03T18:17:11+00:00\",\"description\":\"Bolsas esterilizar Eurosteril no autosellantes. Bolsas para esterilizaci\u00f3n de papel medico de alto gramaje ( 60g\\\/m\u00b2) y doble capa\",\"breadcrumb\":{\"@id\":\"https:\\\/\\\/amedis.es\\\/tienda\\\/producto\\\/bolsas-esterilizar-eurosteril-no-autosellantes-75x250\\\/#breadcrumb\"},\"inLanguage\":\"es\",\"potentialAction\":[{\"@type\":\"ReadAction\",\"target\":[\"https:\\\/\\\/amedis.es\\\/tienda\\\/producto\\\/bolsas-esterilizar-eurosteril-no-autosellantes-75x250\\\/\"]}]},{\"@type\":\"ImageObject\",\"inLanguage\":\"es\",\"@id\":\"https:\\\/\\\/amedis.es\\\/tienda\\\/producto\\\/bolsas-esterilizar-eurosteril-no-autosellantes-75x250\\\/#primaryimage\",\"url\":\"https:\\\/\\\/amedis.es\\\/tienda\\\/wp-content\\\/uploads\\\/2020\\\/11\\\/BOLSAS-ESTERILIZAR-EURONDA.jpg\",\"contentUrl\":\"https:\\\/\\\/amedis.es\\\/tienda\\\/wp-content\\\/uploads\\\/2020\\\/11\\\/BOLSAS-ESTERILIZAR-EURONDA.jpg\",\"width\":600,\"height\":600,\"caption\":\"Amedis BOLSAS ESTERILIZAR EURONDA\"},{\"@type\":\"BreadcrumbList\",\"@id\":\"https:\\\/\\\/amedis.es\\\/tienda\\\/producto\\\/bolsas-esterilizar-eurosteril-no-autosellantes-75x250\\\/#breadcrumb\",\"itemListElement\":[{\"@type\":\"ListItem\",\"position\":1,\"name\":\"Portada\",\"item\":\"https:\\\/\\\/amedis.es\\\/tienda\\\/\"},{\"@type\":\"ListItem\",\"position\":2,\"name\":\"Amedis | Suministros M\u00e9dicos y Dentales | Tienda\",\"item\":\"https:\\\/\\\/amedis.es\\\/tienda\\\/suministros-medicos-y-dentales\\\/\"},{\"@type\":\"ListItem\",\"position\":3,\"name\":\"BOLSAS ESTERILIZAR EUROSTERIL NO AUTOSELLANTES 7,5&#215;25 cm.\"}]},{\"@type\":\"WebSite\",\"@id\":\"https:\\\/\\\/amedis.es\\\/tienda\\\/#website\",\"url\":\"https:\\\/\\\/amedis.es\\\/tienda\\\/\",\"name\":\"Amedis\",\"description\":\"Suministros M\u00e9dicos y Dentales\",\"publisher\":{\"@id\":\"https:\\\/\\\/amedis.es\\\/tienda\\\/#organization\"},\"potentialAction\":[{\"@type\":\"SearchAction\",\"target\":{\"@type\":\"EntryPoint\",\"urlTemplate\":\"https:\\\/\\\/amedis.es\\\/tienda\\\/?s={search_term_string}\"},\"query-input\":{\"@type\":\"PropertyValueSpecification\",\"valueRequired\":true,\"valueName\":\"search_term_string\"}}],\"inLanguage\":\"es\"},{\"@type\":\"Organization\",\"@id\":\"https:\\\/\\\/amedis.es\\\/tienda\\\/#organization\",\"name\":\"Amedis | Suministros M\u00e9dicos y Dentales\",\"url\":\"https:\\\/\\\/amedis.es\\\/tienda\\\/\",\"logo\":{\"@type\":\"ImageObject\",\"inLanguage\":\"es\",\"@id\":\"https:\\\/\\\/amedis.es\\\/tienda\\\/#\\\/schema\\\/logo\\\/image\\\/\",\"url\":\"https:\\\/\\\/amedis.es\\\/tienda\\\/wp-content\\\/uploads\\\/2020\\\/05\\\/logo-1.png\",\"contentUrl\":\"https:\\\/\\\/amedis.es\\\/tienda\\\/wp-content\\\/uploads\\\/2020\\\/05\\\/logo-1.png\",\"width\":191,\"height\":80,\"caption\":\"Amedis | Suministros M\u00e9dicos y Dentales\"},\"image\":{\"@id\":\"https:\\\/\\\/amedis.es\\\/tienda\\\/#\\\/schema\\\/logo\\\/image\\\/\"}}]}<\/script>\n<!-- \/ Yoast SEO plugin. -->","yoast_head_json":{"title":"BOLSAS ESTERILIZAR EUROSTERIL NO AUTOSELLANTES | Amedis","description":"Bolsas esterilizar Eurosteril no autosellantes. Bolsas para esterilizaci\u00f3n de papel medico de alto gramaje ( 60g\/m\u00b2) y doble capa","robots":{"index":"index","follow":"follow","max-snippet":"max-snippet:-1","max-image-preview":"max-image-preview:large","max-video-preview":"max-video-preview:-1"},"canonical":"https:\/\/amedis.es\/tienda\/producto\/bolsas-esterilizar-eurosteril-no-autosellantes-75x250\/","og_locale":"es_ES","og_type":"article","og_title":"BOLSAS ESTERILIZAR EUROSTERIL NO AUTOSELLANTES | Amedis","og_description":"Bolsas esterilizar Eurosteril no autosellantes. Bolsas para esterilizaci\u00f3n de papel medico de alto gramaje ( 60g\/m\u00b2) y doble capa","og_url":"https:\/\/amedis.es\/tienda\/producto\/bolsas-esterilizar-eurosteril-no-autosellantes-75x250\/","og_site_name":"Amedis","article_modified_time":"2026-01-03T18:17:11+00:00","og_image":[{"width":600,"height":600,"url":"https:\/\/amedis.es\/tienda\/wp-content\/uploads\/2020\/11\/BOLSAS-ESTERILIZAR-EURONDA.jpg","type":"image\/jpeg"}],"twitter_card":"summary_large_image","twitter_misc":{"Tiempo de lectura":"1 minuto"},"schema":{"@context":"https:\/\/schema.org","@graph":[{"@type":"WebPage","@id":"https:\/\/amedis.es\/tienda\/producto\/bolsas-esterilizar-eurosteril-no-autosellantes-75x250\/","url":"https:\/\/amedis.es\/tienda\/producto\/bolsas-esterilizar-eurosteril-no-autosellantes-75x250\/","name":"BOLSAS ESTERILIZAR EUROSTERIL NO AUTOSELLANTES | Amedis","isPartOf":{"@id":"https:\/\/amedis.es\/tienda\/#website"},"primaryImageOfPage":{"@id":"https:\/\/amedis.es\/tienda\/producto\/bolsas-esterilizar-eurosteril-no-autosellantes-75x250\/#primaryimage"},"image":{"@id":"https:\/\/amedis.es\/tienda\/producto\/bolsas-esterilizar-eurosteril-no-autosellantes-75x250\/#primaryimage"},"thumbnailUrl":"https:\/\/amedis.es\/tienda\/wp-content\/uploads\/2020\/11\/BOLSAS-ESTERILIZAR-EURONDA.jpg","datePublished":"2022-05-03T16:32:14+00:00","dateModified":"2026-01-03T18:17:11+00:00","description":"Bolsas esterilizar Eurosteril no autosellantes. Bolsas para esterilizaci\u00f3n de papel medico de alto gramaje ( 60g\/m\u00b2) y doble capa","breadcrumb":{"@id":"https:\/\/amedis.es\/tienda\/producto\/bolsas-esterilizar-eurosteril-no-autosellantes-75x250\/#breadcrumb"},"inLanguage":"es","potentialAction":[{"@type":"ReadAction","target":["https:\/\/amedis.es\/tienda\/producto\/bolsas-esterilizar-eurosteril-no-autosellantes-75x250\/"]}]},{"@type":"ImageObject","inLanguage":"es","@id":"https:\/\/amedis.es\/tienda\/producto\/bolsas-esterilizar-eurosteril-no-autosellantes-75x250\/#primaryimage","url":"https:\/\/amedis.es\/tienda\/wp-content\/uploads\/2020\/11\/BOLSAS-ESTERILIZAR-EURONDA.jpg","contentUrl":"https:\/\/amedis.es\/tienda\/wp-content\/uploads\/2020\/11\/BOLSAS-ESTERILIZAR-EURONDA.jpg","width":600,"height":600,"caption":"Amedis BOLSAS ESTERILIZAR EURONDA"},{"@type":"BreadcrumbList","@id":"https:\/\/amedis.es\/tienda\/producto\/bolsas-esterilizar-eurosteril-no-autosellantes-75x250\/#breadcrumb","itemListElement":[{"@type":"ListItem","position":1,"name":"Portada","item":"https:\/\/amedis.es\/tienda\/"},{"@type":"ListItem","position":2,"name":"Amedis | Suministros M\u00e9dicos y Dentales | Tienda","item":"https:\/\/amedis.es\/tienda\/suministros-medicos-y-dentales\/"},{"@type":"ListItem","position":3,"name":"BOLSAS ESTERILIZAR EUROSTERIL NO AUTOSELLANTES 7,5&#215;25 cm."}]},{"@type":"WebSite","@id":"https:\/\/amedis.es\/tienda\/#website","url":"https:\/\/amedis.es\/tienda\/","name":"Amedis","description":"Suministros M\u00e9dicos y Dentales","publisher":{"@id":"https:\/\/amedis.es\/tienda\/#organization"},"potentialAction":[{"@type":"SearchAction","target":{"@type":"EntryPoint","urlTemplate":"https:\/\/amedis.es\/tienda\/?s={search_term_string}"},"query-input":{"@type":"PropertyValueSpecification","valueRequired":true,"valueName":"search_term_string"}}],"inLanguage":"es"},{"@type":"Organization","@id":"https:\/\/amedis.es\/tienda\/#organization","name":"Amedis | Suministros M\u00e9dicos y Dentales","url":"https:\/\/amedis.es\/tienda\/","logo":{"@type":"ImageObject","inLanguage":"es","@id":"https:\/\/amedis.es\/tienda\/#\/schema\/logo\/image\/","url":"https:\/\/amedis.es\/tienda\/wp-content\/uploads\/2020\/05\/logo-1.png","contentUrl":"https:\/\/amedis.es\/tienda\/wp-content\/uploads\/2020\/05\/logo-1.png","width":191,"height":80,"caption":"Amedis | Suministros M\u00e9dicos y Dentales"},"image":{"@id":"https:\/\/amedis.es\/tienda\/#\/schema\/logo\/image\/"}}]}},"brands":[{"id":2388,"name":"EURONDA","slug":"euronda"}],"_links":{"self":[{"href":"https:\/\/amedis.es\/tienda\/wp-json\/wp\/v2\/product\/20616","targetHints":{"allow":["GET"]}}],"collection":[{"href":"https:\/\/amedis.es\/tienda\/wp-json\/wp\/v2\/product"}],"about":[{"href":"https:\/\/amedis.es\/tienda\/wp-json\/wp\/v2\/types\/product"}],"wp:featuredmedia":[{"embeddable":true,"href":"https:\/\/amedis.es\/tienda\/wp-json\/wp\/v2\/media\/2964"}],"wp:attachment":[{"href":"https:\/\/amedis.es\/tienda\/wp-json\/wp\/v2\/media?parent=20616"}],"wp:term":[{"taxonomy":"pwb-brand","embeddable":true,"href":"https:\/\/amedis.es\/tienda\/wp-json\/wp\/v2\/pwb-brand?post=20616"},{"taxonomy":"product_brand","embeddable":true,"href":"https:\/\/amedis.es\/tienda\/wp-json\/wp\/v2\/product_brand?post=20616"},{"taxonomy":"product_cat","embeddable":true,"href":"https:\/\/amedis.es\/tienda\/wp-json\/wp\/v2\/product_cat?post=20616"},{"taxonomy":"product_tag","embeddable":true,"href":"https:\/\/amedis.es\/tienda\/wp-json\/wp\/v2\/product_tag?post=20616"}],"curies":[{"name":"wp","href":"https:\/\/api.w.org\/{rel}","templated":true}]}}