{"id":20027,"date":"2022-04-24T16:58:56","date_gmt":"2022-04-24T16:58:56","guid":{"rendered":"https:\/\/amedis.es\/tienda\/?post_type=product&#038;p=20027"},"modified":"2024-10-02T19:12:12","modified_gmt":"2024-10-02T19:12:12","slug":"puntas-de-papel-novo-color-roeko","status":"publish","type":"product","link":"https:\/\/amedis.es\/tienda\/producto\/puntas-de-papel-novo-color-roeko\/","title":{"rendered":"PUNTAS DE PAPEL NOVO COLOR ROEKO"},"content":{"rendered":"<p>Puntas de papel novo color Roeko. El color en la punta hace m\u00e1s r\u00e1pido la elecci\u00f3n de la punta. Cuando la punta se introduce en el conducto el color del extremo se hace m\u00e1s intenso.<\/p>\n<p>ENVASE: 200 unidades.<\/p>\n","protected":false},"excerpt":{"rendered":"<p>ROEKO<\/p>\n","protected":false},"featured_media":20028,"template":"","meta":[],"pwb-brand":[2383],"product_brand":[],"product_cat":[27,132,137],"product_tag":[],"class_list":{"0":"post-20027","1":"product","2":"type-product","3":"status-publish","4":"has-post-thumbnail","6":"pwb-brand-roeko","7":"product_cat-clinica","8":"product_cat-endodoncia","9":"product_cat-puntas-de-papel","11":"first","12":"instock","13":"sale","14":"taxable","15":"shipping-taxable","16":"purchasable","17":"product-type-variable"},"yoast_head":"<!-- This site is optimized with the Yoast SEO plugin v27.4 - https:\/\/yoast.com\/product\/yoast-seo-wordpress\/ -->\n<title>PUNTAS DE PAPEL NOVO COLOR ROEKO | Amedis<\/title>\n<meta name=\"description\" content=\"Puntas de papel novo color Roeko. El color en la punta hace m\u00e1s r\u00e1pido la elecci\u00f3n de la punta. Cuando la punta se introduce\" \/>\n<meta name=\"robots\" content=\"index, follow, max-snippet:-1, max-image-preview:large, max-video-preview:-1\" \/>\n<link rel=\"canonical\" href=\"https:\/\/amedis.es\/tienda\/?product=puntas-de-papel-novo-color-roeko\" \/>\n<meta property=\"og:locale\" content=\"es_ES\" \/>\n<meta property=\"og:type\" content=\"article\" \/>\n<meta property=\"og:title\" content=\"PUNTAS DE PAPEL NOVO COLOR ROEKO | Amedis\" \/>\n<meta property=\"og:description\" content=\"Puntas de papel novo color Roeko. El color en la punta hace m\u00e1s r\u00e1pido la elecci\u00f3n de la punta. Cuando la punta se introduce\" \/>\n<meta property=\"og:url\" content=\"https:\/\/amedis.es\/tienda\/?product=puntas-de-papel-novo-color-roeko\" \/>\n<meta property=\"og:site_name\" content=\"Amedis\" \/>\n<meta property=\"article:modified_time\" content=\"2024-10-02T19:12:12+00:00\" \/>\n<meta property=\"og:image\" content=\"https:\/\/amedis.es\/tienda\/wp-content\/uploads\/2022\/04\/PUNTAS-DE-PAPEL-NOVO-COLOR-ROEKO.jpg\" \/>\n\t<meta property=\"og:image:width\" content=\"600\" \/>\n\t<meta property=\"og:image:height\" content=\"600\" \/>\n\t<meta property=\"og:image:type\" content=\"image\/jpeg\" \/>\n<meta name=\"twitter:card\" content=\"summary_large_image\" \/>\n<script type=\"application\/ld+json\" class=\"yoast-schema-graph\">{\"@context\":\"https:\\\/\\\/schema.org\",\"@graph\":[{\"@type\":\"WebPage\",\"@id\":\"https:\\\/\\\/amedis.es\\\/tienda\\\/?product=puntas-de-papel-novo-color-roeko\",\"url\":\"https:\\\/\\\/amedis.es\\\/tienda\\\/?product=puntas-de-papel-novo-color-roeko\",\"name\":\"PUNTAS DE PAPEL NOVO COLOR ROEKO | Amedis\",\"isPartOf\":{\"@id\":\"https:\\\/\\\/amedis.es\\\/tienda\\\/#website\"},\"primaryImageOfPage\":{\"@id\":\"https:\\\/\\\/amedis.es\\\/tienda\\\/?product=puntas-de-papel-novo-color-roeko#primaryimage\"},\"image\":{\"@id\":\"https:\\\/\\\/amedis.es\\\/tienda\\\/?product=puntas-de-papel-novo-color-roeko#primaryimage\"},\"thumbnailUrl\":\"https:\\\/\\\/amedis.es\\\/tienda\\\/wp-content\\\/uploads\\\/2022\\\/04\\\/PUNTAS-DE-PAPEL-NOVO-COLOR-ROEKO.jpg\",\"datePublished\":\"2022-04-24T16:58:56+00:00\",\"dateModified\":\"2024-10-02T19:12:12+00:00\",\"description\":\"Puntas de papel novo color Roeko. El color en la punta hace m\u00e1s r\u00e1pido la elecci\u00f3n de la punta. Cuando la punta se introduce\",\"breadcrumb\":{\"@id\":\"https:\\\/\\\/amedis.es\\\/tienda\\\/?product=puntas-de-papel-novo-color-roeko#breadcrumb\"},\"inLanguage\":\"es\",\"potentialAction\":[{\"@type\":\"ReadAction\",\"target\":[\"https:\\\/\\\/amedis.es\\\/tienda\\\/?product=puntas-de-papel-novo-color-roeko\"]}]},{\"@type\":\"ImageObject\",\"inLanguage\":\"es\",\"@id\":\"https:\\\/\\\/amedis.es\\\/tienda\\\/?product=puntas-de-papel-novo-color-roeko#primaryimage\",\"url\":\"https:\\\/\\\/amedis.es\\\/tienda\\\/wp-content\\\/uploads\\\/2022\\\/04\\\/PUNTAS-DE-PAPEL-NOVO-COLOR-ROEKO.jpg\",\"contentUrl\":\"https:\\\/\\\/amedis.es\\\/tienda\\\/wp-content\\\/uploads\\\/2022\\\/04\\\/PUNTAS-DE-PAPEL-NOVO-COLOR-ROEKO.jpg\",\"width\":600,\"height\":600,\"caption\":\"Amedis PUNTAS DE PAPEL NOVO COLOR ROEKO\"},{\"@type\":\"BreadcrumbList\",\"@id\":\"https:\\\/\\\/amedis.es\\\/tienda\\\/?product=puntas-de-papel-novo-color-roeko#breadcrumb\",\"itemListElement\":[{\"@type\":\"ListItem\",\"position\":1,\"name\":\"Portada\",\"item\":\"https:\\\/\\\/amedis.es\\\/tienda\\\/\"},{\"@type\":\"ListItem\",\"position\":2,\"name\":\"Amedis | Suministros M\u00e9dicos y Dentales | Tienda\",\"item\":\"https:\\\/\\\/amedis.es\\\/tienda\\\/suministros-medicos-y-dentales\\\/\"},{\"@type\":\"ListItem\",\"position\":3,\"name\":\"PUNTAS DE PAPEL NOVO COLOR ROEKO\"}]},{\"@type\":\"WebSite\",\"@id\":\"https:\\\/\\\/amedis.es\\\/tienda\\\/#website\",\"url\":\"https:\\\/\\\/amedis.es\\\/tienda\\\/\",\"name\":\"Amedis\",\"description\":\"Suministros M\u00e9dicos y Dentales\",\"publisher\":{\"@id\":\"https:\\\/\\\/amedis.es\\\/tienda\\\/#organization\"},\"potentialAction\":[{\"@type\":\"SearchAction\",\"target\":{\"@type\":\"EntryPoint\",\"urlTemplate\":\"https:\\\/\\\/amedis.es\\\/tienda\\\/?s={search_term_string}\"},\"query-input\":{\"@type\":\"PropertyValueSpecification\",\"valueRequired\":true,\"valueName\":\"search_term_string\"}}],\"inLanguage\":\"es\"},{\"@type\":\"Organization\",\"@id\":\"https:\\\/\\\/amedis.es\\\/tienda\\\/#organization\",\"name\":\"Amedis | Suministros M\u00e9dicos y Dentales\",\"url\":\"https:\\\/\\\/amedis.es\\\/tienda\\\/\",\"logo\":{\"@type\":\"ImageObject\",\"inLanguage\":\"es\",\"@id\":\"https:\\\/\\\/amedis.es\\\/tienda\\\/#\\\/schema\\\/logo\\\/image\\\/\",\"url\":\"https:\\\/\\\/amedis.es\\\/tienda\\\/wp-content\\\/uploads\\\/2020\\\/05\\\/logo-1.png\",\"contentUrl\":\"https:\\\/\\\/amedis.es\\\/tienda\\\/wp-content\\\/uploads\\\/2020\\\/05\\\/logo-1.png\",\"width\":191,\"height\":80,\"caption\":\"Amedis | Suministros M\u00e9dicos y Dentales\"},\"image\":{\"@id\":\"https:\\\/\\\/amedis.es\\\/tienda\\\/#\\\/schema\\\/logo\\\/image\\\/\"}}]}<\/script>\n<!-- \/ Yoast SEO plugin. -->","yoast_head_json":{"title":"PUNTAS DE PAPEL NOVO COLOR ROEKO | Amedis","description":"Puntas de papel novo color Roeko. El color en la punta hace m\u00e1s r\u00e1pido la elecci\u00f3n de la punta. Cuando la punta se introduce","robots":{"index":"index","follow":"follow","max-snippet":"max-snippet:-1","max-image-preview":"max-image-preview:large","max-video-preview":"max-video-preview:-1"},"canonical":"https:\/\/amedis.es\/tienda\/?product=puntas-de-papel-novo-color-roeko","og_locale":"es_ES","og_type":"article","og_title":"PUNTAS DE PAPEL NOVO COLOR ROEKO | Amedis","og_description":"Puntas de papel novo color Roeko. El color en la punta hace m\u00e1s r\u00e1pido la elecci\u00f3n de la punta. Cuando la punta se introduce","og_url":"https:\/\/amedis.es\/tienda\/?product=puntas-de-papel-novo-color-roeko","og_site_name":"Amedis","article_modified_time":"2024-10-02T19:12:12+00:00","og_image":[{"width":600,"height":600,"url":"https:\/\/amedis.es\/tienda\/wp-content\/uploads\/2022\/04\/PUNTAS-DE-PAPEL-NOVO-COLOR-ROEKO.jpg","type":"image\/jpeg"}],"twitter_card":"summary_large_image","schema":{"@context":"https:\/\/schema.org","@graph":[{"@type":"WebPage","@id":"https:\/\/amedis.es\/tienda\/?product=puntas-de-papel-novo-color-roeko","url":"https:\/\/amedis.es\/tienda\/?product=puntas-de-papel-novo-color-roeko","name":"PUNTAS DE PAPEL NOVO COLOR ROEKO | Amedis","isPartOf":{"@id":"https:\/\/amedis.es\/tienda\/#website"},"primaryImageOfPage":{"@id":"https:\/\/amedis.es\/tienda\/?product=puntas-de-papel-novo-color-roeko#primaryimage"},"image":{"@id":"https:\/\/amedis.es\/tienda\/?product=puntas-de-papel-novo-color-roeko#primaryimage"},"thumbnailUrl":"https:\/\/amedis.es\/tienda\/wp-content\/uploads\/2022\/04\/PUNTAS-DE-PAPEL-NOVO-COLOR-ROEKO.jpg","datePublished":"2022-04-24T16:58:56+00:00","dateModified":"2024-10-02T19:12:12+00:00","description":"Puntas de papel novo color Roeko. El color en la punta hace m\u00e1s r\u00e1pido la elecci\u00f3n de la punta. Cuando la punta se introduce","breadcrumb":{"@id":"https:\/\/amedis.es\/tienda\/?product=puntas-de-papel-novo-color-roeko#breadcrumb"},"inLanguage":"es","potentialAction":[{"@type":"ReadAction","target":["https:\/\/amedis.es\/tienda\/?product=puntas-de-papel-novo-color-roeko"]}]},{"@type":"ImageObject","inLanguage":"es","@id":"https:\/\/amedis.es\/tienda\/?product=puntas-de-papel-novo-color-roeko#primaryimage","url":"https:\/\/amedis.es\/tienda\/wp-content\/uploads\/2022\/04\/PUNTAS-DE-PAPEL-NOVO-COLOR-ROEKO.jpg","contentUrl":"https:\/\/amedis.es\/tienda\/wp-content\/uploads\/2022\/04\/PUNTAS-DE-PAPEL-NOVO-COLOR-ROEKO.jpg","width":600,"height":600,"caption":"Amedis PUNTAS DE PAPEL NOVO COLOR ROEKO"},{"@type":"BreadcrumbList","@id":"https:\/\/amedis.es\/tienda\/?product=puntas-de-papel-novo-color-roeko#breadcrumb","itemListElement":[{"@type":"ListItem","position":1,"name":"Portada","item":"https:\/\/amedis.es\/tienda\/"},{"@type":"ListItem","position":2,"name":"Amedis | Suministros M\u00e9dicos y Dentales | Tienda","item":"https:\/\/amedis.es\/tienda\/suministros-medicos-y-dentales\/"},{"@type":"ListItem","position":3,"name":"PUNTAS DE PAPEL NOVO COLOR ROEKO"}]},{"@type":"WebSite","@id":"https:\/\/amedis.es\/tienda\/#website","url":"https:\/\/amedis.es\/tienda\/","name":"Amedis","description":"Suministros M\u00e9dicos y Dentales","publisher":{"@id":"https:\/\/amedis.es\/tienda\/#organization"},"potentialAction":[{"@type":"SearchAction","target":{"@type":"EntryPoint","urlTemplate":"https:\/\/amedis.es\/tienda\/?s={search_term_string}"},"query-input":{"@type":"PropertyValueSpecification","valueRequired":true,"valueName":"search_term_string"}}],"inLanguage":"es"},{"@type":"Organization","@id":"https:\/\/amedis.es\/tienda\/#organization","name":"Amedis | Suministros M\u00e9dicos y Dentales","url":"https:\/\/amedis.es\/tienda\/","logo":{"@type":"ImageObject","inLanguage":"es","@id":"https:\/\/amedis.es\/tienda\/#\/schema\/logo\/image\/","url":"https:\/\/amedis.es\/tienda\/wp-content\/uploads\/2020\/05\/logo-1.png","contentUrl":"https:\/\/amedis.es\/tienda\/wp-content\/uploads\/2020\/05\/logo-1.png","width":191,"height":80,"caption":"Amedis | Suministros M\u00e9dicos y Dentales"},"image":{"@id":"https:\/\/amedis.es\/tienda\/#\/schema\/logo\/image\/"}}]}},"brands":[{"id":2383,"name":"ROEKO","slug":"roeko"}],"_links":{"self":[{"href":"https:\/\/amedis.es\/tienda\/wp-json\/wp\/v2\/product\/20027","targetHints":{"allow":["GET"]}}],"collection":[{"href":"https:\/\/amedis.es\/tienda\/wp-json\/wp\/v2\/product"}],"about":[{"href":"https:\/\/amedis.es\/tienda\/wp-json\/wp\/v2\/types\/product"}],"wp:featuredmedia":[{"embeddable":true,"href":"https:\/\/amedis.es\/tienda\/wp-json\/wp\/v2\/media\/20028"}],"wp:attachment":[{"href":"https:\/\/amedis.es\/tienda\/wp-json\/wp\/v2\/media?parent=20027"}],"wp:term":[{"taxonomy":"pwb-brand","embeddable":true,"href":"https:\/\/amedis.es\/tienda\/wp-json\/wp\/v2\/pwb-brand?post=20027"},{"taxonomy":"product_brand","embeddable":true,"href":"https:\/\/amedis.es\/tienda\/wp-json\/wp\/v2\/product_brand?post=20027"},{"taxonomy":"product_cat","embeddable":true,"href":"https:\/\/amedis.es\/tienda\/wp-json\/wp\/v2\/product_cat?post=20027"},{"taxonomy":"product_tag","embeddable":true,"href":"https:\/\/amedis.es\/tienda\/wp-json\/wp\/v2\/product_tag?post=20027"}],"curies":[{"name":"wp","href":"https:\/\/api.w.org\/{rel}","templated":true}]}}