{"id":19865,"date":"2022-04-20T07:50:47","date_gmt":"2022-04-20T07:50:47","guid":{"rendered":"https:\/\/amedis.es\/tienda\/?post_type=product&#038;p=19865"},"modified":"2024-09-30T18:31:44","modified_gmt":"2024-09-30T18:31:44","slug":"lampara-de-fotopolimerizar-s-p-e-c-3","status":"publish","type":"product","link":"https:\/\/amedis.es\/tienda\/producto\/lampara-de-fotopolimerizar-s-p-e-c-3\/","title":{"rendered":"LAMPARA DE FOTOPOLIMERIZAR S.P.E.C 3"},"content":{"rendered":"<p>Lampara de fotopolimerizar S.P.E.C. 3. La SPEC 3 (Special Plasma Emulated Curing with 3 Modes) reduce el tiempo de trabajo gracias a su rapid\u00edsima y profunda polimerizaci\u00f3n de los materiales fotopolimerizables. La potencia de su bater\u00eda de Pol\u00edmetros de Litio ofrece la suficiente capacidad para 300 ciclos de 10 segundos entre recargas. M\u00faltiples modos:<\/p>\n<p>&#8211; Standard Modo: Intensidad de 1600 mW\/cm\u00b2 ideal para polimerizar 2 mm de Composite en 5 segundos.<br \/>\n&#8211; 3K Modo: Intensidad de 3250 mW\/cm\u00b2 polimeriza 2 mm de Composite en 1 segundo. Para r\u00e1pidas polimerizaciones cuando el tiempo es clave por ejemplo trabajando con ni\u00f1os o con pacientes con reflejos complicados. Composites tipo BulkFill etc&#8230;<br \/>\n&#8211; Orthodontic Modo: 3250 mW\/cm\u00b2 polimeriza una arcada completa de brackets en intervalos ya programados de 2 segundos de polimerizaci\u00f3n por Bracket y 3 segundos de parada para nuevamente posicionar la l\u00e1mpara en el Bracket siguiente y as\u00ed hasta completar la arcada.<\/p>\n","protected":false},"excerpt":{"rendered":"<p>CONTENIDO: 1 unidad.<\/p>\n","protected":false},"featured_media":19866,"template":"","meta":[],"pwb-brand":[2350],"product_brand":[],"product_cat":[283,949,950],"product_tag":[],"class_list":{"0":"post-19865","1":"product","2":"type-product","3":"status-publish","4":"has-post-thumbnail","6":"pwb-brand-coltene","7":"product_cat-equipamiento","8":"product_cat-estetica-y-restauracion","9":"product_cat-lamparas-led","11":"first","12":"onbackorder","13":"sale","14":"taxable","15":"shipping-taxable","16":"purchasable","17":"product-type-simple"},"yoast_head":"<!-- This site is optimized with the Yoast SEO plugin v27.3 - https:\/\/yoast.com\/product\/yoast-seo-wordpress\/ -->\n<title>LAMPARA DE FOTOPOLIMERIZAR S.P.E.C 3 | Amedis<\/title>\n<meta name=\"description\" content=\"Lampara de fotopolimerizar S.P.E.C. 3. La SPEC 3 (Special Plasma Emulated Curing with 3 Modes) reduce el tiempo de trabajo\" \/>\n<meta name=\"robots\" content=\"index, follow, max-snippet:-1, max-image-preview:large, max-video-preview:-1\" \/>\n<link rel=\"canonical\" href=\"https:\/\/amedis.es\/tienda\/?product=lampara-de-fotopolimerizar-s-p-e-c-3\" \/>\n<meta property=\"og:locale\" content=\"es_ES\" \/>\n<meta property=\"og:type\" content=\"article\" \/>\n<meta property=\"og:title\" content=\"LAMPARA DE FOTOPOLIMERIZAR S.P.E.C 3 | Amedis\" \/>\n<meta property=\"og:description\" content=\"Lampara de fotopolimerizar S.P.E.C. 3. La SPEC 3 (Special Plasma Emulated Curing with 3 Modes) reduce el tiempo de trabajo\" \/>\n<meta property=\"og:url\" content=\"https:\/\/amedis.es\/tienda\/?product=lampara-de-fotopolimerizar-s-p-e-c-3\" \/>\n<meta property=\"og:site_name\" content=\"Amedis\" \/>\n<meta property=\"article:modified_time\" content=\"2024-09-30T18:31:44+00:00\" \/>\n<meta property=\"og:image\" content=\"https:\/\/amedis.es\/tienda\/wp-content\/uploads\/2022\/04\/LAMPARA-DE-FOTOPOLIMERIZAR-S.P.E.C-3.jpg\" \/>\n\t<meta property=\"og:image:width\" content=\"600\" \/>\n\t<meta property=\"og:image:height\" content=\"600\" \/>\n\t<meta property=\"og:image:type\" content=\"image\/jpeg\" \/>\n<meta name=\"twitter:card\" content=\"summary_large_image\" \/>\n<meta name=\"twitter:label1\" content=\"Tiempo de lectura\" \/>\n\t<meta name=\"twitter:data1\" content=\"1 minuto\" \/>\n<script type=\"application\/ld+json\" class=\"yoast-schema-graph\">{\"@context\":\"https:\\\/\\\/schema.org\",\"@graph\":[{\"@type\":\"WebPage\",\"@id\":\"https:\\\/\\\/amedis.es\\\/tienda\\\/?product=lampara-de-fotopolimerizar-s-p-e-c-3\",\"url\":\"https:\\\/\\\/amedis.es\\\/tienda\\\/?product=lampara-de-fotopolimerizar-s-p-e-c-3\",\"name\":\"LAMPARA DE FOTOPOLIMERIZAR S.P.E.C 3 | Amedis\",\"isPartOf\":{\"@id\":\"https:\\\/\\\/amedis.es\\\/tienda\\\/#website\"},\"primaryImageOfPage\":{\"@id\":\"https:\\\/\\\/amedis.es\\\/tienda\\\/?product=lampara-de-fotopolimerizar-s-p-e-c-3#primaryimage\"},\"image\":{\"@id\":\"https:\\\/\\\/amedis.es\\\/tienda\\\/?product=lampara-de-fotopolimerizar-s-p-e-c-3#primaryimage\"},\"thumbnailUrl\":\"https:\\\/\\\/amedis.es\\\/tienda\\\/wp-content\\\/uploads\\\/2022\\\/04\\\/LAMPARA-DE-FOTOPOLIMERIZAR-S.P.E.C-3.jpg\",\"datePublished\":\"2022-04-20T07:50:47+00:00\",\"dateModified\":\"2024-09-30T18:31:44+00:00\",\"description\":\"Lampara de fotopolimerizar S.P.E.C. 3. La SPEC 3 (Special Plasma Emulated Curing with 3 Modes) reduce el tiempo de trabajo\",\"breadcrumb\":{\"@id\":\"https:\\\/\\\/amedis.es\\\/tienda\\\/?product=lampara-de-fotopolimerizar-s-p-e-c-3#breadcrumb\"},\"inLanguage\":\"es\",\"potentialAction\":[{\"@type\":\"ReadAction\",\"target\":[\"https:\\\/\\\/amedis.es\\\/tienda\\\/?product=lampara-de-fotopolimerizar-s-p-e-c-3\"]}]},{\"@type\":\"ImageObject\",\"inLanguage\":\"es\",\"@id\":\"https:\\\/\\\/amedis.es\\\/tienda\\\/?product=lampara-de-fotopolimerizar-s-p-e-c-3#primaryimage\",\"url\":\"https:\\\/\\\/amedis.es\\\/tienda\\\/wp-content\\\/uploads\\\/2022\\\/04\\\/LAMPARA-DE-FOTOPOLIMERIZAR-S.P.E.C-3.jpg\",\"contentUrl\":\"https:\\\/\\\/amedis.es\\\/tienda\\\/wp-content\\\/uploads\\\/2022\\\/04\\\/LAMPARA-DE-FOTOPOLIMERIZAR-S.P.E.C-3.jpg\",\"width\":600,\"height\":600,\"caption\":\"Amedis LAMPARA DE FOTOPOLIMERIZAR S.P.E.C 3\"},{\"@type\":\"BreadcrumbList\",\"@id\":\"https:\\\/\\\/amedis.es\\\/tienda\\\/?product=lampara-de-fotopolimerizar-s-p-e-c-3#breadcrumb\",\"itemListElement\":[{\"@type\":\"ListItem\",\"position\":1,\"name\":\"Portada\",\"item\":\"https:\\\/\\\/amedis.es\\\/tienda\\\/\"},{\"@type\":\"ListItem\",\"position\":2,\"name\":\"Amedis | Suministros M\u00e9dicos y Dentales | Tienda\",\"item\":\"https:\\\/\\\/amedis.es\\\/tienda\\\/suministros-medicos-y-dentales\\\/\"},{\"@type\":\"ListItem\",\"position\":3,\"name\":\"LAMPARA DE FOTOPOLIMERIZAR S.P.E.C 3\"}]},{\"@type\":\"WebSite\",\"@id\":\"https:\\\/\\\/amedis.es\\\/tienda\\\/#website\",\"url\":\"https:\\\/\\\/amedis.es\\\/tienda\\\/\",\"name\":\"Amedis\",\"description\":\"Suministros M\u00e9dicos y Dentales\",\"publisher\":{\"@id\":\"https:\\\/\\\/amedis.es\\\/tienda\\\/#organization\"},\"potentialAction\":[{\"@type\":\"SearchAction\",\"target\":{\"@type\":\"EntryPoint\",\"urlTemplate\":\"https:\\\/\\\/amedis.es\\\/tienda\\\/?s={search_term_string}\"},\"query-input\":{\"@type\":\"PropertyValueSpecification\",\"valueRequired\":true,\"valueName\":\"search_term_string\"}}],\"inLanguage\":\"es\"},{\"@type\":\"Organization\",\"@id\":\"https:\\\/\\\/amedis.es\\\/tienda\\\/#organization\",\"name\":\"Amedis | Suministros M\u00e9dicos y Dentales\",\"url\":\"https:\\\/\\\/amedis.es\\\/tienda\\\/\",\"logo\":{\"@type\":\"ImageObject\",\"inLanguage\":\"es\",\"@id\":\"https:\\\/\\\/amedis.es\\\/tienda\\\/#\\\/schema\\\/logo\\\/image\\\/\",\"url\":\"https:\\\/\\\/amedis.es\\\/tienda\\\/wp-content\\\/uploads\\\/2020\\\/05\\\/logo-1.png\",\"contentUrl\":\"https:\\\/\\\/amedis.es\\\/tienda\\\/wp-content\\\/uploads\\\/2020\\\/05\\\/logo-1.png\",\"width\":191,\"height\":80,\"caption\":\"Amedis | Suministros M\u00e9dicos y Dentales\"},\"image\":{\"@id\":\"https:\\\/\\\/amedis.es\\\/tienda\\\/#\\\/schema\\\/logo\\\/image\\\/\"}}]}<\/script>\n<!-- \/ Yoast SEO plugin. -->","yoast_head_json":{"title":"LAMPARA DE FOTOPOLIMERIZAR S.P.E.C 3 | Amedis","description":"Lampara de fotopolimerizar S.P.E.C. 3. La SPEC 3 (Special Plasma Emulated Curing with 3 Modes) reduce el tiempo de trabajo","robots":{"index":"index","follow":"follow","max-snippet":"max-snippet:-1","max-image-preview":"max-image-preview:large","max-video-preview":"max-video-preview:-1"},"canonical":"https:\/\/amedis.es\/tienda\/?product=lampara-de-fotopolimerizar-s-p-e-c-3","og_locale":"es_ES","og_type":"article","og_title":"LAMPARA DE FOTOPOLIMERIZAR S.P.E.C 3 | Amedis","og_description":"Lampara de fotopolimerizar S.P.E.C. 3. La SPEC 3 (Special Plasma Emulated Curing with 3 Modes) reduce el tiempo de trabajo","og_url":"https:\/\/amedis.es\/tienda\/?product=lampara-de-fotopolimerizar-s-p-e-c-3","og_site_name":"Amedis","article_modified_time":"2024-09-30T18:31:44+00:00","og_image":[{"width":600,"height":600,"url":"https:\/\/amedis.es\/tienda\/wp-content\/uploads\/2022\/04\/LAMPARA-DE-FOTOPOLIMERIZAR-S.P.E.C-3.jpg","type":"image\/jpeg"}],"twitter_card":"summary_large_image","twitter_misc":{"Tiempo de lectura":"1 minuto"},"schema":{"@context":"https:\/\/schema.org","@graph":[{"@type":"WebPage","@id":"https:\/\/amedis.es\/tienda\/?product=lampara-de-fotopolimerizar-s-p-e-c-3","url":"https:\/\/amedis.es\/tienda\/?product=lampara-de-fotopolimerizar-s-p-e-c-3","name":"LAMPARA DE FOTOPOLIMERIZAR S.P.E.C 3 | Amedis","isPartOf":{"@id":"https:\/\/amedis.es\/tienda\/#website"},"primaryImageOfPage":{"@id":"https:\/\/amedis.es\/tienda\/?product=lampara-de-fotopolimerizar-s-p-e-c-3#primaryimage"},"image":{"@id":"https:\/\/amedis.es\/tienda\/?product=lampara-de-fotopolimerizar-s-p-e-c-3#primaryimage"},"thumbnailUrl":"https:\/\/amedis.es\/tienda\/wp-content\/uploads\/2022\/04\/LAMPARA-DE-FOTOPOLIMERIZAR-S.P.E.C-3.jpg","datePublished":"2022-04-20T07:50:47+00:00","dateModified":"2024-09-30T18:31:44+00:00","description":"Lampara de fotopolimerizar S.P.E.C. 3. La SPEC 3 (Special Plasma Emulated Curing with 3 Modes) reduce el tiempo de trabajo","breadcrumb":{"@id":"https:\/\/amedis.es\/tienda\/?product=lampara-de-fotopolimerizar-s-p-e-c-3#breadcrumb"},"inLanguage":"es","potentialAction":[{"@type":"ReadAction","target":["https:\/\/amedis.es\/tienda\/?product=lampara-de-fotopolimerizar-s-p-e-c-3"]}]},{"@type":"ImageObject","inLanguage":"es","@id":"https:\/\/amedis.es\/tienda\/?product=lampara-de-fotopolimerizar-s-p-e-c-3#primaryimage","url":"https:\/\/amedis.es\/tienda\/wp-content\/uploads\/2022\/04\/LAMPARA-DE-FOTOPOLIMERIZAR-S.P.E.C-3.jpg","contentUrl":"https:\/\/amedis.es\/tienda\/wp-content\/uploads\/2022\/04\/LAMPARA-DE-FOTOPOLIMERIZAR-S.P.E.C-3.jpg","width":600,"height":600,"caption":"Amedis LAMPARA DE FOTOPOLIMERIZAR S.P.E.C 3"},{"@type":"BreadcrumbList","@id":"https:\/\/amedis.es\/tienda\/?product=lampara-de-fotopolimerizar-s-p-e-c-3#breadcrumb","itemListElement":[{"@type":"ListItem","position":1,"name":"Portada","item":"https:\/\/amedis.es\/tienda\/"},{"@type":"ListItem","position":2,"name":"Amedis | Suministros M\u00e9dicos y Dentales | Tienda","item":"https:\/\/amedis.es\/tienda\/suministros-medicos-y-dentales\/"},{"@type":"ListItem","position":3,"name":"LAMPARA DE FOTOPOLIMERIZAR S.P.E.C 3"}]},{"@type":"WebSite","@id":"https:\/\/amedis.es\/tienda\/#website","url":"https:\/\/amedis.es\/tienda\/","name":"Amedis","description":"Suministros M\u00e9dicos y Dentales","publisher":{"@id":"https:\/\/amedis.es\/tienda\/#organization"},"potentialAction":[{"@type":"SearchAction","target":{"@type":"EntryPoint","urlTemplate":"https:\/\/amedis.es\/tienda\/?s={search_term_string}"},"query-input":{"@type":"PropertyValueSpecification","valueRequired":true,"valueName":"search_term_string"}}],"inLanguage":"es"},{"@type":"Organization","@id":"https:\/\/amedis.es\/tienda\/#organization","name":"Amedis | Suministros M\u00e9dicos y Dentales","url":"https:\/\/amedis.es\/tienda\/","logo":{"@type":"ImageObject","inLanguage":"es","@id":"https:\/\/amedis.es\/tienda\/#\/schema\/logo\/image\/","url":"https:\/\/amedis.es\/tienda\/wp-content\/uploads\/2020\/05\/logo-1.png","contentUrl":"https:\/\/amedis.es\/tienda\/wp-content\/uploads\/2020\/05\/logo-1.png","width":191,"height":80,"caption":"Amedis | Suministros M\u00e9dicos y Dentales"},"image":{"@id":"https:\/\/amedis.es\/tienda\/#\/schema\/logo\/image\/"}}]}},"brands":[{"id":2350,"name":"COLTENE","slug":"coltene"}],"_links":{"self":[{"href":"https:\/\/amedis.es\/tienda\/wp-json\/wp\/v2\/product\/19865","targetHints":{"allow":["GET"]}}],"collection":[{"href":"https:\/\/amedis.es\/tienda\/wp-json\/wp\/v2\/product"}],"about":[{"href":"https:\/\/amedis.es\/tienda\/wp-json\/wp\/v2\/types\/product"}],"wp:featuredmedia":[{"embeddable":true,"href":"https:\/\/amedis.es\/tienda\/wp-json\/wp\/v2\/media\/19866"}],"wp:attachment":[{"href":"https:\/\/amedis.es\/tienda\/wp-json\/wp\/v2\/media?parent=19865"}],"wp:term":[{"taxonomy":"pwb-brand","embeddable":true,"href":"https:\/\/amedis.es\/tienda\/wp-json\/wp\/v2\/pwb-brand?post=19865"},{"taxonomy":"product_brand","embeddable":true,"href":"https:\/\/amedis.es\/tienda\/wp-json\/wp\/v2\/product_brand?post=19865"},{"taxonomy":"product_cat","embeddable":true,"href":"https:\/\/amedis.es\/tienda\/wp-json\/wp\/v2\/product_cat?post=19865"},{"taxonomy":"product_tag","embeddable":true,"href":"https:\/\/amedis.es\/tienda\/wp-json\/wp\/v2\/product_tag?post=19865"}],"curies":[{"name":"wp","href":"https:\/\/api.w.org\/{rel}","templated":true}]}}