{"id":18690,"date":"2022-03-24T19:46:13","date_gmt":"2022-03-24T19:46:13","guid":{"rendered":"https:\/\/amedis.es\/tienda\/?post_type=product&#038;p=18690"},"modified":"2024-10-02T16:55:15","modified_gmt":"2024-10-02T16:55:15","slug":"limas-k3-no-15-60-conicidad-06","status":"publish","type":"product","link":"https:\/\/amedis.es\/tienda\/producto\/limas-k3-no-15-60-conicidad-06\/","title":{"rendered":"LIMAS K3 N\u00ba 15-60 CONICIDAD .06"},"content":{"rendered":"<p>Limas K\u00b7 n\u00ba 15-60 conicidad .06. K3 es un sistema de limas endod\u00f3nticas asim\u00e9tricas de 3\u00aa generaci\u00f3n de triple estr\u00eda. Dise\u00f1ado para un corte r\u00e1pido eficaz y seguro una retirada incomparable de los restos dirige emisiones t\u00e9cnicas y de procedimiento que ning\u00fan otro instrumento.<\/p>\n<p>ENVASE: 6 unidades.<\/p>\n","protected":false},"excerpt":{"rendered":"<p>KERR<\/p>\n","protected":false},"featured_media":3788,"template":"","meta":[],"pwb-brand":[2356],"product_brand":[],"product_cat":[132,145],"product_tag":[],"class_list":{"0":"post-18690","1":"product","2":"type-product","3":"status-publish","4":"has-post-thumbnail","6":"pwb-brand-kerr","7":"product_cat-endodoncia","8":"product_cat-limas-rotatorias","10":"first","11":"instock","12":"sale","13":"taxable","14":"shipping-taxable","15":"purchasable","16":"product-type-variable"},"yoast_head":"<!-- This site is optimized with the Yoast SEO plugin v27.3 - https:\/\/yoast.com\/product\/yoast-seo-wordpress\/ -->\n<title>LIMAS K3 N\u00ba 15-60 CONICIDAD .06 | KERR ENDODONCIA | Amedis<\/title>\n<meta name=\"description\" content=\"Limas K\u00b7 n\u00ba 15-60 conicidad .06. K3 es un sistema de limas endod\u00f3nticas asim\u00e9tricas de 3\u00aa generaci\u00f3n de triple estr\u00eda.\" \/>\n<meta name=\"robots\" content=\"index, follow, max-snippet:-1, max-image-preview:large, max-video-preview:-1\" \/>\n<link rel=\"canonical\" href=\"https:\/\/amedis.es\/tienda\/producto\/limas-k3-no-15-60-conicidad-06\/\" \/>\n<meta property=\"og:locale\" content=\"es_ES\" \/>\n<meta property=\"og:type\" content=\"article\" \/>\n<meta property=\"og:title\" content=\"LIMAS K3 N\u00ba 15-60 CONICIDAD .06 | KERR ENDODONCIA | Amedis\" \/>\n<meta property=\"og:description\" content=\"Limas K\u00b7 n\u00ba 15-60 conicidad .06. K3 es un sistema de limas endod\u00f3nticas asim\u00e9tricas de 3\u00aa generaci\u00f3n de triple estr\u00eda.\" \/>\n<meta property=\"og:url\" content=\"https:\/\/amedis.es\/tienda\/producto\/limas-k3-no-15-60-conicidad-06\/\" \/>\n<meta property=\"og:site_name\" content=\"Amedis\" \/>\n<meta property=\"article:modified_time\" content=\"2024-10-02T16:55:15+00:00\" \/>\n<meta property=\"og:image\" content=\"https:\/\/amedis.es\/tienda\/wp-content\/uploads\/2021\/01\/LIMAS-K3.jpg\" \/>\n\t<meta property=\"og:image:width\" content=\"600\" \/>\n\t<meta property=\"og:image:height\" content=\"600\" \/>\n\t<meta property=\"og:image:type\" content=\"image\/jpeg\" \/>\n<meta name=\"twitter:card\" content=\"summary_large_image\" \/>\n<script type=\"application\/ld+json\" class=\"yoast-schema-graph\">{\"@context\":\"https:\\\/\\\/schema.org\",\"@graph\":[{\"@type\":\"WebPage\",\"@id\":\"https:\\\/\\\/amedis.es\\\/tienda\\\/producto\\\/limas-k3-no-15-60-conicidad-06\\\/\",\"url\":\"https:\\\/\\\/amedis.es\\\/tienda\\\/producto\\\/limas-k3-no-15-60-conicidad-06\\\/\",\"name\":\"LIMAS K3 N\u00ba 15-60 CONICIDAD .06 | KERR ENDODONCIA | Amedis\",\"isPartOf\":{\"@id\":\"https:\\\/\\\/amedis.es\\\/tienda\\\/#website\"},\"primaryImageOfPage\":{\"@id\":\"https:\\\/\\\/amedis.es\\\/tienda\\\/producto\\\/limas-k3-no-15-60-conicidad-06\\\/#primaryimage\"},\"image\":{\"@id\":\"https:\\\/\\\/amedis.es\\\/tienda\\\/producto\\\/limas-k3-no-15-60-conicidad-06\\\/#primaryimage\"},\"thumbnailUrl\":\"https:\\\/\\\/amedis.es\\\/tienda\\\/wp-content\\\/uploads\\\/2021\\\/01\\\/LIMAS-K3.jpg\",\"datePublished\":\"2022-03-24T19:46:13+00:00\",\"dateModified\":\"2024-10-02T16:55:15+00:00\",\"description\":\"Limas K\u00b7 n\u00ba 15-60 conicidad .06. K3 es un sistema de limas endod\u00f3nticas asim\u00e9tricas de 3\u00aa generaci\u00f3n de triple estr\u00eda.\",\"breadcrumb\":{\"@id\":\"https:\\\/\\\/amedis.es\\\/tienda\\\/producto\\\/limas-k3-no-15-60-conicidad-06\\\/#breadcrumb\"},\"inLanguage\":\"es\",\"potentialAction\":[{\"@type\":\"ReadAction\",\"target\":[\"https:\\\/\\\/amedis.es\\\/tienda\\\/producto\\\/limas-k3-no-15-60-conicidad-06\\\/\"]}]},{\"@type\":\"ImageObject\",\"inLanguage\":\"es\",\"@id\":\"https:\\\/\\\/amedis.es\\\/tienda\\\/producto\\\/limas-k3-no-15-60-conicidad-06\\\/#primaryimage\",\"url\":\"https:\\\/\\\/amedis.es\\\/tienda\\\/wp-content\\\/uploads\\\/2021\\\/01\\\/LIMAS-K3.jpg\",\"contentUrl\":\"https:\\\/\\\/amedis.es\\\/tienda\\\/wp-content\\\/uploads\\\/2021\\\/01\\\/LIMAS-K3.jpg\",\"width\":600,\"height\":600,\"caption\":\"Amedis LIMAS K3\"},{\"@type\":\"BreadcrumbList\",\"@id\":\"https:\\\/\\\/amedis.es\\\/tienda\\\/producto\\\/limas-k3-no-15-60-conicidad-06\\\/#breadcrumb\",\"itemListElement\":[{\"@type\":\"ListItem\",\"position\":1,\"name\":\"Portada\",\"item\":\"https:\\\/\\\/amedis.es\\\/tienda\\\/\"},{\"@type\":\"ListItem\",\"position\":2,\"name\":\"Amedis | Suministros M\u00e9dicos y Dentales | Tienda\",\"item\":\"https:\\\/\\\/amedis.es\\\/tienda\\\/suministros-medicos-y-dentales\\\/\"},{\"@type\":\"ListItem\",\"position\":3,\"name\":\"LIMAS K3 N\u00ba 15-60 CONICIDAD .06\"}]},{\"@type\":\"WebSite\",\"@id\":\"https:\\\/\\\/amedis.es\\\/tienda\\\/#website\",\"url\":\"https:\\\/\\\/amedis.es\\\/tienda\\\/\",\"name\":\"Amedis\",\"description\":\"Suministros M\u00e9dicos y Dentales\",\"publisher\":{\"@id\":\"https:\\\/\\\/amedis.es\\\/tienda\\\/#organization\"},\"potentialAction\":[{\"@type\":\"SearchAction\",\"target\":{\"@type\":\"EntryPoint\",\"urlTemplate\":\"https:\\\/\\\/amedis.es\\\/tienda\\\/?s={search_term_string}\"},\"query-input\":{\"@type\":\"PropertyValueSpecification\",\"valueRequired\":true,\"valueName\":\"search_term_string\"}}],\"inLanguage\":\"es\"},{\"@type\":\"Organization\",\"@id\":\"https:\\\/\\\/amedis.es\\\/tienda\\\/#organization\",\"name\":\"Amedis | Suministros M\u00e9dicos y Dentales\",\"url\":\"https:\\\/\\\/amedis.es\\\/tienda\\\/\",\"logo\":{\"@type\":\"ImageObject\",\"inLanguage\":\"es\",\"@id\":\"https:\\\/\\\/amedis.es\\\/tienda\\\/#\\\/schema\\\/logo\\\/image\\\/\",\"url\":\"https:\\\/\\\/amedis.es\\\/tienda\\\/wp-content\\\/uploads\\\/2020\\\/05\\\/logo-1.png\",\"contentUrl\":\"https:\\\/\\\/amedis.es\\\/tienda\\\/wp-content\\\/uploads\\\/2020\\\/05\\\/logo-1.png\",\"width\":191,\"height\":80,\"caption\":\"Amedis | Suministros M\u00e9dicos y Dentales\"},\"image\":{\"@id\":\"https:\\\/\\\/amedis.es\\\/tienda\\\/#\\\/schema\\\/logo\\\/image\\\/\"}}]}<\/script>\n<!-- \/ Yoast SEO plugin. -->","yoast_head_json":{"title":"LIMAS K3 N\u00ba 15-60 CONICIDAD .06 | KERR ENDODONCIA | Amedis","description":"Limas K\u00b7 n\u00ba 15-60 conicidad .06. K3 es un sistema de limas endod\u00f3nticas asim\u00e9tricas de 3\u00aa generaci\u00f3n de triple estr\u00eda.","robots":{"index":"index","follow":"follow","max-snippet":"max-snippet:-1","max-image-preview":"max-image-preview:large","max-video-preview":"max-video-preview:-1"},"canonical":"https:\/\/amedis.es\/tienda\/producto\/limas-k3-no-15-60-conicidad-06\/","og_locale":"es_ES","og_type":"article","og_title":"LIMAS K3 N\u00ba 15-60 CONICIDAD .06 | KERR ENDODONCIA | Amedis","og_description":"Limas K\u00b7 n\u00ba 15-60 conicidad .06. K3 es un sistema de limas endod\u00f3nticas asim\u00e9tricas de 3\u00aa generaci\u00f3n de triple estr\u00eda.","og_url":"https:\/\/amedis.es\/tienda\/producto\/limas-k3-no-15-60-conicidad-06\/","og_site_name":"Amedis","article_modified_time":"2024-10-02T16:55:15+00:00","og_image":[{"width":600,"height":600,"url":"https:\/\/amedis.es\/tienda\/wp-content\/uploads\/2021\/01\/LIMAS-K3.jpg","type":"image\/jpeg"}],"twitter_card":"summary_large_image","schema":{"@context":"https:\/\/schema.org","@graph":[{"@type":"WebPage","@id":"https:\/\/amedis.es\/tienda\/producto\/limas-k3-no-15-60-conicidad-06\/","url":"https:\/\/amedis.es\/tienda\/producto\/limas-k3-no-15-60-conicidad-06\/","name":"LIMAS K3 N\u00ba 15-60 CONICIDAD .06 | KERR ENDODONCIA | Amedis","isPartOf":{"@id":"https:\/\/amedis.es\/tienda\/#website"},"primaryImageOfPage":{"@id":"https:\/\/amedis.es\/tienda\/producto\/limas-k3-no-15-60-conicidad-06\/#primaryimage"},"image":{"@id":"https:\/\/amedis.es\/tienda\/producto\/limas-k3-no-15-60-conicidad-06\/#primaryimage"},"thumbnailUrl":"https:\/\/amedis.es\/tienda\/wp-content\/uploads\/2021\/01\/LIMAS-K3.jpg","datePublished":"2022-03-24T19:46:13+00:00","dateModified":"2024-10-02T16:55:15+00:00","description":"Limas K\u00b7 n\u00ba 15-60 conicidad .06. K3 es un sistema de limas endod\u00f3nticas asim\u00e9tricas de 3\u00aa generaci\u00f3n de triple estr\u00eda.","breadcrumb":{"@id":"https:\/\/amedis.es\/tienda\/producto\/limas-k3-no-15-60-conicidad-06\/#breadcrumb"},"inLanguage":"es","potentialAction":[{"@type":"ReadAction","target":["https:\/\/amedis.es\/tienda\/producto\/limas-k3-no-15-60-conicidad-06\/"]}]},{"@type":"ImageObject","inLanguage":"es","@id":"https:\/\/amedis.es\/tienda\/producto\/limas-k3-no-15-60-conicidad-06\/#primaryimage","url":"https:\/\/amedis.es\/tienda\/wp-content\/uploads\/2021\/01\/LIMAS-K3.jpg","contentUrl":"https:\/\/amedis.es\/tienda\/wp-content\/uploads\/2021\/01\/LIMAS-K3.jpg","width":600,"height":600,"caption":"Amedis LIMAS K3"},{"@type":"BreadcrumbList","@id":"https:\/\/amedis.es\/tienda\/producto\/limas-k3-no-15-60-conicidad-06\/#breadcrumb","itemListElement":[{"@type":"ListItem","position":1,"name":"Portada","item":"https:\/\/amedis.es\/tienda\/"},{"@type":"ListItem","position":2,"name":"Amedis | Suministros M\u00e9dicos y Dentales | Tienda","item":"https:\/\/amedis.es\/tienda\/suministros-medicos-y-dentales\/"},{"@type":"ListItem","position":3,"name":"LIMAS K3 N\u00ba 15-60 CONICIDAD .06"}]},{"@type":"WebSite","@id":"https:\/\/amedis.es\/tienda\/#website","url":"https:\/\/amedis.es\/tienda\/","name":"Amedis","description":"Suministros M\u00e9dicos y Dentales","publisher":{"@id":"https:\/\/amedis.es\/tienda\/#organization"},"potentialAction":[{"@type":"SearchAction","target":{"@type":"EntryPoint","urlTemplate":"https:\/\/amedis.es\/tienda\/?s={search_term_string}"},"query-input":{"@type":"PropertyValueSpecification","valueRequired":true,"valueName":"search_term_string"}}],"inLanguage":"es"},{"@type":"Organization","@id":"https:\/\/amedis.es\/tienda\/#organization","name":"Amedis | Suministros M\u00e9dicos y Dentales","url":"https:\/\/amedis.es\/tienda\/","logo":{"@type":"ImageObject","inLanguage":"es","@id":"https:\/\/amedis.es\/tienda\/#\/schema\/logo\/image\/","url":"https:\/\/amedis.es\/tienda\/wp-content\/uploads\/2020\/05\/logo-1.png","contentUrl":"https:\/\/amedis.es\/tienda\/wp-content\/uploads\/2020\/05\/logo-1.png","width":191,"height":80,"caption":"Amedis | Suministros M\u00e9dicos y Dentales"},"image":{"@id":"https:\/\/amedis.es\/tienda\/#\/schema\/logo\/image\/"}}]}},"brands":[{"id":2356,"name":"KERR","slug":"kerr"}],"_links":{"self":[{"href":"https:\/\/amedis.es\/tienda\/wp-json\/wp\/v2\/product\/18690","targetHints":{"allow":["GET"]}}],"collection":[{"href":"https:\/\/amedis.es\/tienda\/wp-json\/wp\/v2\/product"}],"about":[{"href":"https:\/\/amedis.es\/tienda\/wp-json\/wp\/v2\/types\/product"}],"wp:featuredmedia":[{"embeddable":true,"href":"https:\/\/amedis.es\/tienda\/wp-json\/wp\/v2\/media\/3788"}],"wp:attachment":[{"href":"https:\/\/amedis.es\/tienda\/wp-json\/wp\/v2\/media?parent=18690"}],"wp:term":[{"taxonomy":"pwb-brand","embeddable":true,"href":"https:\/\/amedis.es\/tienda\/wp-json\/wp\/v2\/pwb-brand?post=18690"},{"taxonomy":"product_brand","embeddable":true,"href":"https:\/\/amedis.es\/tienda\/wp-json\/wp\/v2\/product_brand?post=18690"},{"taxonomy":"product_cat","embeddable":true,"href":"https:\/\/amedis.es\/tienda\/wp-json\/wp\/v2\/product_cat?post=18690"},{"taxonomy":"product_tag","embeddable":true,"href":"https:\/\/amedis.es\/tienda\/wp-json\/wp\/v2\/product_tag?post=18690"}],"curies":[{"name":"wp","href":"https:\/\/api.w.org\/{rel}","templated":true}]}}