{"id":17262,"date":"2021-12-19T19:55:28","date_gmt":"2021-12-19T19:55:28","guid":{"rendered":"https:\/\/amedis.es\/tienda\/?post_type=product&#038;p=17262"},"modified":"2025-01-20T14:32:08","modified_gmt":"2025-01-20T14:32:08","slug":"alginato-cavex-cream","status":"publish","type":"product","link":"https:\/\/amedis.es\/tienda\/producto\/alginato-cavex-cream\/","title":{"rendered":"ALGINATO CAVEX CREAM"},"content":{"rendered":"<p>Alginato Cavex Cream, es un moderno alginato f\u00e1cil de mezclar en una excepcional sustancia lisa y cremosa. Debido a su inigualable precisi\u00f3n. de nada menos que 5 \u00b5. en combinaci\u00f3n con las caracter\u00edsticas propias del alginato Cavex. tales como la alta resistencia al desgarro. r\u00e1pido fraguado y un caducidad de 5 a\u00f1os. Cavex Cream se aproxima mucho a la calidad de la silicona. Este alginato es escaneable.<\/p>\n","protected":false},"excerpt":{"rendered":"<p>CONTENIDO: 500 gr.<\/p>\n","protected":false},"featured_media":31452,"template":"","meta":[],"pwb-brand":[2412],"product_brand":[],"product_cat":[198,176],"product_tag":[],"class_list":{"0":"post-17262","1":"product","2":"type-product","3":"status-publish","4":"has-post-thumbnail","6":"pwb-brand-cavex","7":"product_cat-alginatos","8":"product_cat-impresion","10":"first","11":"instock","12":"sale","13":"taxable","14":"shipping-taxable","15":"purchasable","16":"product-type-simple"},"yoast_head":"<!-- This site is optimized with the Yoast SEO plugin v27.4 - https:\/\/yoast.com\/product\/yoast-seo-wordpress\/ -->\n<title>ALGINATO CAVEX CREAM | Amedis | CAVEX 500 gr.<\/title>\n<meta name=\"description\" content=\"Alginato Cavex Cream, es un moderno alginato f\u00e1cil de mezclar en una excepcional sustancia lisa y cremosa. Debido a su inigualable precisi\u00f3n.\" \/>\n<meta name=\"robots\" content=\"index, follow, max-snippet:-1, max-image-preview:large, max-video-preview:-1\" \/>\n<link rel=\"canonical\" href=\"https:\/\/amedis.es\/tienda\/?product=alginato-cavex-cream\" \/>\n<meta property=\"og:locale\" content=\"es_ES\" \/>\n<meta property=\"og:type\" content=\"article\" \/>\n<meta property=\"og:title\" content=\"ALGINATO CAVEX CREAM | Amedis | CAVEX 500 gr.\" \/>\n<meta property=\"og:description\" content=\"Alginato Cavex Cream, es un moderno alginato f\u00e1cil de mezclar en una excepcional sustancia lisa y cremosa. Debido a su inigualable precisi\u00f3n.\" \/>\n<meta property=\"og:url\" content=\"https:\/\/amedis.es\/tienda\/?product=alginato-cavex-cream\" \/>\n<meta property=\"og:site_name\" content=\"Amedis\" \/>\n<meta property=\"article:modified_time\" content=\"2025-01-20T14:32:08+00:00\" \/>\n<meta property=\"og:image\" content=\"https:\/\/amedis.es\/tienda\/wp-content\/uploads\/2021\/12\/ALGINATO-CAVEX-CREAM.jpg\" \/>\n\t<meta property=\"og:image:width\" content=\"600\" \/>\n\t<meta property=\"og:image:height\" content=\"600\" \/>\n\t<meta property=\"og:image:type\" content=\"image\/jpeg\" \/>\n<meta name=\"twitter:card\" content=\"summary_large_image\" \/>\n<meta name=\"twitter:label1\" content=\"Tiempo de lectura\" \/>\n\t<meta name=\"twitter:data1\" content=\"1 minuto\" \/>\n<script type=\"application\/ld+json\" class=\"yoast-schema-graph\">{\"@context\":\"https:\\\/\\\/schema.org\",\"@graph\":[{\"@type\":\"WebPage\",\"@id\":\"https:\\\/\\\/amedis.es\\\/tienda\\\/?product=alginato-cavex-cream\",\"url\":\"https:\\\/\\\/amedis.es\\\/tienda\\\/?product=alginato-cavex-cream\",\"name\":\"ALGINATO CAVEX CREAM | Amedis | CAVEX 500 gr.\",\"isPartOf\":{\"@id\":\"https:\\\/\\\/amedis.es\\\/tienda\\\/#website\"},\"primaryImageOfPage\":{\"@id\":\"https:\\\/\\\/amedis.es\\\/tienda\\\/?product=alginato-cavex-cream#primaryimage\"},\"image\":{\"@id\":\"https:\\\/\\\/amedis.es\\\/tienda\\\/?product=alginato-cavex-cream#primaryimage\"},\"thumbnailUrl\":\"https:\\\/\\\/amedis.es\\\/tienda\\\/wp-content\\\/uploads\\\/2021\\\/12\\\/ALGINATO-CAVEX-CREAM.jpg\",\"datePublished\":\"2021-12-19T19:55:28+00:00\",\"dateModified\":\"2025-01-20T14:32:08+00:00\",\"description\":\"Alginato Cavex Cream, es un moderno alginato f\u00e1cil de mezclar en una excepcional sustancia lisa y cremosa. Debido a su inigualable precisi\u00f3n.\",\"breadcrumb\":{\"@id\":\"https:\\\/\\\/amedis.es\\\/tienda\\\/?product=alginato-cavex-cream#breadcrumb\"},\"inLanguage\":\"es\",\"potentialAction\":[{\"@type\":\"ReadAction\",\"target\":[\"https:\\\/\\\/amedis.es\\\/tienda\\\/?product=alginato-cavex-cream\"]}]},{\"@type\":\"ImageObject\",\"inLanguage\":\"es\",\"@id\":\"https:\\\/\\\/amedis.es\\\/tienda\\\/?product=alginato-cavex-cream#primaryimage\",\"url\":\"https:\\\/\\\/amedis.es\\\/tienda\\\/wp-content\\\/uploads\\\/2021\\\/12\\\/ALGINATO-CAVEX-CREAM.jpg\",\"contentUrl\":\"https:\\\/\\\/amedis.es\\\/tienda\\\/wp-content\\\/uploads\\\/2021\\\/12\\\/ALGINATO-CAVEX-CREAM.jpg\",\"width\":600,\"height\":600,\"caption\":\"Amedis ALGINATO CAVEX CREAM\"},{\"@type\":\"BreadcrumbList\",\"@id\":\"https:\\\/\\\/amedis.es\\\/tienda\\\/?product=alginato-cavex-cream#breadcrumb\",\"itemListElement\":[{\"@type\":\"ListItem\",\"position\":1,\"name\":\"Portada\",\"item\":\"https:\\\/\\\/amedis.es\\\/tienda\\\/\"},{\"@type\":\"ListItem\",\"position\":2,\"name\":\"Amedis | Suministros M\u00e9dicos y Dentales | Tienda\",\"item\":\"https:\\\/\\\/amedis.es\\\/tienda\\\/suministros-medicos-y-dentales\\\/\"},{\"@type\":\"ListItem\",\"position\":3,\"name\":\"ALGINATO CAVEX CREAM\"}]},{\"@type\":\"WebSite\",\"@id\":\"https:\\\/\\\/amedis.es\\\/tienda\\\/#website\",\"url\":\"https:\\\/\\\/amedis.es\\\/tienda\\\/\",\"name\":\"Amedis\",\"description\":\"Suministros M\u00e9dicos y Dentales\",\"publisher\":{\"@id\":\"https:\\\/\\\/amedis.es\\\/tienda\\\/#organization\"},\"potentialAction\":[{\"@type\":\"SearchAction\",\"target\":{\"@type\":\"EntryPoint\",\"urlTemplate\":\"https:\\\/\\\/amedis.es\\\/tienda\\\/?s={search_term_string}\"},\"query-input\":{\"@type\":\"PropertyValueSpecification\",\"valueRequired\":true,\"valueName\":\"search_term_string\"}}],\"inLanguage\":\"es\"},{\"@type\":\"Organization\",\"@id\":\"https:\\\/\\\/amedis.es\\\/tienda\\\/#organization\",\"name\":\"Amedis | Suministros M\u00e9dicos y Dentales\",\"url\":\"https:\\\/\\\/amedis.es\\\/tienda\\\/\",\"logo\":{\"@type\":\"ImageObject\",\"inLanguage\":\"es\",\"@id\":\"https:\\\/\\\/amedis.es\\\/tienda\\\/#\\\/schema\\\/logo\\\/image\\\/\",\"url\":\"https:\\\/\\\/amedis.es\\\/tienda\\\/wp-content\\\/uploads\\\/2020\\\/05\\\/logo-1.png\",\"contentUrl\":\"https:\\\/\\\/amedis.es\\\/tienda\\\/wp-content\\\/uploads\\\/2020\\\/05\\\/logo-1.png\",\"width\":191,\"height\":80,\"caption\":\"Amedis | Suministros M\u00e9dicos y Dentales\"},\"image\":{\"@id\":\"https:\\\/\\\/amedis.es\\\/tienda\\\/#\\\/schema\\\/logo\\\/image\\\/\"}}]}<\/script>\n<!-- \/ Yoast SEO plugin. -->","yoast_head_json":{"title":"ALGINATO CAVEX CREAM | Amedis | CAVEX 500 gr.","description":"Alginato Cavex Cream, es un moderno alginato f\u00e1cil de mezclar en una excepcional sustancia lisa y cremosa. Debido a su inigualable precisi\u00f3n.","robots":{"index":"index","follow":"follow","max-snippet":"max-snippet:-1","max-image-preview":"max-image-preview:large","max-video-preview":"max-video-preview:-1"},"canonical":"https:\/\/amedis.es\/tienda\/?product=alginato-cavex-cream","og_locale":"es_ES","og_type":"article","og_title":"ALGINATO CAVEX CREAM | Amedis | CAVEX 500 gr.","og_description":"Alginato Cavex Cream, es un moderno alginato f\u00e1cil de mezclar en una excepcional sustancia lisa y cremosa. Debido a su inigualable precisi\u00f3n.","og_url":"https:\/\/amedis.es\/tienda\/?product=alginato-cavex-cream","og_site_name":"Amedis","article_modified_time":"2025-01-20T14:32:08+00:00","og_image":[{"width":600,"height":600,"url":"https:\/\/amedis.es\/tienda\/wp-content\/uploads\/2021\/12\/ALGINATO-CAVEX-CREAM.jpg","type":"image\/jpeg"}],"twitter_card":"summary_large_image","twitter_misc":{"Tiempo de lectura":"1 minuto"},"schema":{"@context":"https:\/\/schema.org","@graph":[{"@type":"WebPage","@id":"https:\/\/amedis.es\/tienda\/?product=alginato-cavex-cream","url":"https:\/\/amedis.es\/tienda\/?product=alginato-cavex-cream","name":"ALGINATO CAVEX CREAM | Amedis | CAVEX 500 gr.","isPartOf":{"@id":"https:\/\/amedis.es\/tienda\/#website"},"primaryImageOfPage":{"@id":"https:\/\/amedis.es\/tienda\/?product=alginato-cavex-cream#primaryimage"},"image":{"@id":"https:\/\/amedis.es\/tienda\/?product=alginato-cavex-cream#primaryimage"},"thumbnailUrl":"https:\/\/amedis.es\/tienda\/wp-content\/uploads\/2021\/12\/ALGINATO-CAVEX-CREAM.jpg","datePublished":"2021-12-19T19:55:28+00:00","dateModified":"2025-01-20T14:32:08+00:00","description":"Alginato Cavex Cream, es un moderno alginato f\u00e1cil de mezclar en una excepcional sustancia lisa y cremosa. Debido a su inigualable precisi\u00f3n.","breadcrumb":{"@id":"https:\/\/amedis.es\/tienda\/?product=alginato-cavex-cream#breadcrumb"},"inLanguage":"es","potentialAction":[{"@type":"ReadAction","target":["https:\/\/amedis.es\/tienda\/?product=alginato-cavex-cream"]}]},{"@type":"ImageObject","inLanguage":"es","@id":"https:\/\/amedis.es\/tienda\/?product=alginato-cavex-cream#primaryimage","url":"https:\/\/amedis.es\/tienda\/wp-content\/uploads\/2021\/12\/ALGINATO-CAVEX-CREAM.jpg","contentUrl":"https:\/\/amedis.es\/tienda\/wp-content\/uploads\/2021\/12\/ALGINATO-CAVEX-CREAM.jpg","width":600,"height":600,"caption":"Amedis ALGINATO CAVEX CREAM"},{"@type":"BreadcrumbList","@id":"https:\/\/amedis.es\/tienda\/?product=alginato-cavex-cream#breadcrumb","itemListElement":[{"@type":"ListItem","position":1,"name":"Portada","item":"https:\/\/amedis.es\/tienda\/"},{"@type":"ListItem","position":2,"name":"Amedis | Suministros M\u00e9dicos y Dentales | Tienda","item":"https:\/\/amedis.es\/tienda\/suministros-medicos-y-dentales\/"},{"@type":"ListItem","position":3,"name":"ALGINATO CAVEX CREAM"}]},{"@type":"WebSite","@id":"https:\/\/amedis.es\/tienda\/#website","url":"https:\/\/amedis.es\/tienda\/","name":"Amedis","description":"Suministros M\u00e9dicos y Dentales","publisher":{"@id":"https:\/\/amedis.es\/tienda\/#organization"},"potentialAction":[{"@type":"SearchAction","target":{"@type":"EntryPoint","urlTemplate":"https:\/\/amedis.es\/tienda\/?s={search_term_string}"},"query-input":{"@type":"PropertyValueSpecification","valueRequired":true,"valueName":"search_term_string"}}],"inLanguage":"es"},{"@type":"Organization","@id":"https:\/\/amedis.es\/tienda\/#organization","name":"Amedis | Suministros M\u00e9dicos y Dentales","url":"https:\/\/amedis.es\/tienda\/","logo":{"@type":"ImageObject","inLanguage":"es","@id":"https:\/\/amedis.es\/tienda\/#\/schema\/logo\/image\/","url":"https:\/\/amedis.es\/tienda\/wp-content\/uploads\/2020\/05\/logo-1.png","contentUrl":"https:\/\/amedis.es\/tienda\/wp-content\/uploads\/2020\/05\/logo-1.png","width":191,"height":80,"caption":"Amedis | Suministros M\u00e9dicos y Dentales"},"image":{"@id":"https:\/\/amedis.es\/tienda\/#\/schema\/logo\/image\/"}}]}},"brands":[{"id":2412,"name":"CAVEX","slug":"cavex"}],"_links":{"self":[{"href":"https:\/\/amedis.es\/tienda\/wp-json\/wp\/v2\/product\/17262","targetHints":{"allow":["GET"]}}],"collection":[{"href":"https:\/\/amedis.es\/tienda\/wp-json\/wp\/v2\/product"}],"about":[{"href":"https:\/\/amedis.es\/tienda\/wp-json\/wp\/v2\/types\/product"}],"wp:featuredmedia":[{"embeddable":true,"href":"https:\/\/amedis.es\/tienda\/wp-json\/wp\/v2\/media\/31452"}],"wp:attachment":[{"href":"https:\/\/amedis.es\/tienda\/wp-json\/wp\/v2\/media?parent=17262"}],"wp:term":[{"taxonomy":"pwb-brand","embeddable":true,"href":"https:\/\/amedis.es\/tienda\/wp-json\/wp\/v2\/pwb-brand?post=17262"},{"taxonomy":"product_brand","embeddable":true,"href":"https:\/\/amedis.es\/tienda\/wp-json\/wp\/v2\/product_brand?post=17262"},{"taxonomy":"product_cat","embeddable":true,"href":"https:\/\/amedis.es\/tienda\/wp-json\/wp\/v2\/product_cat?post=17262"},{"taxonomy":"product_tag","embeddable":true,"href":"https:\/\/amedis.es\/tienda\/wp-json\/wp\/v2\/product_tag?post=17262"}],"curies":[{"name":"wp","href":"https:\/\/api.w.org\/{rel}","templated":true}]}}