{"id":12772,"date":"2021-09-04T16:07:37","date_gmt":"2021-09-04T16:07:37","guid":{"rendered":"https:\/\/amedis.es\/tienda\/?post_type=product&#038;p=12772"},"modified":"2026-01-04T17:33:33","modified_gmt":"2026-01-04T17:33:33","slug":"pulverizador-para-liquidos-desinfectantes","status":"publish","type":"product","link":"https:\/\/amedis.es\/tienda\/producto\/pulverizador-para-liquidos-desinfectantes\/","title":{"rendered":"PULVERIZADOR PARA L\u00cdQUIDOS DESINFECTANTES"},"content":{"rendered":"<p>Pulverizador para l\u00edquidos desinfectantes. Para aplicar los desinfectantes FD 320, 322 y 333, no incluye l\u00edquidos desinfectantes.<\/p>\n","protected":false},"excerpt":{"rendered":"<p>CONTENIDO: 1 unidad.<\/p>\n","protected":false},"featured_media":2315,"template":"","meta":[],"pwb-brand":[2410],"product_brand":[],"product_cat":[116,88],"product_tag":[],"class_list":{"0":"post-12772","1":"product","2":"type-product","3":"status-publish","4":"has-post-thumbnail","6":"pwb-brand-durr","7":"product_cat-desinfeccion","8":"product_cat-desinfeccion-de-superficies","10":"first","11":"instock","12":"sale","13":"taxable","14":"shipping-taxable","15":"purchasable","16":"product-type-simple"},"yoast_head":"<!-- This site is optimized with the Yoast SEO plugin v27.3 - https:\/\/yoast.com\/product\/yoast-seo-wordpress\/ -->\n<title>Amedis | PULVERIZADOR PARA L\u00cdQUIDOS DESINFECTANTES | Durr<\/title>\n<meta name=\"description\" content=\"Pulverizador para l\u00edquidos desinfectantes. Para aplicar los desinfectantes FD 320, 322 y 333, no incluye l\u00edquidos desinfectantes.\" \/>\n<meta name=\"robots\" content=\"index, follow, max-snippet:-1, max-image-preview:large, max-video-preview:-1\" \/>\n<link rel=\"canonical\" href=\"https:\/\/amedis.es\/tienda\/producto\/pulverizador-para-liquidos-desinfectantes\/\" \/>\n<meta property=\"og:locale\" content=\"es_ES\" \/>\n<meta property=\"og:type\" content=\"article\" \/>\n<meta property=\"og:title\" content=\"Amedis | PULVERIZADOR PARA L\u00cdQUIDOS DESINFECTANTES | Durr\" \/>\n<meta property=\"og:description\" content=\"Pulverizador para l\u00edquidos desinfectantes. Para aplicar los desinfectantes FD 320, 322 y 333, no incluye l\u00edquidos desinfectantes.\" \/>\n<meta property=\"og:url\" content=\"https:\/\/amedis.es\/tienda\/producto\/pulverizador-para-liquidos-desinfectantes\/\" \/>\n<meta property=\"og:site_name\" content=\"Amedis\" \/>\n<meta property=\"article:modified_time\" content=\"2026-01-04T17:33:33+00:00\" \/>\n<meta property=\"og:image\" content=\"https:\/\/amedis.es\/tienda\/wp-content\/uploads\/2020\/10\/pulverizador-para-liquidos-durr.jpg\" \/>\n\t<meta property=\"og:image:width\" content=\"600\" \/>\n\t<meta property=\"og:image:height\" content=\"600\" \/>\n\t<meta property=\"og:image:type\" content=\"image\/jpeg\" \/>\n<meta name=\"twitter:card\" content=\"summary_large_image\" \/>\n<meta name=\"twitter:label1\" content=\"Tiempo de lectura\" \/>\n\t<meta name=\"twitter:data1\" content=\"1 minuto\" \/>\n<script type=\"application\/ld+json\" class=\"yoast-schema-graph\">{\"@context\":\"https:\\\/\\\/schema.org\",\"@graph\":[{\"@type\":\"WebPage\",\"@id\":\"https:\\\/\\\/amedis.es\\\/tienda\\\/producto\\\/pulverizador-para-liquidos-desinfectantes\\\/\",\"url\":\"https:\\\/\\\/amedis.es\\\/tienda\\\/producto\\\/pulverizador-para-liquidos-desinfectantes\\\/\",\"name\":\"Amedis | PULVERIZADOR PARA L\u00cdQUIDOS DESINFECTANTES | Durr\",\"isPartOf\":{\"@id\":\"https:\\\/\\\/amedis.es\\\/tienda\\\/#website\"},\"primaryImageOfPage\":{\"@id\":\"https:\\\/\\\/amedis.es\\\/tienda\\\/producto\\\/pulverizador-para-liquidos-desinfectantes\\\/#primaryimage\"},\"image\":{\"@id\":\"https:\\\/\\\/amedis.es\\\/tienda\\\/producto\\\/pulverizador-para-liquidos-desinfectantes\\\/#primaryimage\"},\"thumbnailUrl\":\"https:\\\/\\\/amedis.es\\\/tienda\\\/wp-content\\\/uploads\\\/2020\\\/10\\\/pulverizador-para-liquidos-durr.jpg\",\"datePublished\":\"2021-09-04T16:07:37+00:00\",\"dateModified\":\"2026-01-04T17:33:33+00:00\",\"description\":\"Pulverizador para l\u00edquidos desinfectantes. Para aplicar los desinfectantes FD 320, 322 y 333, no incluye l\u00edquidos desinfectantes.\",\"breadcrumb\":{\"@id\":\"https:\\\/\\\/amedis.es\\\/tienda\\\/producto\\\/pulverizador-para-liquidos-desinfectantes\\\/#breadcrumb\"},\"inLanguage\":\"es\",\"potentialAction\":[{\"@type\":\"ReadAction\",\"target\":[\"https:\\\/\\\/amedis.es\\\/tienda\\\/producto\\\/pulverizador-para-liquidos-desinfectantes\\\/\"]}]},{\"@type\":\"ImageObject\",\"inLanguage\":\"es\",\"@id\":\"https:\\\/\\\/amedis.es\\\/tienda\\\/producto\\\/pulverizador-para-liquidos-desinfectantes\\\/#primaryimage\",\"url\":\"https:\\\/\\\/amedis.es\\\/tienda\\\/wp-content\\\/uploads\\\/2020\\\/10\\\/pulverizador-para-liquidos-durr.jpg\",\"contentUrl\":\"https:\\\/\\\/amedis.es\\\/tienda\\\/wp-content\\\/uploads\\\/2020\\\/10\\\/pulverizador-para-liquidos-durr.jpg\",\"width\":600,\"height\":600,\"caption\":\"Amedis pulverizador para liquidos durr\"},{\"@type\":\"BreadcrumbList\",\"@id\":\"https:\\\/\\\/amedis.es\\\/tienda\\\/producto\\\/pulverizador-para-liquidos-desinfectantes\\\/#breadcrumb\",\"itemListElement\":[{\"@type\":\"ListItem\",\"position\":1,\"name\":\"Portada\",\"item\":\"https:\\\/\\\/amedis.es\\\/tienda\\\/\"},{\"@type\":\"ListItem\",\"position\":2,\"name\":\"Amedis | Suministros M\u00e9dicos y Dentales | Tienda\",\"item\":\"https:\\\/\\\/amedis.es\\\/tienda\\\/suministros-medicos-y-dentales\\\/\"},{\"@type\":\"ListItem\",\"position\":3,\"name\":\"PULVERIZADOR PARA L\u00cdQUIDOS DESINFECTANTES\"}]},{\"@type\":\"WebSite\",\"@id\":\"https:\\\/\\\/amedis.es\\\/tienda\\\/#website\",\"url\":\"https:\\\/\\\/amedis.es\\\/tienda\\\/\",\"name\":\"Amedis\",\"description\":\"Suministros M\u00e9dicos y Dentales\",\"publisher\":{\"@id\":\"https:\\\/\\\/amedis.es\\\/tienda\\\/#organization\"},\"potentialAction\":[{\"@type\":\"SearchAction\",\"target\":{\"@type\":\"EntryPoint\",\"urlTemplate\":\"https:\\\/\\\/amedis.es\\\/tienda\\\/?s={search_term_string}\"},\"query-input\":{\"@type\":\"PropertyValueSpecification\",\"valueRequired\":true,\"valueName\":\"search_term_string\"}}],\"inLanguage\":\"es\"},{\"@type\":\"Organization\",\"@id\":\"https:\\\/\\\/amedis.es\\\/tienda\\\/#organization\",\"name\":\"Amedis | Suministros M\u00e9dicos y Dentales\",\"url\":\"https:\\\/\\\/amedis.es\\\/tienda\\\/\",\"logo\":{\"@type\":\"ImageObject\",\"inLanguage\":\"es\",\"@id\":\"https:\\\/\\\/amedis.es\\\/tienda\\\/#\\\/schema\\\/logo\\\/image\\\/\",\"url\":\"https:\\\/\\\/amedis.es\\\/tienda\\\/wp-content\\\/uploads\\\/2020\\\/05\\\/logo-1.png\",\"contentUrl\":\"https:\\\/\\\/amedis.es\\\/tienda\\\/wp-content\\\/uploads\\\/2020\\\/05\\\/logo-1.png\",\"width\":191,\"height\":80,\"caption\":\"Amedis | Suministros M\u00e9dicos y Dentales\"},\"image\":{\"@id\":\"https:\\\/\\\/amedis.es\\\/tienda\\\/#\\\/schema\\\/logo\\\/image\\\/\"}}]}<\/script>\n<!-- \/ Yoast SEO plugin. -->","yoast_head_json":{"title":"Amedis | PULVERIZADOR PARA L\u00cdQUIDOS DESINFECTANTES | Durr","description":"Pulverizador para l\u00edquidos desinfectantes. Para aplicar los desinfectantes FD 320, 322 y 333, no incluye l\u00edquidos desinfectantes.","robots":{"index":"index","follow":"follow","max-snippet":"max-snippet:-1","max-image-preview":"max-image-preview:large","max-video-preview":"max-video-preview:-1"},"canonical":"https:\/\/amedis.es\/tienda\/producto\/pulverizador-para-liquidos-desinfectantes\/","og_locale":"es_ES","og_type":"article","og_title":"Amedis | PULVERIZADOR PARA L\u00cdQUIDOS DESINFECTANTES | Durr","og_description":"Pulverizador para l\u00edquidos desinfectantes. Para aplicar los desinfectantes FD 320, 322 y 333, no incluye l\u00edquidos desinfectantes.","og_url":"https:\/\/amedis.es\/tienda\/producto\/pulverizador-para-liquidos-desinfectantes\/","og_site_name":"Amedis","article_modified_time":"2026-01-04T17:33:33+00:00","og_image":[{"width":600,"height":600,"url":"https:\/\/amedis.es\/tienda\/wp-content\/uploads\/2020\/10\/pulverizador-para-liquidos-durr.jpg","type":"image\/jpeg"}],"twitter_card":"summary_large_image","twitter_misc":{"Tiempo de lectura":"1 minuto"},"schema":{"@context":"https:\/\/schema.org","@graph":[{"@type":"WebPage","@id":"https:\/\/amedis.es\/tienda\/producto\/pulverizador-para-liquidos-desinfectantes\/","url":"https:\/\/amedis.es\/tienda\/producto\/pulverizador-para-liquidos-desinfectantes\/","name":"Amedis | PULVERIZADOR PARA L\u00cdQUIDOS DESINFECTANTES | Durr","isPartOf":{"@id":"https:\/\/amedis.es\/tienda\/#website"},"primaryImageOfPage":{"@id":"https:\/\/amedis.es\/tienda\/producto\/pulverizador-para-liquidos-desinfectantes\/#primaryimage"},"image":{"@id":"https:\/\/amedis.es\/tienda\/producto\/pulverizador-para-liquidos-desinfectantes\/#primaryimage"},"thumbnailUrl":"https:\/\/amedis.es\/tienda\/wp-content\/uploads\/2020\/10\/pulverizador-para-liquidos-durr.jpg","datePublished":"2021-09-04T16:07:37+00:00","dateModified":"2026-01-04T17:33:33+00:00","description":"Pulverizador para l\u00edquidos desinfectantes. Para aplicar los desinfectantes FD 320, 322 y 333, no incluye l\u00edquidos desinfectantes.","breadcrumb":{"@id":"https:\/\/amedis.es\/tienda\/producto\/pulverizador-para-liquidos-desinfectantes\/#breadcrumb"},"inLanguage":"es","potentialAction":[{"@type":"ReadAction","target":["https:\/\/amedis.es\/tienda\/producto\/pulverizador-para-liquidos-desinfectantes\/"]}]},{"@type":"ImageObject","inLanguage":"es","@id":"https:\/\/amedis.es\/tienda\/producto\/pulverizador-para-liquidos-desinfectantes\/#primaryimage","url":"https:\/\/amedis.es\/tienda\/wp-content\/uploads\/2020\/10\/pulverizador-para-liquidos-durr.jpg","contentUrl":"https:\/\/amedis.es\/tienda\/wp-content\/uploads\/2020\/10\/pulverizador-para-liquidos-durr.jpg","width":600,"height":600,"caption":"Amedis pulverizador para liquidos durr"},{"@type":"BreadcrumbList","@id":"https:\/\/amedis.es\/tienda\/producto\/pulverizador-para-liquidos-desinfectantes\/#breadcrumb","itemListElement":[{"@type":"ListItem","position":1,"name":"Portada","item":"https:\/\/amedis.es\/tienda\/"},{"@type":"ListItem","position":2,"name":"Amedis | Suministros M\u00e9dicos y Dentales | Tienda","item":"https:\/\/amedis.es\/tienda\/suministros-medicos-y-dentales\/"},{"@type":"ListItem","position":3,"name":"PULVERIZADOR PARA L\u00cdQUIDOS DESINFECTANTES"}]},{"@type":"WebSite","@id":"https:\/\/amedis.es\/tienda\/#website","url":"https:\/\/amedis.es\/tienda\/","name":"Amedis","description":"Suministros M\u00e9dicos y Dentales","publisher":{"@id":"https:\/\/amedis.es\/tienda\/#organization"},"potentialAction":[{"@type":"SearchAction","target":{"@type":"EntryPoint","urlTemplate":"https:\/\/amedis.es\/tienda\/?s={search_term_string}"},"query-input":{"@type":"PropertyValueSpecification","valueRequired":true,"valueName":"search_term_string"}}],"inLanguage":"es"},{"@type":"Organization","@id":"https:\/\/amedis.es\/tienda\/#organization","name":"Amedis | Suministros M\u00e9dicos y Dentales","url":"https:\/\/amedis.es\/tienda\/","logo":{"@type":"ImageObject","inLanguage":"es","@id":"https:\/\/amedis.es\/tienda\/#\/schema\/logo\/image\/","url":"https:\/\/amedis.es\/tienda\/wp-content\/uploads\/2020\/05\/logo-1.png","contentUrl":"https:\/\/amedis.es\/tienda\/wp-content\/uploads\/2020\/05\/logo-1.png","width":191,"height":80,"caption":"Amedis | Suministros M\u00e9dicos y Dentales"},"image":{"@id":"https:\/\/amedis.es\/tienda\/#\/schema\/logo\/image\/"}}]}},"brands":[{"id":2410,"name":"DURR","slug":"durr"}],"_links":{"self":[{"href":"https:\/\/amedis.es\/tienda\/wp-json\/wp\/v2\/product\/12772","targetHints":{"allow":["GET"]}}],"collection":[{"href":"https:\/\/amedis.es\/tienda\/wp-json\/wp\/v2\/product"}],"about":[{"href":"https:\/\/amedis.es\/tienda\/wp-json\/wp\/v2\/types\/product"}],"wp:featuredmedia":[{"embeddable":true,"href":"https:\/\/amedis.es\/tienda\/wp-json\/wp\/v2\/media\/2315"}],"wp:attachment":[{"href":"https:\/\/amedis.es\/tienda\/wp-json\/wp\/v2\/media?parent=12772"}],"wp:term":[{"taxonomy":"pwb-brand","embeddable":true,"href":"https:\/\/amedis.es\/tienda\/wp-json\/wp\/v2\/pwb-brand?post=12772"},{"taxonomy":"product_brand","embeddable":true,"href":"https:\/\/amedis.es\/tienda\/wp-json\/wp\/v2\/product_brand?post=12772"},{"taxonomy":"product_cat","embeddable":true,"href":"https:\/\/amedis.es\/tienda\/wp-json\/wp\/v2\/product_cat?post=12772"},{"taxonomy":"product_tag","embeddable":true,"href":"https:\/\/amedis.es\/tienda\/wp-json\/wp\/v2\/product_tag?post=12772"}],"curies":[{"name":"wp","href":"https:\/\/api.w.org\/{rel}","templated":true}]}}