{"id":11104,"date":"2021-08-10T21:26:22","date_gmt":"2021-08-10T21:26:22","guid":{"rendered":"https:\/\/amedis.es\/tienda\/?post_type=product&#038;p=11104"},"modified":"2024-07-30T09:53:36","modified_gmt":"2024-07-30T09:53:36","slug":"g-aenial-universal-injectable","status":"publish","type":"product","link":"https:\/\/amedis.es\/tienda\/producto\/g-aenial-universal-injectable\/","title":{"rendered":"G-AENIAL UNIVERSAL INJECTABLE"},"content":{"rendered":"<p>G-aenial universal. Composite restaurador de alta resistencia. Excepcional resistencia a la fractura y a la abrasi\u00f3n gracias a la combinaci\u00f3n de part\u00edculas ultra finas de Bario y a la tecnolog\u00eda de GC de recubrimiento con Silano (FSC). Para cualquier cavidad sin limitaci\u00f3n de tama\u00f1o. Tan fuerte que no necesita ser recubierto por otro composite. Viscosidad tixotr\u00f3pica \u00fanica \u00f3ptimo para reconstruir c\u00faspides. Reduce el tiempo de acabado ya que crea la anatom\u00eda durante el modelado. Nuevo dise\u00f1o de jeringa para extruir con facilidad. \u00d3ptima viscosidad que permite separar f\u00e1cilmente el material de la punta dispensadora. Nuevas boquillas mas largas que permiten ser flexionadas para su aplicaci\u00f3n en las cavidades posteriores de m\u00e1s dif\u00edcil acceso.<\/p>\n<p>ENVASE: 1 jeringa de 1 ml. (1,7 gr.) + 10 puntas.<\/p>\n","protected":false},"excerpt":{"rendered":"<p>GC<\/p>\n","protected":false},"featured_media":11105,"template":"","meta":[],"pwb-brand":[2351],"product_brand":[],"product_cat":[27,272,262],"product_tag":[],"class_list":{"0":"post-11104","1":"product","2":"type-product","3":"status-publish","4":"has-post-thumbnail","6":"pwb-brand-gc","7":"product_cat-clinica","8":"product_cat-composites-universales","9":"product_cat-restauracion","11":"first","12":"instock","13":"sale","14":"taxable","15":"shipping-taxable","16":"purchasable","17":"product-type-variable"},"yoast_head":"<!-- This site is optimized with the Yoast SEO plugin v27.4 - https:\/\/yoast.com\/product\/yoast-seo-wordpress\/ -->\n<title>G-AENIAL UNIVERSAL INJECTABLE | Amedis | GC<\/title>\n<meta name=\"description\" content=\"G-aenial universal. Composite restaurador de alta resistencia. Excepcional resistencia a la fractura y a la abrasi\u00f3n\" \/>\n<meta name=\"robots\" content=\"index, follow, max-snippet:-1, max-image-preview:large, max-video-preview:-1\" \/>\n<link rel=\"canonical\" href=\"https:\/\/amedis.es\/tienda\/?product=g-aenial-universal-injectable\" \/>\n<meta property=\"og:locale\" content=\"es_ES\" \/>\n<meta property=\"og:type\" content=\"article\" \/>\n<meta property=\"og:title\" content=\"G-AENIAL UNIVERSAL INJECTABLE | Amedis | GC\" \/>\n<meta property=\"og:description\" content=\"G-aenial universal. Composite restaurador de alta resistencia. Excepcional resistencia a la fractura y a la abrasi\u00f3n\" \/>\n<meta property=\"og:url\" content=\"https:\/\/amedis.es\/tienda\/?product=g-aenial-universal-injectable\" \/>\n<meta property=\"og:site_name\" content=\"Amedis\" \/>\n<meta property=\"article:modified_time\" content=\"2024-07-30T09:53:36+00:00\" \/>\n<meta property=\"og:image\" content=\"https:\/\/amedis.es\/tienda\/wp-content\/uploads\/2021\/08\/G-AENIAL-UNIVERSAL-INJECTABLE.jpg\" \/>\n\t<meta property=\"og:image:width\" content=\"600\" \/>\n\t<meta property=\"og:image:height\" content=\"600\" \/>\n\t<meta property=\"og:image:type\" content=\"image\/jpeg\" \/>\n<meta name=\"twitter:card\" content=\"summary_large_image\" \/>\n<meta name=\"twitter:label1\" content=\"Tiempo de lectura\" \/>\n\t<meta name=\"twitter:data1\" content=\"1 minuto\" \/>\n<script type=\"application\/ld+json\" class=\"yoast-schema-graph\">{\"@context\":\"https:\\\/\\\/schema.org\",\"@graph\":[{\"@type\":\"WebPage\",\"@id\":\"https:\\\/\\\/amedis.es\\\/tienda\\\/?product=g-aenial-universal-injectable\",\"url\":\"https:\\\/\\\/amedis.es\\\/tienda\\\/?product=g-aenial-universal-injectable\",\"name\":\"G-AENIAL UNIVERSAL INJECTABLE | Amedis | GC\",\"isPartOf\":{\"@id\":\"https:\\\/\\\/amedis.es\\\/tienda\\\/#website\"},\"primaryImageOfPage\":{\"@id\":\"https:\\\/\\\/amedis.es\\\/tienda\\\/?product=g-aenial-universal-injectable#primaryimage\"},\"image\":{\"@id\":\"https:\\\/\\\/amedis.es\\\/tienda\\\/?product=g-aenial-universal-injectable#primaryimage\"},\"thumbnailUrl\":\"https:\\\/\\\/amedis.es\\\/tienda\\\/wp-content\\\/uploads\\\/2021\\\/08\\\/G-AENIAL-UNIVERSAL-INJECTABLE.jpg\",\"datePublished\":\"2021-08-10T21:26:22+00:00\",\"dateModified\":\"2024-07-30T09:53:36+00:00\",\"description\":\"G-aenial universal. Composite restaurador de alta resistencia. Excepcional resistencia a la fractura y a la abrasi\u00f3n\",\"breadcrumb\":{\"@id\":\"https:\\\/\\\/amedis.es\\\/tienda\\\/?product=g-aenial-universal-injectable#breadcrumb\"},\"inLanguage\":\"es\",\"potentialAction\":[{\"@type\":\"ReadAction\",\"target\":[\"https:\\\/\\\/amedis.es\\\/tienda\\\/?product=g-aenial-universal-injectable\"]}]},{\"@type\":\"ImageObject\",\"inLanguage\":\"es\",\"@id\":\"https:\\\/\\\/amedis.es\\\/tienda\\\/?product=g-aenial-universal-injectable#primaryimage\",\"url\":\"https:\\\/\\\/amedis.es\\\/tienda\\\/wp-content\\\/uploads\\\/2021\\\/08\\\/G-AENIAL-UNIVERSAL-INJECTABLE.jpg\",\"contentUrl\":\"https:\\\/\\\/amedis.es\\\/tienda\\\/wp-content\\\/uploads\\\/2021\\\/08\\\/G-AENIAL-UNIVERSAL-INJECTABLE.jpg\",\"width\":600,\"height\":600,\"caption\":\"Amedis G-AENIAL UNIVERSAL INJECTABLE\"},{\"@type\":\"BreadcrumbList\",\"@id\":\"https:\\\/\\\/amedis.es\\\/tienda\\\/?product=g-aenial-universal-injectable#breadcrumb\",\"itemListElement\":[{\"@type\":\"ListItem\",\"position\":1,\"name\":\"Portada\",\"item\":\"https:\\\/\\\/amedis.es\\\/tienda\\\/\"},{\"@type\":\"ListItem\",\"position\":2,\"name\":\"Amedis | Suministros M\u00e9dicos y Dentales | Tienda\",\"item\":\"https:\\\/\\\/amedis.es\\\/tienda\\\/suministros-medicos-y-dentales\\\/\"},{\"@type\":\"ListItem\",\"position\":3,\"name\":\"G-AENIAL UNIVERSAL INJECTABLE\"}]},{\"@type\":\"WebSite\",\"@id\":\"https:\\\/\\\/amedis.es\\\/tienda\\\/#website\",\"url\":\"https:\\\/\\\/amedis.es\\\/tienda\\\/\",\"name\":\"Amedis\",\"description\":\"Suministros M\u00e9dicos y Dentales\",\"publisher\":{\"@id\":\"https:\\\/\\\/amedis.es\\\/tienda\\\/#organization\"},\"potentialAction\":[{\"@type\":\"SearchAction\",\"target\":{\"@type\":\"EntryPoint\",\"urlTemplate\":\"https:\\\/\\\/amedis.es\\\/tienda\\\/?s={search_term_string}\"},\"query-input\":{\"@type\":\"PropertyValueSpecification\",\"valueRequired\":true,\"valueName\":\"search_term_string\"}}],\"inLanguage\":\"es\"},{\"@type\":\"Organization\",\"@id\":\"https:\\\/\\\/amedis.es\\\/tienda\\\/#organization\",\"name\":\"Amedis | Suministros M\u00e9dicos y Dentales\",\"url\":\"https:\\\/\\\/amedis.es\\\/tienda\\\/\",\"logo\":{\"@type\":\"ImageObject\",\"inLanguage\":\"es\",\"@id\":\"https:\\\/\\\/amedis.es\\\/tienda\\\/#\\\/schema\\\/logo\\\/image\\\/\",\"url\":\"https:\\\/\\\/amedis.es\\\/tienda\\\/wp-content\\\/uploads\\\/2020\\\/05\\\/logo-1.png\",\"contentUrl\":\"https:\\\/\\\/amedis.es\\\/tienda\\\/wp-content\\\/uploads\\\/2020\\\/05\\\/logo-1.png\",\"width\":191,\"height\":80,\"caption\":\"Amedis | Suministros M\u00e9dicos y Dentales\"},\"image\":{\"@id\":\"https:\\\/\\\/amedis.es\\\/tienda\\\/#\\\/schema\\\/logo\\\/image\\\/\"}}]}<\/script>\n<!-- \/ Yoast SEO plugin. -->","yoast_head_json":{"title":"G-AENIAL UNIVERSAL INJECTABLE | Amedis | GC","description":"G-aenial universal. Composite restaurador de alta resistencia. Excepcional resistencia a la fractura y a la abrasi\u00f3n","robots":{"index":"index","follow":"follow","max-snippet":"max-snippet:-1","max-image-preview":"max-image-preview:large","max-video-preview":"max-video-preview:-1"},"canonical":"https:\/\/amedis.es\/tienda\/?product=g-aenial-universal-injectable","og_locale":"es_ES","og_type":"article","og_title":"G-AENIAL UNIVERSAL INJECTABLE | Amedis | GC","og_description":"G-aenial universal. Composite restaurador de alta resistencia. Excepcional resistencia a la fractura y a la abrasi\u00f3n","og_url":"https:\/\/amedis.es\/tienda\/?product=g-aenial-universal-injectable","og_site_name":"Amedis","article_modified_time":"2024-07-30T09:53:36+00:00","og_image":[{"width":600,"height":600,"url":"https:\/\/amedis.es\/tienda\/wp-content\/uploads\/2021\/08\/G-AENIAL-UNIVERSAL-INJECTABLE.jpg","type":"image\/jpeg"}],"twitter_card":"summary_large_image","twitter_misc":{"Tiempo de lectura":"1 minuto"},"schema":{"@context":"https:\/\/schema.org","@graph":[{"@type":"WebPage","@id":"https:\/\/amedis.es\/tienda\/?product=g-aenial-universal-injectable","url":"https:\/\/amedis.es\/tienda\/?product=g-aenial-universal-injectable","name":"G-AENIAL UNIVERSAL INJECTABLE | Amedis | GC","isPartOf":{"@id":"https:\/\/amedis.es\/tienda\/#website"},"primaryImageOfPage":{"@id":"https:\/\/amedis.es\/tienda\/?product=g-aenial-universal-injectable#primaryimage"},"image":{"@id":"https:\/\/amedis.es\/tienda\/?product=g-aenial-universal-injectable#primaryimage"},"thumbnailUrl":"https:\/\/amedis.es\/tienda\/wp-content\/uploads\/2021\/08\/G-AENIAL-UNIVERSAL-INJECTABLE.jpg","datePublished":"2021-08-10T21:26:22+00:00","dateModified":"2024-07-30T09:53:36+00:00","description":"G-aenial universal. Composite restaurador de alta resistencia. Excepcional resistencia a la fractura y a la abrasi\u00f3n","breadcrumb":{"@id":"https:\/\/amedis.es\/tienda\/?product=g-aenial-universal-injectable#breadcrumb"},"inLanguage":"es","potentialAction":[{"@type":"ReadAction","target":["https:\/\/amedis.es\/tienda\/?product=g-aenial-universal-injectable"]}]},{"@type":"ImageObject","inLanguage":"es","@id":"https:\/\/amedis.es\/tienda\/?product=g-aenial-universal-injectable#primaryimage","url":"https:\/\/amedis.es\/tienda\/wp-content\/uploads\/2021\/08\/G-AENIAL-UNIVERSAL-INJECTABLE.jpg","contentUrl":"https:\/\/amedis.es\/tienda\/wp-content\/uploads\/2021\/08\/G-AENIAL-UNIVERSAL-INJECTABLE.jpg","width":600,"height":600,"caption":"Amedis G-AENIAL UNIVERSAL INJECTABLE"},{"@type":"BreadcrumbList","@id":"https:\/\/amedis.es\/tienda\/?product=g-aenial-universal-injectable#breadcrumb","itemListElement":[{"@type":"ListItem","position":1,"name":"Portada","item":"https:\/\/amedis.es\/tienda\/"},{"@type":"ListItem","position":2,"name":"Amedis | Suministros M\u00e9dicos y Dentales | Tienda","item":"https:\/\/amedis.es\/tienda\/suministros-medicos-y-dentales\/"},{"@type":"ListItem","position":3,"name":"G-AENIAL UNIVERSAL INJECTABLE"}]},{"@type":"WebSite","@id":"https:\/\/amedis.es\/tienda\/#website","url":"https:\/\/amedis.es\/tienda\/","name":"Amedis","description":"Suministros M\u00e9dicos y Dentales","publisher":{"@id":"https:\/\/amedis.es\/tienda\/#organization"},"potentialAction":[{"@type":"SearchAction","target":{"@type":"EntryPoint","urlTemplate":"https:\/\/amedis.es\/tienda\/?s={search_term_string}"},"query-input":{"@type":"PropertyValueSpecification","valueRequired":true,"valueName":"search_term_string"}}],"inLanguage":"es"},{"@type":"Organization","@id":"https:\/\/amedis.es\/tienda\/#organization","name":"Amedis | Suministros M\u00e9dicos y Dentales","url":"https:\/\/amedis.es\/tienda\/","logo":{"@type":"ImageObject","inLanguage":"es","@id":"https:\/\/amedis.es\/tienda\/#\/schema\/logo\/image\/","url":"https:\/\/amedis.es\/tienda\/wp-content\/uploads\/2020\/05\/logo-1.png","contentUrl":"https:\/\/amedis.es\/tienda\/wp-content\/uploads\/2020\/05\/logo-1.png","width":191,"height":80,"caption":"Amedis | Suministros M\u00e9dicos y Dentales"},"image":{"@id":"https:\/\/amedis.es\/tienda\/#\/schema\/logo\/image\/"}}]}},"brands":[{"id":2351,"name":"GC","slug":"gc"}],"_links":{"self":[{"href":"https:\/\/amedis.es\/tienda\/wp-json\/wp\/v2\/product\/11104","targetHints":{"allow":["GET"]}}],"collection":[{"href":"https:\/\/amedis.es\/tienda\/wp-json\/wp\/v2\/product"}],"about":[{"href":"https:\/\/amedis.es\/tienda\/wp-json\/wp\/v2\/types\/product"}],"wp:featuredmedia":[{"embeddable":true,"href":"https:\/\/amedis.es\/tienda\/wp-json\/wp\/v2\/media\/11105"}],"wp:attachment":[{"href":"https:\/\/amedis.es\/tienda\/wp-json\/wp\/v2\/media?parent=11104"}],"wp:term":[{"taxonomy":"pwb-brand","embeddable":true,"href":"https:\/\/amedis.es\/tienda\/wp-json\/wp\/v2\/pwb-brand?post=11104"},{"taxonomy":"product_brand","embeddable":true,"href":"https:\/\/amedis.es\/tienda\/wp-json\/wp\/v2\/product_brand?post=11104"},{"taxonomy":"product_cat","embeddable":true,"href":"https:\/\/amedis.es\/tienda\/wp-json\/wp\/v2\/product_cat?post=11104"},{"taxonomy":"product_tag","embeddable":true,"href":"https:\/\/amedis.es\/tienda\/wp-json\/wp\/v2\/product_tag?post=11104"}],"curies":[{"name":"wp","href":"https:\/\/api.w.org\/{rel}","templated":true}]}}